{"id":272,"date":"2013-01-25T18:10:39","date_gmt":"2013-01-25T17:10:39","guid":{"rendered":"https:\/\/www.upo.es\/gepdo\/public\/?page_id=272"},"modified":"2018-03-19T12:30:24","modified_gmt":"2018-03-19T11:30:24","slug":"monica-dominguez-serrano","status":"publish","type":"page","link":"https:\/\/www.upo.es\/gepdo\/quienes-somos\/monica-dominguez-serrano\/","title":{"rendered":"M\u00f3nica Dom\u00ednguez Serrano"},"content":{"rendered":"<div id=\"attachment_386\" style=\"width: 110px\" class=\"wp-caption alignleft\"><a href=\"https:\/\/www.upo.es\/gepdo\/wp-content\/uploads\/2013\/01\/Monica_Dominguez.jpg\"><img aria-describedby=\"caption-attachment-386\" decoding=\"async\" loading=\"lazy\" class=\"size-full wp-image-386 \" src=\"https:\/\/www.upo.es\/gepdo\/wp-content\/uploads\/2013\/01\/Monica_Dominguez.jpg\" alt=\"M\u00d3NICA DOM\u00cdNGUEZ SERRANO\" width=\"100\" height=\"100\" \/><\/a><p id=\"caption-attachment-386\" class=\"wp-caption-text\"><b><a href=\"https:\/\/www.upo.es\/economia\/metodos\/monica-dominguez-serrano-es_es\/\">Web<\/a><\/b><\/p><\/div>\n<p><!--\n@page { margin: 2cm }\n\t\tP { margin-bottom: 0.21cm; direction: ltr; color: #000000; widows: 2; orphans: 2 }\n--><\/p>\n<p align=\"JUSTIFY\">M\u00f3nica Dom\u00ednguez Serrano es Profesora Titular de Universidad en el \u00c1rea de M\u00e9todos Cuantitativos en el Departamento de Econom\u00eda, M\u00e9todos Cuantitativos e Historia Econ\u00f3mica de la Universidad Pablo de Olavide (Sevilla).\u00a0Es Doctora en Econom\u00eda y Empresa. A su experiencia profesional como docente e investigadora hay que sumar la adquirida durante los dos a\u00f1os que trabaj\u00f3\u00a0en el<em>\u00a0Instituto de Estudios Sociales de Andaluc\u00eda<\/em>.<\/p>\n<p align=\"JUSTIFY\">El an\u00e1lisis de la desigualdad de g\u00e9nero ha constituido el hilo central de su investigaci\u00f3n, con un marcado car\u00e1cter cuantitativo (estad\u00edsticas de g\u00e9nero, indicadores sint\u00e9ticos), especialmente en lo relativo a mercados de trabajo y trabajo no remunerado, usos del tiempo y an\u00e1lisis del bienestar en diferentes estratos de poblaci\u00f3n (infancia) como en distintos contextos geogr\u00e1ficos (Europa, \u00c1frica: seguridad alimentaria). En esta \u00faltima l\u00ednea obtuvo varios premios con su\u00a0tesis doctoral \u201cG\u00e9nero y Bienestar: una propuesta de medici\u00f3n\u201d.<\/p>\n<p align=\"JUSTIFY\">Ha participado en equipos de investigaci\u00f3n nacionales e internacionales, ha presentado comunicaciones y ponencias en congresos internacionales, y cuenta con numerosas publicaciones (revistas indexadas, cap\u00edtulos de libro, informes). Es evaluadora de\u00a0varias revistas indexadas JCR. Ha sido miembro de la\u00a0red europea Gender and Well-being: Work, Family and Public Policies y actualmente forma parte de\u00a0la Asociaci\u00f3n Internacional de Econom\u00eda Feminista (IAFFE), la Asociaci\u00f3n Internacional de Desarrollo Econ\u00f3mico y Capacidades (HDCA) y la Asociaci\u00f3n Internacional de Econom\u00eda Aplicada (ASEPELT).<\/p>\n<p align=\"JUSTIFY\">Ha sido una de las creadoras del M\u00e1ster Universitario G\u00e9nero e Igualdad de la UPO, donde fue responsable de Calidad y actualmente es Coordinadora desde su segundo a\u00f1o de implantaci\u00f3n.<\/p>\n<p><a href=\"https:\/\/www.researchgate.net\/profile\/Monica_Dominguez-Serrano\/contributions\">\u00a0<\/a><\/p>\n<p>&nbsp;<\/p>\n<address>\u00a0<\/address>\n<h3><\/h3>\n<h3><\/h3>\n<p>&nbsp;<\/p>\n<p>&nbsp;<\/p>\n","protected":false},"excerpt":{"rendered":"<p>M\u00f3nica Dom\u00ednguez Serrano es Profesora Titular de Universidad en el \u00c1rea de M\u00e9todos Cuantitativos en el Departamento de Econom\u00eda, M\u00e9todos Cuantitativos e Historia Econ\u00f3mica de la Universidad Pablo de Olavide (Sevilla).\u00a0Es Doctora en Econom\u00eda y Empresa. A su experiencia profesional como docente e investigadora hay que sumar la adquirida durante los dos a\u00f1os que trabaj\u00f3\u00a0en&hellip;<\/p>\n","protected":false},"author":1,"featured_media":0,"parent":227,"menu_order":5,"comment_status":"closed","ping_status":"closed","template":"template-onecolumn.php","meta":[],"_links":{"self":[{"href":"https:\/\/www.upo.es\/gepdo\/wp-json\/wp\/v2\/pages\/272"}],"collection":[{"href":"https:\/\/www.upo.es\/gepdo\/wp-json\/wp\/v2\/pages"}],"about":[{"href":"https:\/\/www.upo.es\/gepdo\/wp-json\/wp\/v2\/types\/page"}],"author":[{"embeddable":true,"href":"https:\/\/www.upo.es\/gepdo\/wp-json\/wp\/v2\/users\/1"}],"replies":[{"embeddable":true,"href":"https:\/\/www.upo.es\/gepdo\/wp-json\/wp\/v2\/comments?post=272"}],"version-history":[{"count":12,"href":"https:\/\/www.upo.es\/gepdo\/wp-json\/wp\/v2\/pages\/272\/revisions"}],"predecessor-version":[{"id":2165,"href":"https:\/\/www.upo.es\/gepdo\/wp-json\/wp\/v2\/pages\/272\/revisions\/2165"}],"up":[{"embeddable":true,"href":"https:\/\/www.upo.es\/gepdo\/wp-json\/wp\/v2\/pages\/227"}],"wp:attachment":[{"href":"https:\/\/www.upo.es\/gepdo\/wp-json\/wp\/v2\/media?parent=272"}],"curies":[{"name":"wp","href":"https:\/\/api.w.org\/{rel}","templated":true}]}}