{"id":907,"date":"2013-03-05T11:41:20","date_gmt":"2013-03-05T10:41:20","guid":{"rendered":"https:\/\/www.upo.es\/gepdo\/?page_id=907"},"modified":"2018-02-12T17:03:44","modified_gmt":"2018-02-12T16:03:44","slug":"formacion-a-la-carta","status":"publish","type":"page","link":"https:\/\/www.upo.es\/gepdo\/que-hacemos-2\/formacion\/formacion-a-la-carta\/","title":{"rendered":""},"content":{"rendered":"<p><span style=\"text-decoration: underline\"><span style=\"color: #333333;text-decoration: underline\">FORMACI\u00d3N A LA CARTA<\/span><\/span><\/p>\n<p>La formaci\u00f3n constituye un eje fundamental en la actividad de este grupo. En este campo, dise\u00f1a y lleva a cabo diferentes tipos de cursos seg\u00fan demanda de las instituciones p\u00fablicas y las organizaciones sociales. Las \u00e1reas espec\u00edficas de formaci\u00f3n son<strong>\u00a0econom\u00eda feminista, igualdad de g\u00e9nero y feminismos, ecofeminismos, planificaci\u00f3n y evaluaci\u00f3n de pol\u00edticas y programas, indicadores de g\u00e9nero<\/strong>, entre muchas otras. En este campo, se cuenta con experiencia en el dise\u00f1o y desarrollo tanto de cursos presenciales como de cursos semi-presenciales y <em>on-line<\/em> siempre atendiendo a las caracter\u00edsticas espec\u00edficas y las necesidades formativas del alumnado.<\/p>\n<h3 style=\"text-align: center\"><strong><span style=\"color: #339966\">&gt;&gt;<\/span> AQU\u00cd PUEDES CONSULTAR EL\u00a0<span style=\"text-decoration: underline\"><a href=\"https:\/\/www.upo.es\/gepdo\/wp-content\/uploads\/2018\/02\/DOSSIER-TALLERES-GEPDO_febrero20182.pdf\">DOSSIER TALLERES-GEPDO<\/a><\/span>\u00a0(Actualizado febrero 2018)\u00a0<span style=\"color: #339966\">&lt;&lt;<\/span><\/strong><\/h3>\n<p>&nbsp;<\/p>\n<ul>\n<li><span style=\"color: #339966\">Taller 1: \u00abINTRODUCCI\u00d3N A LA ECONOM\u00cdA FEMINISTA\u00bb<img decoding=\"async\" loading=\"lazy\" class=\"alignright wp-image-2110\" src=\"https:\/\/www.upo.es\/gepdo\/wp-content\/uploads\/2018\/02\/16864732_1845263962426338_4866849932238519838_n-300x168.jpg\" alt=\"16864732_1845263962426338_4866849932238519838_n\" width=\"255\" height=\"143\" srcset=\"https:\/\/www.upo.es\/gepdo\/wp-content\/uploads\/2018\/02\/16864732_1845263962426338_4866849932238519838_n-300x168.jpg 300w, https:\/\/www.upo.es\/gepdo\/wp-content\/uploads\/2018\/02\/16864732_1845263962426338_4866849932238519838_n-250x140.jpg 250w, https:\/\/www.upo.es\/gepdo\/wp-content\/uploads\/2018\/02\/16864732_1845263962426338_4866849932238519838_n-150x84.jpg 150w, https:\/\/www.upo.es\/gepdo\/wp-content\/uploads\/2018\/02\/16864732_1845263962426338_4866849932238519838_n.jpg 960w\" sizes=\"(max-width: 255px) 100vw, 255px\" \/> <\/span><\/li>\n<li><span style=\"color: #339966\">Taller 2: \u00abLA ECONOM\u00cdA DE LOS CUIDADOS\u00bb\u00a0<\/span><\/li>\n<li><span style=\"color: #339966\"> Taller 3: \u00abECONOM\u00cdA FEMINISTA Y ESTRATEGIAS DE SUPERVIVENCIA COTIDIANA FRENTE A LA M\u00cdSTICA NEOLIBERAL\u00bb<\/span><\/li>\n<li><span style=\"color: #339966\">Taller 4: \u00abURBANISMO CON PERSPECTIVA DE G\u00c9NERO\u00bb<\/span><\/li>\n<li><span style=\"color: #339966\">Taller 5:\u00a0 \u00ab\u00bfD\u00d3NDE EST\u00c1 MI TIEMPO?: CIUDAD NEOLIBERAL vs. CUIDADAN\u00cdA\u00bb\u00a0<\/span><\/li>\n<li><span style=\"color: #339966\"> Taller 6: \u201cG\u00c9NERO Y AGROECOLOG\u00cdA. PERSPECTIVA ECOFEMINISTA PARA OTRAS ECONOM\u00cdAS SOSTENIBLES\u201d <\/span><\/li>\n<li><span style=\"color: #339966\">Taller 7: \u201cRECUPERAR LOS V\u00cdNCULOS ENTRE LA ECOLOG\u00cdA Y EL FEMINISMO\u201d\u00a0<\/span><\/li>\n<li><span style=\"color: #339966\"> Taller 8: \u201cHACIA POL\u00cdTICAS P\u00daBLICAS M\u00c1S TRANSFORMADORAS: HERRAMIENTAS PARA INCORPORAR EL ENFOQUE DE G\u00c9NERO EN EL CICLO DE VIDA DE LAS POL\u00cdTICAS\u201d <\/span><\/li>\n<li><span style=\"color: #339966\">Taller 9: \u201cPLANIFICACI\u00d3N DE POL\u00cdTICAS P\u00daBLICAS CON PERSPECTIVA DE G\u00c9NERO: PASOS PARA PONER LA IGUALDAD DE G\u00c9NERO EN EL DISE\u00d1O DE LAS POL\u00cdTICAS P\u00daBLICAS\u201d <\/span><\/li>\n<li><span style=\"color: #339966\">Taller 10: \u201cLA PERSPECTIVA DE G\u00c9NERO EN LA EVALUACI\u00d3N DE POL\u00cdTICAS P\u00daBLICAS\u201d\u00a0<\/span><\/li>\n<li><span style=\"color: #339966\"> Taller 11: \u00abINCORPORACI\u00d3N DE LA PERSPECTIVA DE G\u00c9NERO EN LOS PROYECTOS DE COOPERACI\u00d3N AL DESARROLLO\u00bb<\/span><\/li>\n<li><span style=\"color: #339966\">Taller 12: \u00abG\u00c9NERO Y PARTICIPACI\u00d3N\u00bb<\/span><\/li>\n<li><span style=\"color: #339966\">Taller 13: \u00abUSO NO SEXISTA DEL LENGUAJE Y COMUNICACI\u00d3N INCLUSIVA\u00bb<\/span><\/li>\n<li><span style=\"color: #339966\"> Taller 14: \u00abVIOLENCIAS CONTRA LAS MUJERES Y COMUNICACI\u00d3N\u00bb<\/span><\/li>\n<li><span style=\"color: #339966\">Taller 15: \u00abINTRODUCCI\u00d3N AL AN\u00c1LISIS DE INDICADORES DE G\u00c9NERO\u00bb<\/span><\/li>\n<li><span style=\"color: #339966\"> Taller 16: \u00abAGENCIA INFANTIL Y BIENESTAR DE NI\u00d1AS Y NI\u00d1OS\u00bb<\/span><\/li>\n<\/ul>\n<p>** Tambi\u00e9n\u00a0ofrecemos la posibilidad de dise\u00f1ar talleres con otras tem\u00e1ticas espec\u00edficas, combinar varios temas o plantearlos en formato charla\/conferencia de menor duraci\u00f3n. Los talleres se pueden impartir desde un m\u00ednimo de 3 horas, o en charlas introductorias de 1 hora aproximadamente.<\/p>\n<h3 style=\"text-align: center\"><strong>CONTACTO:<\/strong><span style=\"color: #440080\">\u00a0<span style=\"text-decoration: underline\"><span style=\"text-decoration: underline\">ecoecofem@upo.es<\/span><\/span><\/span><\/h3>\n<p>&nbsp;<\/p>\n","protected":false},"excerpt":{"rendered":"<p>FORMACI\u00d3N A LA CARTA La formaci\u00f3n constituye un eje fundamental en la actividad de este grupo. En este campo, dise\u00f1a y lleva a cabo diferentes tipos de cursos seg\u00fan demanda de las instituciones p\u00fablicas y las organizaciones sociales. Las \u00e1reas espec\u00edficas de formaci\u00f3n son\u00a0econom\u00eda feminista, igualdad de g\u00e9nero y feminismos, ecofeminismos, planificaci\u00f3n y evaluaci\u00f3n de&hellip;<\/p>\n","protected":false},"author":1,"featured_media":1449,"parent":129,"menu_order":2,"comment_status":"closed","ping_status":"open","template":"template-onecolumn.php","meta":[],"_links":{"self":[{"href":"https:\/\/www.upo.es\/gepdo\/wp-json\/wp\/v2\/pages\/907"}],"collection":[{"href":"https:\/\/www.upo.es\/gepdo\/wp-json\/wp\/v2\/pages"}],"about":[{"href":"https:\/\/www.upo.es\/gepdo\/wp-json\/wp\/v2\/types\/page"}],"author":[{"embeddable":true,"href":"https:\/\/www.upo.es\/gepdo\/wp-json\/wp\/v2\/users\/1"}],"replies":[{"embeddable":true,"href":"https:\/\/www.upo.es\/gepdo\/wp-json\/wp\/v2\/comments?post=907"}],"version-history":[{"count":18,"href":"https:\/\/www.upo.es\/gepdo\/wp-json\/wp\/v2\/pages\/907\/revisions"}],"predecessor-version":[{"id":2111,"href":"https:\/\/www.upo.es\/gepdo\/wp-json\/wp\/v2\/pages\/907\/revisions\/2111"}],"up":[{"embeddable":true,"href":"https:\/\/www.upo.es\/gepdo\/wp-json\/wp\/v2\/pages\/129"}],"wp:featuredmedia":[{"embeddable":true,"href":"https:\/\/www.upo.es\/gepdo\/wp-json\/wp\/v2\/media\/1449"}],"wp:attachment":[{"href":"https:\/\/www.upo.es\/gepdo\/wp-json\/wp\/v2\/media?parent=907"}],"curies":[{"name":"wp","href":"https:\/\/api.w.org\/{rel}","templated":true}]}}