{"id":36,"date":"2025-01-21T08:50:48","date_gmt":"2025-01-21T07:50:48","guid":{"rendered":"https:\/\/www.upo.es\/historia-antigua\/?page_id=36"},"modified":"2025-11-11T10:40:09","modified_gmt":"2025-11-11T09:40:09","slug":"miembros","status":"publish","type":"page","link":"https:\/\/www.upo.es\/historia-antigua\/miembros\/","title":{"rendered":"Miembros"},"content":{"rendered":"\n<div class=\"wp-block-group has-global-padding is-layout-constrained wp-block-group-is-layout-constrained\">\n<div class=\"wp-block-columns is-layout-flex wp-container-core-columns-is-layout-28f84493 wp-block-columns-is-layout-flex\">\n<div class=\"wp-block-column is-vertically-aligned-bottom is-layout-flow wp-block-column-is-layout-flow\">\n<figure class=\"wp-block-image aligncenter size-full is-resized\"><img loading=\"lazy\" decoding=\"async\" width=\"420\" height=\"420\" src=\"https:\/\/www.upo.es\/historia-antigua\/wp-content\/uploads\/2025\/02\/Juan-Ballesteros.jpg\" alt=\"\" class=\"wp-image-187\" style=\"width:155px\" srcset=\"https:\/\/www.upo.es\/historia-antigua\/wp-content\/uploads\/2025\/02\/Juan-Ballesteros.jpg 420w, https:\/\/www.upo.es\/historia-antigua\/wp-content\/uploads\/2025\/02\/Juan-Ballesteros-300x300.jpg 300w, https:\/\/www.upo.es\/historia-antigua\/wp-content\/uploads\/2025\/02\/Juan-Ballesteros-150x150.jpg 150w\" sizes=\"auto, (max-width: 420px) 100vw, 420px\" \/><\/figure>\n\n\n\n<p class=\"has-text-align-center has-link-color wp-elements-c6043fba64a16b2fcb21e7d98f96c35d\" style=\"font-size:clamp(14px, 0.875rem + ((1vw - 3.2px) * 0.405), 20px);line-height:0.5\"><strong><a href=\"https:\/\/www.upo.es\/historia-antigua\/juan-ramon-ballesteros-sanchez#Nombre\" data-type=\"page\" data-id=\"244\" target=\"_blank\" rel=\"noreferrer noopener\">Juan Ram\u00f3n Ballesteros S\u00e1nchez<\/a><\/strong><\/p>\n\n\n\n<p class=\"has-text-align-center\" style=\"font-size:clamp(14px, 0.875rem + ((1vw - 3.2px) * 0.203), 17px);line-height:0.5\"><br>Profesor Asociado LOU<\/p>\n\n\n\n<p class=\"has-text-align-center wp-elements-e09ea545c948b6ebcf2eca990e0f85ff\" style=\"font-size:clamp(14px, 0.875rem + ((1vw - 3.2px) * 0.135), 16px);line-height:0.2\"><br><a href=\"mailto:jrbalsan@upo.es\" target=\"_blank\" rel=\"noreferrer noopener\">jrbalsan@upo.es<\/a><\/p>\n<\/div>\n\n\n\n<div class=\"wp-block-column is-vertically-aligned-bottom is-layout-flow wp-block-column-is-layout-flow\">\n<figure class=\"wp-block-image aligncenter size-full is-resized\"><img loading=\"lazy\" decoding=\"async\" width=\"504\" height=\"504\" src=\"https:\/\/www.upo.es\/historia-antigua\/wp-content\/uploads\/2025\/02\/Juanma-Copete.jpg\" alt=\"\" class=\"wp-image-350\" style=\"width:155px\" srcset=\"https:\/\/www.upo.es\/historia-antigua\/wp-content\/uploads\/2025\/02\/Juanma-Copete.jpg 504w, https:\/\/www.upo.es\/historia-antigua\/wp-content\/uploads\/2025\/02\/Juanma-Copete-300x300.jpg 300w, https:\/\/www.upo.es\/historia-antigua\/wp-content\/uploads\/2025\/02\/Juanma-Copete-150x150.jpg 150w\" sizes=\"auto, (max-width: 504px) 100vw, 504px\" \/><\/figure>\n\n\n\n<p class=\"has-text-align-center wp-elements-64677f67cbb2e911fbf95be481979b37\" style=\"font-size:clamp(14px, 0.875rem + ((1vw - 3.2px) * 0.405), 20px);line-height:0.5\"><strong><a href=\"https:\/\/www.upo.es\/historia-antigua\/juan-manuel-cortes-copete#Nombre\" data-type=\"page\" data-id=\"347\" target=\"_blank\" rel=\"noreferrer noopener\">Juan Manuel Cort\u00e9s Copete<\/a><\/strong><\/p>\n\n\n\n<p class=\"has-text-align-center\" style=\"font-size:clamp(14px, 0.875rem + ((1vw - 3.2px) * 0.203), 17px);line-height:0.5\">Catedr\u00e1tico de Universidad<\/p>\n\n\n\n<p class=\"has-text-align-center wp-elements-2709d45194d2ea62e5aa7ae398018c1b\" style=\"font-size:clamp(14px, 0.875rem + ((1vw - 3.2px) * 0.135), 16px);line-height:0.5\"><a href=\"mailto:jmcorcop@upo.es\">jmcorcop@upo.es<\/a><\/p>\n<\/div>\n\n\n\n<div class=\"wp-block-column is-vertically-aligned-bottom is-layout-flow wp-block-column-is-layout-flow\">\n<figure class=\"wp-block-image aligncenter size-full is-resized\"><img loading=\"lazy\" decoding=\"async\" width=\"382\" height=\"382\" src=\"https:\/\/www.upo.es\/historia-antigua\/wp-content\/uploads\/2025\/02\/Juan-Cortes.jpg\" alt=\"\" class=\"wp-image-188\" style=\"width:155px\" srcset=\"https:\/\/www.upo.es\/historia-antigua\/wp-content\/uploads\/2025\/02\/Juan-Cortes.jpg 382w, https:\/\/www.upo.es\/historia-antigua\/wp-content\/uploads\/2025\/02\/Juan-Cortes-300x300.jpg 300w, https:\/\/www.upo.es\/historia-antigua\/wp-content\/uploads\/2025\/02\/Juan-Cortes-150x150.jpg 150w\" sizes=\"auto, (max-width: 382px) 100vw, 382px\" \/><\/figure>\n\n\n\n<p class=\"has-text-align-center wp-elements-b2b03607e4300d42574baaa2dad6ffbb\" style=\"font-size:clamp(14px, 0.875rem + ((1vw - 3.2px) * 0.405), 20px);line-height:0.5\"><strong><a href=\"https:\/\/www.upo.es\/historia-antigua\/juan-cortes-mas#Nombre\" data-type=\"page\" data-id=\"236\" target=\"_blank\" rel=\"noreferrer noopener\">Juan Cort\u00e9s Mas<\/a><\/strong><\/p>\n\n\n\n<p class=\"has-text-align-center\" style=\"font-size:clamp(14px, 0.875rem + ((1vw - 3.2px) * 0.203), 17px);line-height:0.5\">Investigador contratado FPI<\/p>\n\n\n\n<p class=\"has-text-align-center wp-elements-083f931091530068754bc71b0dd79f19\" style=\"font-size:clamp(14px, 0.875rem + ((1vw - 3.2px) * 0.135), 16px);line-height:0.5\"><a href=\"mailto:jcormas@upo.es\" target=\"_blank\" rel=\"noreferrer noopener\">jcormas@upo.es<\/a><\/p>\n<\/div>\n<\/div>\n\n\n\n<div style=\"height:17px\" aria-hidden=\"true\" class=\"wp-block-spacer\"><\/div>\n\n\n\n<div class=\"wp-block-columns is-layout-flex wp-container-core-columns-is-layout-28f84493 wp-block-columns-is-layout-flex\">\n<div class=\"wp-block-column is-vertically-aligned-bottom is-layout-flow wp-block-column-is-layout-flow\">\n<figure class=\"wp-block-image aligncenter size-full is-resized\"><img loading=\"lazy\" decoding=\"async\" width=\"571\" height=\"571\" src=\"https:\/\/www.upo.es\/historia-antigua\/wp-content\/uploads\/2025\/02\/Silvia-Lacorte.jpg\" alt=\"\" class=\"wp-image-200\" style=\"width:155px\" srcset=\"https:\/\/www.upo.es\/historia-antigua\/wp-content\/uploads\/2025\/02\/Silvia-Lacorte.jpg 571w, https:\/\/www.upo.es\/historia-antigua\/wp-content\/uploads\/2025\/02\/Silvia-Lacorte-300x300.jpg 300w, https:\/\/www.upo.es\/historia-antigua\/wp-content\/uploads\/2025\/02\/Silvia-Lacorte-150x150.jpg 150w\" sizes=\"auto, (max-width: 571px) 100vw, 571px\" \/><\/figure>\n\n\n\n<p class=\"has-text-align-center wp-elements-767a9e72cfe7216b1e9299cc381ad712\" style=\"font-size:clamp(14px, 0.875rem + ((1vw - 3.2px) * 0.405), 20px);line-height:0.5\"><strong><a href=\"https:\/\/www.upo.es\/historia-antigua\/silvia-lacorte#Nombre\" data-type=\"page\" data-id=\"228\" target=\"_blank\" rel=\"noreferrer noopener\">Silvia Lacorte<\/a><\/strong><\/p>\n\n\n\n<p class=\"has-text-align-center\" style=\"font-size:clamp(14px, 0.875rem + ((1vw - 3.2px) * 0.203), 17px);line-height:0.5\">Investigadora contratada FPI<\/p>\n\n\n\n<p class=\"has-text-align-center wp-elements-d4da0bb0358d1434ef667c9c9220d74f\" style=\"font-size:clamp(14px, 0.875rem + ((1vw - 3.2px) * 0.135), 16px);line-height:0.5\"><a href=\"mailto:slac1@upo.es\" target=\"_blank\" rel=\"noreferrer noopener\">slac1@upo.es<\/a><\/p>\n<\/div>\n\n\n\n<div class=\"wp-block-column is-vertically-aligned-bottom is-layout-flow wp-block-column-is-layout-flow\">\n<figure class=\"wp-block-image aligncenter size-full is-resized\"><img loading=\"lazy\" decoding=\"async\" width=\"496\" height=\"496\" src=\"https:\/\/www.upo.es\/historia-antigua\/wp-content\/uploads\/2025\/02\/Elena-Muniz.jpg\" alt=\"\" class=\"wp-image-189\" style=\"width:155px\" srcset=\"https:\/\/www.upo.es\/historia-antigua\/wp-content\/uploads\/2025\/02\/Elena-Muniz.jpg 496w, https:\/\/www.upo.es\/historia-antigua\/wp-content\/uploads\/2025\/02\/Elena-Muniz-300x300.jpg 300w, https:\/\/www.upo.es\/historia-antigua\/wp-content\/uploads\/2025\/02\/Elena-Muniz-150x150.jpg 150w\" sizes=\"auto, (max-width: 496px) 100vw, 496px\" \/><\/figure>\n\n\n\n<p class=\"has-text-align-center wp-elements-9f2e2dffad5e4f1ade0b95a13a486c1d\" style=\"font-size:clamp(14px, 0.875rem + ((1vw - 3.2px) * 0.405), 20px);line-height:0.5\"><strong><a href=\"https:\/\/www.upo.es\/historia-antigua\/elena-muniz-grijalvo#Nombre\" data-type=\"page\" data-id=\"196\" target=\"_blank\" rel=\"noreferrer noopener\">Elena Mu\u00f1iz Grijalvo<\/a><\/strong><\/p>\n\n\n\n<p class=\"has-text-align-center\" style=\"font-size:clamp(14px, 0.875rem + ((1vw - 3.2px) * 0.203), 17px);line-height:0.5\">Catedr\u00e1tica de Universidad<\/p>\n\n\n\n<p class=\"has-text-align-center wp-elements-05f05758f9dbff9d8ce99369996da316\" style=\"font-size:clamp(14px, 0.875rem + ((1vw - 3.2px) * 0.135), 16px);line-height:0.5\"><a href=\"mailto:emungri@upo.es\" target=\"_blank\" rel=\"noreferrer noopener\">emungri@upo.es<\/a><\/p>\n<\/div>\n\n\n\n<div class=\"wp-block-column is-vertically-aligned-bottom is-layout-flow wp-block-column-is-layout-flow\">\n<figure class=\"wp-block-image aligncenter size-full is-resized\"><img loading=\"lazy\" decoding=\"async\" width=\"175\" height=\"175\" src=\"https:\/\/www.upo.es\/historia-antigua\/wp-content\/uploads\/2025\/02\/Pedro_Gimenez-1.jpg\" alt=\"\" class=\"wp-image-396\" style=\"width:155px\" srcset=\"https:\/\/www.upo.es\/historia-antigua\/wp-content\/uploads\/2025\/02\/Pedro_Gimenez-1.jpg 175w, https:\/\/www.upo.es\/historia-antigua\/wp-content\/uploads\/2025\/02\/Pedro_Gimenez-1-150x150.jpg 150w\" sizes=\"auto, (max-width: 175px) 100vw, 175px\" \/><\/figure>\n\n\n\n<p class=\"has-text-align-center wp-elements-a08b16ea0880600ef8b427f60d793336\" style=\"font-size:clamp(14px, 0.875rem + ((1vw - 3.2px) * 0.405), 20px);line-height:0.5\"><strong><a href=\"https:\/\/www.upo.es\/historia-antigua\/pedro-gimenez-de-aragon-sierra#Nombre\" data-type=\"page\" data-id=\"392\" target=\"_blank\" rel=\"noreferrer noopener\">Pedro Gim\u00e9nez de Arag\u00f3n Sierra<\/a><\/strong><\/p>\n\n\n\n<p class=\"has-text-align-center\" style=\"font-size:clamp(14px, 0.875rem + ((1vw - 3.2px) * 0.203), 17px);line-height:0.5\">Profesor Asociado<\/p>\n\n\n\n<p class=\"has-text-align-center wp-elements-6ae0a16df4d4732dd5e21606bc6b3b5d\" style=\"font-size:clamp(14px, 0.875rem + ((1vw - 3.2px) * 0.135), 16px);line-height:0.5\"><a href=\"mailto:pgimsie@upo.es\">pgimsie@upo.es<\/a><\/p>\n<\/div>\n<\/div>\n\n\n\n<div style=\"height:17px\" aria-hidden=\"true\" class=\"wp-block-spacer\"><\/div>\n\n\n\n<div class=\"wp-block-columns is-layout-flex wp-container-core-columns-is-layout-28f84493 wp-block-columns-is-layout-flex\">\n<div class=\"wp-block-column is-vertically-aligned-bottom is-layout-flow wp-block-column-is-layout-flow\">\n<figure class=\"wp-block-image aligncenter size-full is-resized\"><img loading=\"lazy\" decoding=\"async\" width=\"206\" height=\"206\" src=\"https:\/\/www.upo.es\/historia-antigua\/wp-content\/uploads\/2025\/02\/Antonio_gomez.jpg\" alt=\"\" class=\"wp-image-354\" style=\"width:155px\" srcset=\"https:\/\/www.upo.es\/historia-antigua\/wp-content\/uploads\/2025\/02\/Antonio_gomez.jpg 206w, https:\/\/www.upo.es\/historia-antigua\/wp-content\/uploads\/2025\/02\/Antonio_gomez-150x150.jpg 150w\" sizes=\"auto, (max-width: 206px) 100vw, 206px\" \/><\/figure>\n\n\n\n<p class=\"has-text-align-center wp-elements-42d5b93fcbd4de64815b3cca3afcf5f1\" style=\"font-size:clamp(14px, 0.875rem + ((1vw - 3.2px) * 0.405), 20px);line-height:0.5\"><strong><a href=\"https:\/\/www.upo.es\/historia-antigua\/antonio-jose-gomez-verdugo#Nombre\" data-type=\"page\" data-id=\"352\" target=\"_blank\" rel=\"noreferrer noopener\">Antonio Jos\u00e9 G\u00f3mez Verdugo<\/a><\/strong><\/p>\n\n\n\n<p class=\"has-text-align-center\" style=\"font-size:clamp(14px, 0.875rem + ((1vw - 3.2px) * 0.203), 17px);line-height:0.5\">Doctorando becado<\/p>\n\n\n\n<p class=\"has-text-align-center wp-elements-eff6f8342669dd54587b864ac1c59e97\" style=\"font-size:clamp(14px, 0.875rem + ((1vw - 3.2px) * 0.135), 16px);line-height:0.5\"><a href=\"mailto:antonio.gomezverdugo@uniba.it\">antonio.gomezverdugo@uniba.it<\/a><\/p>\n<\/div>\n\n\n\n<div class=\"wp-block-column is-vertically-aligned-bottom is-layout-flow wp-block-column-is-layout-flow\">\n<figure class=\"wp-block-image aligncenter size-full is-resized\"><img loading=\"lazy\" decoding=\"async\" width=\"670\" height=\"670\" src=\"https:\/\/www.upo.es\/historia-antigua\/wp-content\/uploads\/2025\/02\/Rocio-Gordillo.jpg\" alt=\"\" class=\"wp-image-310\" style=\"width:155px\" srcset=\"https:\/\/www.upo.es\/historia-antigua\/wp-content\/uploads\/2025\/02\/Rocio-Gordillo.jpg 670w, https:\/\/www.upo.es\/historia-antigua\/wp-content\/uploads\/2025\/02\/Rocio-Gordillo-300x300.jpg 300w, https:\/\/www.upo.es\/historia-antigua\/wp-content\/uploads\/2025\/02\/Rocio-Gordillo-150x150.jpg 150w\" sizes=\"auto, (max-width: 670px) 100vw, 670px\" \/><\/figure>\n\n\n\n<p class=\"has-text-align-center wp-elements-e46026db4490a2710d45a74aef086939\" style=\"font-size:clamp(14px, 0.875rem + ((1vw - 3.2px) * 0.405), 20px);line-height:0.5\"><strong><a href=\"https:\/\/www.upo.es\/historia-antigua\/rocio-gordillo-hervas#Nombre\" data-type=\"page\" data-id=\"312\" target=\"_blank\" rel=\"noreferrer noopener\">Roc\u00edo Gordillo Herv\u00e1s<\/a><\/strong><\/p>\n\n\n\n<p class=\"has-text-align-center\" style=\"font-size:clamp(14px, 0.875rem + ((1vw - 3.2px) * 0.203), 17px);line-height:0.5\"><br>Profesora Titular de Universidad<\/p>\n\n\n\n<p class=\"has-text-align-center wp-elements-245beaa951a75f21f9591cc747e20ade\" style=\"font-size:clamp(14px, 0.875rem + ((1vw - 3.2px) * 0.135), 16px);line-height:0.5\"><a href=\"mailto:rgorher@upo.es\">rgorher@upo.es<\/a><\/p>\n<\/div>\n\n\n\n<div class=\"wp-block-column is-vertically-aligned-bottom is-layout-flow wp-block-column-is-layout-flow\">\n<figure class=\"wp-block-image aligncenter size-full is-resized\"><img loading=\"lazy\" decoding=\"async\" width=\"802\" height=\"802\" src=\"https:\/\/www.upo.es\/historia-antigua\/wp-content\/uploads\/2025\/02\/Laura_Ramos_02.jpg\" alt=\"\" class=\"wp-image-344\" style=\"width:155px\" srcset=\"https:\/\/www.upo.es\/historia-antigua\/wp-content\/uploads\/2025\/02\/Laura_Ramos_02.jpg 802w, https:\/\/www.upo.es\/historia-antigua\/wp-content\/uploads\/2025\/02\/Laura_Ramos_02-300x300.jpg 300w, https:\/\/www.upo.es\/historia-antigua\/wp-content\/uploads\/2025\/02\/Laura_Ramos_02-150x150.jpg 150w, https:\/\/www.upo.es\/historia-antigua\/wp-content\/uploads\/2025\/02\/Laura_Ramos_02-768x768.jpg 768w\" sizes=\"auto, (max-width: 802px) 100vw, 802px\" \/><\/figure>\n\n\n\n<p class=\"has-text-align-center wp-elements-e703dc507e6f11a519db1068bb6a3841\" style=\"font-size:clamp(14px, 0.875rem + ((1vw - 3.2px) * 0.405), 20px);line-height:0.5\"><strong><a href=\"https:\/\/www.upo.es\/historia-antigua\/laura-ramos-martinez#Nombre\" data-type=\"page\" data-id=\"319\" target=\"_blank\" rel=\"noreferrer noopener\">Laura Ramos Mart\u00ednez<\/a><\/strong><\/p>\n\n\n\n<p class=\"has-text-align-center\" style=\"font-size:clamp(14px, 0.875rem + ((1vw - 3.2px) * 0.203), 17px);line-height:0.5\">Investigadora contratada FPU<\/p>\n\n\n\n<p class=\"has-text-align-center wp-elements-439b5c3abae55414eb571b2399229504\" style=\"font-size:clamp(14px, 0.875rem + ((1vw - 3.2px) * 0.135), 16px);line-height:0.5\"><a href=\"mailto:lrammar2@upo.es\">lrammar2@upo.es<\/a><\/p>\n<\/div>\n<\/div>\n\n\n\n<div style=\"height:17px\" aria-hidden=\"true\" class=\"wp-block-spacer\"><\/div>\n\n\n\n<div class=\"wp-block-columns is-layout-flex wp-container-core-columns-is-layout-28f84493 wp-block-columns-is-layout-flex\">\n<div class=\"wp-block-column is-vertically-aligned-bottom is-layout-flow wp-block-column-is-layout-flow\">\n<figure class=\"wp-block-image aligncenter size-full is-resized\"><img loading=\"lazy\" decoding=\"async\" width=\"285\" height=\"285\" src=\"https:\/\/www.upo.es\/historia-antigua\/wp-content\/uploads\/2025\/02\/Esperanza-Rodenas.jpg\" alt=\"\" class=\"wp-image-190\" style=\"width:155px\" srcset=\"https:\/\/www.upo.es\/historia-antigua\/wp-content\/uploads\/2025\/02\/Esperanza-Rodenas.jpg 285w, https:\/\/www.upo.es\/historia-antigua\/wp-content\/uploads\/2025\/02\/Esperanza-Rodenas-150x150.jpg 150w\" sizes=\"auto, (max-width: 285px) 100vw, 285px\" \/><\/figure>\n\n\n\n<p class=\"has-text-align-center wp-elements-bd30f9e0a1695b0a649ff0276ea36518\" style=\"font-size:clamp(14px, 0.875rem + ((1vw - 3.2px) * 0.405), 20px);line-height:0.5\"><strong><a href=\"https:\/\/www.upo.es\/historia-antigua\/esperanza-macarena-rodenas-perea#Nombre\" data-type=\"page\" data-id=\"225\" target=\"_blank\" rel=\"noreferrer noopener\">Esperanza Macarena R\u00f3denas Perea<\/a><\/strong><\/p>\n\n\n\n<p class=\"has-text-align-center\" style=\"font-size:clamp(14px, 0.875rem + ((1vw - 3.2px) * 0.203), 17px);line-height:0.5\">Investigadora contratada FPU<\/p>\n\n\n\n<p class=\"has-text-align-center wp-elements-58bb67fbfa4ff4509f7d6d4a00ab42a1\" style=\"font-size:clamp(14px, 0.875rem + ((1vw - 3.2px) * 0.135), 16px);line-height:0.2\"><a href=\"mailto:emrodper@upo.es\" target=\"_blank\" rel=\"noreferrer noopener\">emrodper@upo.es<\/a><\/p>\n<\/div>\n\n\n\n<div class=\"wp-block-column is-vertically-aligned-bottom is-layout-flow wp-block-column-is-layout-flow\">\n<figure class=\"wp-block-image aligncenter size-full is-resized\"><img loading=\"lazy\" decoding=\"async\" width=\"706\" height=\"706\" src=\"https:\/\/www.upo.es\/historia-antigua\/wp-content\/uploads\/2025\/05\/cristina_rosillo_02-2.jpg\" alt=\"\" class=\"wp-image-484\" style=\"width:155px\" srcset=\"https:\/\/www.upo.es\/historia-antigua\/wp-content\/uploads\/2025\/05\/cristina_rosillo_02-2.jpg 706w, https:\/\/www.upo.es\/historia-antigua\/wp-content\/uploads\/2025\/05\/cristina_rosillo_02-2-300x300.jpg 300w, https:\/\/www.upo.es\/historia-antigua\/wp-content\/uploads\/2025\/05\/cristina_rosillo_02-2-150x150.jpg 150w\" sizes=\"auto, (max-width: 706px) 100vw, 706px\" \/><\/figure>\n\n\n\n<p class=\"has-text-align-center wp-elements-cb4cb851c1d2130401cacefefef53c66\" style=\"font-size:clamp(14px, 0.875rem + ((1vw - 3.2px) * 0.405), 20px);line-height:0.5\"><strong><a href=\"https:\/\/www.upo.es\/historia-antigua\/cristina-rosillo-lopez#Nombre\" data-type=\"page\" data-id=\"362\" target=\"_blank\" rel=\"noreferrer noopener\">Cristina Rosillo L\u00f3pez<\/a><\/strong><\/p>\n\n\n\n<p class=\"has-text-align-center\" style=\"font-size:clamp(14px, 0.875rem + ((1vw - 3.2px) * 0.203), 17px);line-height:0.5\">Catedr\u00e1tica de Universidad<\/p>\n\n\n\n<p class=\"has-text-align-center wp-elements-ca5801077b12a30ffe55a93f6447caa3\" style=\"font-size:clamp(14px, 0.875rem + ((1vw - 3.2px) * 0.135), 16px);line-height:0.5\"><a href=\"mailto:mcroslop@upo.es\">mcroslop@upo.es<\/a><\/p>\n<\/div>\n\n\n\n<div class=\"wp-block-column is-vertically-aligned-bottom is-layout-flow wp-block-column-is-layout-flow\">\n<figure class=\"wp-block-image aligncenter size-large is-resized\"><img loading=\"lazy\" decoding=\"async\" width=\"1024\" height=\"1024\" src=\"https:\/\/www.upo.es\/historia-antigua\/wp-content\/uploads\/2025\/02\/Manuel-Ruiz-1024x1024.jpg\" alt=\"\" class=\"wp-image-191\" style=\"width:155px\" srcset=\"https:\/\/www.upo.es\/historia-antigua\/wp-content\/uploads\/2025\/02\/Manuel-Ruiz-1024x1024.jpg 1024w, https:\/\/www.upo.es\/historia-antigua\/wp-content\/uploads\/2025\/02\/Manuel-Ruiz-300x300.jpg 300w, https:\/\/www.upo.es\/historia-antigua\/wp-content\/uploads\/2025\/02\/Manuel-Ruiz-150x150.jpg 150w, https:\/\/www.upo.es\/historia-antigua\/wp-content\/uploads\/2025\/02\/Manuel-Ruiz-768x768.jpg 768w, https:\/\/www.upo.es\/historia-antigua\/wp-content\/uploads\/2025\/02\/Manuel-Ruiz.jpg 1514w\" sizes=\"auto, (max-width: 1024px) 100vw, 1024px\" \/><\/figure>\n\n\n\n<p class=\"has-text-align-center wp-elements-d152ceccb25cb49d881855d43c4bc98a\" style=\"font-size:clamp(14px, 0.875rem + ((1vw - 3.2px) * 0.405), 20px);line-height:0.5\"><strong><a href=\"https:\/\/www.upo.es\/historia-antigua\/manuel-ruiz-roman#Nombre\" data-type=\"page\" data-id=\"212\" target=\"_blank\" rel=\"noreferrer noopener\">Manuel Ruiz Rom\u00e1n<\/a><\/strong><\/p>\n\n\n\n<p class=\"has-text-align-center\" style=\"font-size:clamp(14px, 0.875rem + ((1vw - 3.2px) * 0.203), 17px);line-height:0.5\">Investigador contratado FPI<\/p>\n\n\n\n<p class=\"has-text-align-center wp-elements-65506ac614836784c71b2a53f6573eae\" style=\"font-size:clamp(14px, 0.875rem + ((1vw - 3.2px) * 0.135), 16px);line-height:0.5\"><a href=\"mailto:mruirom@upo.es\" target=\"_blank\" rel=\"noreferrer noopener\">mruirom@upo.es<\/a><\/p>\n<\/div>\n<\/div>\n<\/div>\n\n\n\n<p><\/p>\n","protected":false},"excerpt":{"rendered":"<p>Juan Ram\u00f3n Ballesteros S\u00e1nchez Profesor Asociado LOU jrbalsan@upo.es Juan Manuel Cort\u00e9s Copete Catedr\u00e1tico de Universidad jmcorcop@upo.es Juan Cort\u00e9s Mas Investigador contratado FPI jcormas@upo.es Silvia Lacorte Investigadora contratada FPI slac1@upo.es Elena Mu\u00f1iz Grijalvo Catedr\u00e1tica de Universidad emungri@upo.es Pedro Gim\u00e9nez de Arag\u00f3n Sierra Profesor Asociado pgimsie@upo.es Antonio Jos\u00e9 G\u00f3mez Verdugo Doctorando becado antonio.gomezverdugo@uniba.it Roc\u00edo Gordillo Herv\u00e1s Profesora [&hellip;]<\/p>\n","protected":false},"author":1,"featured_media":0,"parent":0,"menu_order":0,"comment_status":"closed","ping_status":"closed","template":"","meta":{"footnotes":""},"class_list":["post-36","page","type-page","status-publish","hentry"],"_links":{"self":[{"href":"https:\/\/www.upo.es\/historia-antigua\/wp-json\/wp\/v2\/pages\/36","targetHints":{"allow":["GET"]}}],"collection":[{"href":"https:\/\/www.upo.es\/historia-antigua\/wp-json\/wp\/v2\/pages"}],"about":[{"href":"https:\/\/www.upo.es\/historia-antigua\/wp-json\/wp\/v2\/types\/page"}],"author":[{"embeddable":true,"href":"https:\/\/www.upo.es\/historia-antigua\/wp-json\/wp\/v2\/users\/1"}],"replies":[{"embeddable":true,"href":"https:\/\/www.upo.es\/historia-antigua\/wp-json\/wp\/v2\/comments?post=36"}],"version-history":[{"count":71,"href":"https:\/\/www.upo.es\/historia-antigua\/wp-json\/wp\/v2\/pages\/36\/revisions"}],"predecessor-version":[{"id":490,"href":"https:\/\/www.upo.es\/historia-antigua\/wp-json\/wp\/v2\/pages\/36\/revisions\/490"}],"wp:attachment":[{"href":"https:\/\/www.upo.es\/historia-antigua\/wp-json\/wp\/v2\/media?parent=36"}],"curies":[{"name":"wp","href":"https:\/\/api.w.org\/{rel}","templated":true}]}}