{"id":19209,"date":"2023-05-19T12:30:00","date_gmt":"2023-05-19T12:30:00","guid":{"rendered":"https:\/\/www.upo.es\/intl\/partner-with-the-upo\/"},"modified":"2023-05-22T08:09:59","modified_gmt":"2023-05-22T08:09:59","slug":"partner-with-the-upo","status":"publish","type":"page","link":"https:\/\/www.upo.es\/intl\/partner-with-the-upo\/","title":{"rendered":"Colabora con la UPO"},"content":{"rendered":"<div class=\"wpb-content-wrapper\"><p>[vc_row][vc_column][vc_column_text]<\/p>\n<h3>Si est\u00e1s interesado en enviar a tus estudiantes a nuestros programas, \u00a1el proceso es sencillo!<\/h3>\n<ol>\n<li>Ponte en contacto con Joanna Wandycz-Mej\u00edas (<a href=\"mailto:jwanmej@acu.upo.es\" target=\"_new\" rel=\"noopener\">jwanmej@acu.upo.es<\/a>) para hablar sobre un acuerdo de colaboraci\u00f3n.<\/li>\n<li>Habla con Mentxu (<a href=\"mailto:intl@upo.es\" target=\"_new\" rel=\"noopener\">intl@upo.es<\/a>) acerca de las cartas de visa para estudiantes, el calendario del semestre y la inscripci\u00f3n en cursos.<\/li>\n<\/ol>\n<p>[\/vc_column_text][vc_column_text]<\/p>\n<div class=\"group w-full text-gray-800 dark:text-gray-100 border-b border-black\/10 dark:border-gray-900\/50 bg-gray-50 dark:bg-[#444654]\">\n<div class=\"flex p-4 gap-4 text-base md:gap-6 md:max-w-2xl lg:max-w-xl xl:max-w-3xl md:py-6 lg:px-0 m-auto\">\n<div class=\"relative flex w-[calc(100%-50px)] flex-col gap-1 md:gap-3 lg:w-[calc(100%-115px)]\">\n<div class=\"flex flex-grow flex-col gap-3\">\n<div class=\"min-h-[20px] flex flex-col items-start gap-4 whitespace-pre-wrap break-words\">\n<div class=\"markdown prose w-full break-words dark:prose-invert light\">\n<h3>El cronograma general para el proceso de inscripci\u00f3n en cursos es el siguiente:<\/h3>\n<\/div>\n<\/div>\n<\/div>\n<\/div>\n<\/div>\n<\/div>\n<p>[\/vc_column_text]<div class=\"smile-icon-timeline-wrap csstime   \"   data-time_block_bg_color=\"#d2e7f7\"  style=\"\"><div class=\"timeline-line \" style=\"border-right-color:;\"><z><\/z><\/div><div class=\"timeline-wrapper\"><div class=\"timeline-block \"><div class=\"timeline-dot\"><\/div><div class=\"ult-timeline-arrow\"><s><\/s><l><\/l><\/div><div class=\"timeline-icon-block\"><div class=\"ult-timeline-icon tl-icon-no-bg\" style=\"   \"><\/div> <!-- icon --><\/div><div class=\"timeline-header-block\" >\n\t\t\t\t\t\t\t<div id=\"timeline-item-2933\" class=\"timeline-header\" style=\"\"><h3 class=\"ult-timeline-title ult-responsive\"  data-ultimate-target='#timeline-item-2933 .ult-timeline-title'  data-responsive-json-new='{\"font-size\":\"desktop:16px;tablet:16px;tablet_portrait:16px;\",\"line-height\":\"desktop:15px;\"}'  style=\"font-weight:bold;\">ABRO\u00d1 (oto\u00f1o) + OCTUBRE (primavera)<\/h3><div class=\"ult-responsive timeline-item-spt\"  data-ultimate-target='#timeline-item-2933 .timeline-item-spt'  data-responsive-json-new='{\"font-size\":\"\",\"line-height\":\"\"}'  style=\"\"><\/p>\n<ul>\n<li>\n<h5>Se env\u00eda el enlace a nuestro examen de ubicaci\u00f3n en l\u00ednea de espa\u00f1ol.<\/h5>\n<\/li>\n<li>\n<h5>Se env\u00eda el formulario de inscripci\u00f3n en cursos con todas las clases disponibles.<\/h5>\n<\/li>\n<\/ul>\n<p><\/div><\/div> <!-- header --><\/div><\/div><div class=\"timeline-block \"><div class=\"timeline-dot\"><\/div><div class=\"ult-timeline-arrow\"><s><\/s><l><\/l><\/div><div class=\"timeline-icon-block\"><div class=\"ult-timeline-icon tl-icon-no-bg\" style=\"   \"><\/div> <!-- icon --><\/div><div class=\"timeline-header-block\" >\n\t\t\t\t\t\t\t<div id=\"timeline-item-2002\" class=\"timeline-header\" style=\"\"><h3 class=\"ult-timeline-title ult-responsive\"  data-ultimate-target='#timeline-item-2002 .ult-timeline-title'  data-responsive-json-new='{\"font-size\":\"desktop:16px;tablet:16px;tablet_portrait:16px;\",\"line-height\":\"\"}'  style=\"font-weight:bold;\">MAYO (oto\u00f1o) + principios de NOVIEMBER (primavera)<\/h3><div class=\"ult-responsive timeline-item-spt\"  data-ultimate-target='#timeline-item-2002 .timeline-item-spt'  data-responsive-json-new='{\"font-size\":\"\",\"line-height\":\"\"}'  style=\"\"><\/p>\n<ul>\n<li>\n<h5>Los resultados del examen de ubicaci\u00f3n en espa\u00f1ol se env\u00edan a todas las instituciones colaboradoras<br \/>\n(los estudiantes tambi\u00e9n pueden ver sus resultados una vez que completen el examen).<\/h5>\n<\/li>\n<\/ul>\n<p><\/div><\/div> <!-- header --><\/div><\/div><div class=\"timeline-block \"><div class=\"timeline-dot\"><\/div><div class=\"ult-timeline-arrow\"><s><\/s><l><\/l><\/div><div class=\"timeline-icon-block\"><div class=\"ult-timeline-icon tl-icon-no-bg\" style=\"   \"><\/div> <!-- icon --><\/div><div class=\"timeline-header-block\" >\n\t\t\t\t\t\t\t<div id=\"timeline-item-6944\" class=\"timeline-header\" style=\"\"><h3 class=\"ult-timeline-title ult-responsive\"  data-ultimate-target='#timeline-item-6944 .ult-timeline-title'  data-responsive-json-new='{\"font-size\":\"desktop:16px;tablet:16px;tablet_portrait:16px;\",\"line-height\":\"\"}'  style=\"font-weight:bold;\">JUNIO (oto\u00f1o) + NOVIEMBER (primavera)<\/h3><div class=\"ult-responsive timeline-item-spt\"  data-ultimate-target='#timeline-item-6944 .timeline-item-spt'  data-responsive-json-new='{\"font-size\":\"\",\"line-height\":\"\"}'  style=\"\"><\/p>\n<ul>\n<li>\n<h5>Fecha l\u00edmite de inscripci\u00f3n en cursos (solicitamos 4-5 cursos, cursos que sean requisitos y 3 cursos alternativos para cada estudiante).<\/h5>\n<\/li>\n<\/ul>\n<p><\/div><\/div> <!-- header --><\/div><\/div><div class=\"timeline-block \"><div class=\"timeline-dot\"><\/div><div class=\"ult-timeline-arrow\"><s><\/s><l><\/l><\/div><div class=\"timeline-icon-block\"><div class=\"ult-timeline-icon tl-icon-no-bg\" style=\"   \"><\/div> <!-- icon --><\/div><div class=\"timeline-header-block\" >\n\t\t\t\t\t\t\t<div id=\"timeline-item-2323\" class=\"timeline-header\" style=\"\"><h3 class=\"ult-timeline-title ult-responsive\"  data-ultimate-target='#timeline-item-2323 .ult-timeline-title'  data-responsive-json-new='{\"font-size\":\"desktop:16px;tablet:16px;tablet_portrait:16px;\",\"line-height\":\"\"}'  style=\"font-weight:bold;\">MAYO (oto\u00f1o) + comienzos de NOVIEMBRE (primavera) FINALES DE JUNIO\/JULIO (oto\u00f1o) + DICIEMBRE\/ENERO (primavera)<\/h3><div class=\"ult-responsive timeline-item-spt\"  data-ultimate-target='#timeline-item-2323 .timeline-item-spt'  data-responsive-json-new='{\"font-size\":\"\",\"line-height\":\"\"}'  style=\"\"><\/p>\n<ul>\n<li>\n<h5>Se contacta a las organizaciones o estudiantes si un curso requerido no se ofrecer\u00e1 o si hay conflictos de horarios con un curso requerido.<\/h5>\n<\/li>\n<\/ul>\n<p><\/div><\/div> <!-- header --><\/div><\/div><\/div><\/div>[\/vc_column][\/vc_row]<\/p>\n<\/div>","protected":false},"excerpt":{"rendered":"<p>[vc_row][vc_column][vc_column_text] Si est\u00e1s interesado en enviar a tus estudiantes a nuestros programas, \u00a1el proceso es sencillo! Ponte en contacto con Joanna Wandycz-Mej\u00edas (jwanmej@acu.upo.es) para hablar sobre un acuerdo de colaboraci\u00f3n. Habla con Mentxu (intl@upo.es) acerca de las cartas de visa para estudiantes, el calendario del semestre y la inscripci\u00f3n en cursos. [\/vc_column_text][vc_column_text] El cronograma general [&hellip;]<\/p>\n","protected":false},"author":1,"featured_media":0,"parent":0,"menu_order":0,"comment_status":"closed","ping_status":"closed","template":"","meta":[],"yoast_head":"<!-- This site is optimized with the Yoast SEO plugin v18.3 - https:\/\/yoast.com\/wordpress\/plugins\/seo\/ -->\n<title>Colabora con la UPO<\/title>\n<meta name=\"robots\" content=\"index, follow, max-snippet:-1, max-image-preview:large, max-video-preview:-1\" \/>\n<link rel=\"canonical\" href=\"https:\/\/www.upo.es\/intl\/partner-with-the-upo\/\" \/>\n<meta property=\"og:locale\" content=\"es_ES\" \/>\n<meta property=\"og:type\" content=\"article\" \/>\n<meta property=\"og:title\" content=\"Colabora con la UPO\" \/>\n<meta property=\"og:description\" content=\"[vc_row][vc_column][vc_column_text] Si est\u00e1s interesado en enviar a tus estudiantes a nuestros programas, \u00a1el proceso es sencillo! Ponte en contacto con Joanna Wandycz-Mej\u00edas (jwanmej@acu.upo.es) para hablar sobre un acuerdo de colaboraci\u00f3n. Habla con Mentxu (intl@upo.es) acerca de las cartas de visa para estudiantes, el calendario del semestre y la inscripci\u00f3n en cursos. [\/vc_column_text][vc_column_text] El cronograma general [&hellip;]\" \/>\n<meta property=\"og:url\" content=\"https:\/\/www.upo.es\/intl\/partner-with-the-upo\/\" \/>\n<meta property=\"og:site_name\" content=\"Centro Universitario Internacional UPO\" \/>\n<meta property=\"article:publisher\" content=\"https:\/\/www.facebook.com\/centrointernacionalUPO\/?ref=ts\" \/>\n<meta property=\"article:modified_time\" content=\"2023-05-22T08:09:59+00:00\" \/>\n<meta name=\"twitter:card\" content=\"summary_large_image\" \/>\n<meta name=\"twitter:site\" content=\"@CuiUpo\" \/>\n<meta name=\"twitter:label1\" content=\"Tiempo de lectura\" \/>\n\t<meta name=\"twitter:data1\" content=\"1 minuto\" \/>\n<script type=\"application\/ld+json\" class=\"yoast-schema-graph\">{\"@context\":\"https:\/\/schema.org\",\"@graph\":[{\"@type\":\"Organization\",\"@id\":\"https:\/\/www.upo.es\/intl\/#organization\",\"name\":\"Centro Universitario Internacional Universidad Pablo de Olavide\",\"url\":\"https:\/\/www.upo.es\/intl\/\",\"sameAs\":[\"https:\/\/www.facebook.com\/centrointernacionalUPO\/?ref=ts\",\"https:\/\/www.instagram.com\/cui_upo\/\",\"https:\/\/www.youtube.com\/channel\/UCXvTsTmrSF31BCW1Ukowlvg\",\"https:\/\/twitter.com\/CuiUpo\"],\"logo\":{\"@type\":\"ImageObject\",\"@id\":\"https:\/\/www.upo.es\/intl\/#logo\",\"inLanguage\":\"es\",\"url\":\"https:\/\/www.upo.es\/intl\/wp-content\/uploads\/2016\/07\/logo_fondo_UPO.png\",\"contentUrl\":\"https:\/\/www.upo.es\/intl\/wp-content\/uploads\/2016\/07\/logo_fondo_UPO.png\",\"width\":318,\"height\":120,\"caption\":\"Centro Universitario Internacional Universidad Pablo de Olavide\"},\"image\":{\"@id\":\"https:\/\/www.upo.es\/intl\/#logo\"}},{\"@type\":\"WebSite\",\"@id\":\"https:\/\/www.upo.es\/intl\/#website\",\"url\":\"https:\/\/www.upo.es\/intl\/\",\"name\":\"Centro Universitario Internacional UPO\",\"description\":\"Programas de corta y larga duraci\u00f3n de lengua y cultura espa\u00f1ola. Se imparten clases en espa\u00f1ol e ingl\u00e9s de diferentes materias\",\"publisher\":{\"@id\":\"https:\/\/www.upo.es\/intl\/#organization\"},\"potentialAction\":[{\"@type\":\"SearchAction\",\"target\":{\"@type\":\"EntryPoint\",\"urlTemplate\":\"https:\/\/www.upo.es\/intl\/?s={search_term_string}\"},\"query-input\":\"required name=search_term_string\"}],\"inLanguage\":\"es\"},{\"@type\":\"WebPage\",\"@id\":\"https:\/\/www.upo.es\/intl\/partner-with-the-upo\/#webpage\",\"url\":\"https:\/\/www.upo.es\/intl\/partner-with-the-upo\/\",\"name\":\"Colabora con la UPO\",\"isPartOf\":{\"@id\":\"https:\/\/www.upo.es\/intl\/#website\"},\"datePublished\":\"2023-05-19T12:30:00+00:00\",\"dateModified\":\"2023-05-22T08:09:59+00:00\",\"breadcrumb\":{\"@id\":\"https:\/\/www.upo.es\/intl\/partner-with-the-upo\/#breadcrumb\"},\"inLanguage\":\"es\",\"potentialAction\":[{\"@type\":\"ReadAction\",\"target\":[\"https:\/\/www.upo.es\/intl\/partner-with-the-upo\/\"]}]},{\"@type\":\"BreadcrumbList\",\"@id\":\"https:\/\/www.upo.es\/intl\/partner-with-the-upo\/#breadcrumb\",\"itemListElement\":[{\"@type\":\"ListItem\",\"position\":1,\"name\":\"Portada\",\"item\":\"https:\/\/www.upo.es\/intl\/\"},{\"@type\":\"ListItem\",\"position\":2,\"name\":\"Colabora con la UPO\"}]}]}<\/script>\n<!-- \/ Yoast SEO plugin. -->","yoast_head_json":{"title":"Colabora con la UPO","robots":{"index":"index","follow":"follow","max-snippet":"max-snippet:-1","max-image-preview":"max-image-preview:large","max-video-preview":"max-video-preview:-1"},"canonical":"https:\/\/www.upo.es\/intl\/partner-with-the-upo\/","og_locale":"es_ES","og_type":"article","og_title":"Colabora con la UPO","og_description":"[vc_row][vc_column][vc_column_text] Si est\u00e1s interesado en enviar a tus estudiantes a nuestros programas, \u00a1el proceso es sencillo! Ponte en contacto con Joanna Wandycz-Mej\u00edas (jwanmej@acu.upo.es) para hablar sobre un acuerdo de colaboraci\u00f3n. Habla con Mentxu (intl@upo.es) acerca de las cartas de visa para estudiantes, el calendario del semestre y la inscripci\u00f3n en cursos. [\/vc_column_text][vc_column_text] El cronograma general [&hellip;]","og_url":"https:\/\/www.upo.es\/intl\/partner-with-the-upo\/","og_site_name":"Centro Universitario Internacional UPO","article_publisher":"https:\/\/www.facebook.com\/centrointernacionalUPO\/?ref=ts","article_modified_time":"2023-05-22T08:09:59+00:00","twitter_card":"summary_large_image","twitter_site":"@CuiUpo","twitter_misc":{"Tiempo de lectura":"1 minuto"},"schema":{"@context":"https:\/\/schema.org","@graph":[{"@type":"Organization","@id":"https:\/\/www.upo.es\/intl\/#organization","name":"Centro Universitario Internacional Universidad Pablo de Olavide","url":"https:\/\/www.upo.es\/intl\/","sameAs":["https:\/\/www.facebook.com\/centrointernacionalUPO\/?ref=ts","https:\/\/www.instagram.com\/cui_upo\/","https:\/\/www.youtube.com\/channel\/UCXvTsTmrSF31BCW1Ukowlvg","https:\/\/twitter.com\/CuiUpo"],"logo":{"@type":"ImageObject","@id":"https:\/\/www.upo.es\/intl\/#logo","inLanguage":"es","url":"https:\/\/www.upo.es\/intl\/wp-content\/uploads\/2016\/07\/logo_fondo_UPO.png","contentUrl":"https:\/\/www.upo.es\/intl\/wp-content\/uploads\/2016\/07\/logo_fondo_UPO.png","width":318,"height":120,"caption":"Centro Universitario Internacional Universidad Pablo de Olavide"},"image":{"@id":"https:\/\/www.upo.es\/intl\/#logo"}},{"@type":"WebSite","@id":"https:\/\/www.upo.es\/intl\/#website","url":"https:\/\/www.upo.es\/intl\/","name":"Centro Universitario Internacional UPO","description":"Programas de corta y larga duraci\u00f3n de lengua y cultura espa\u00f1ola. Se imparten clases en espa\u00f1ol e ingl\u00e9s de diferentes materias","publisher":{"@id":"https:\/\/www.upo.es\/intl\/#organization"},"potentialAction":[{"@type":"SearchAction","target":{"@type":"EntryPoint","urlTemplate":"https:\/\/www.upo.es\/intl\/?s={search_term_string}"},"query-input":"required name=search_term_string"}],"inLanguage":"es"},{"@type":"WebPage","@id":"https:\/\/www.upo.es\/intl\/partner-with-the-upo\/#webpage","url":"https:\/\/www.upo.es\/intl\/partner-with-the-upo\/","name":"Colabora con la UPO","isPartOf":{"@id":"https:\/\/www.upo.es\/intl\/#website"},"datePublished":"2023-05-19T12:30:00+00:00","dateModified":"2023-05-22T08:09:59+00:00","breadcrumb":{"@id":"https:\/\/www.upo.es\/intl\/partner-with-the-upo\/#breadcrumb"},"inLanguage":"es","potentialAction":[{"@type":"ReadAction","target":["https:\/\/www.upo.es\/intl\/partner-with-the-upo\/"]}]},{"@type":"BreadcrumbList","@id":"https:\/\/www.upo.es\/intl\/partner-with-the-upo\/#breadcrumb","itemListElement":[{"@type":"ListItem","position":1,"name":"Portada","item":"https:\/\/www.upo.es\/intl\/"},{"@type":"ListItem","position":2,"name":"Colabora con la UPO"}]}]}},"_links":{"self":[{"href":"https:\/\/www.upo.es\/intl\/wp-json\/wp\/v2\/pages\/19209"}],"collection":[{"href":"https:\/\/www.upo.es\/intl\/wp-json\/wp\/v2\/pages"}],"about":[{"href":"https:\/\/www.upo.es\/intl\/wp-json\/wp\/v2\/types\/page"}],"author":[{"embeddable":true,"href":"https:\/\/www.upo.es\/intl\/wp-json\/wp\/v2\/users\/1"}],"replies":[{"embeddable":true,"href":"https:\/\/www.upo.es\/intl\/wp-json\/wp\/v2\/comments?post=19209"}],"version-history":[{"count":2,"href":"https:\/\/www.upo.es\/intl\/wp-json\/wp\/v2\/pages\/19209\/revisions"}],"predecessor-version":[{"id":19210,"href":"https:\/\/www.upo.es\/intl\/wp-json\/wp\/v2\/pages\/19209\/revisions\/19210"}],"wp:attachment":[{"href":"https:\/\/www.upo.es\/intl\/wp-json\/wp\/v2\/media?parent=19209"}],"curies":[{"name":"wp","href":"https:\/\/api.w.org\/{rel}","templated":true}]}}