{"id":3296,"date":"2016-06-13T10:36:14","date_gmt":"2016-06-13T10:36:14","guid":{"rendered":"http:\/\/thetotaltraining.es\/cui2\/?page_id=3194&#038;lang=en"},"modified":"2017-03-17T13:14:22","modified_gmt":"2017-03-17T13:14:22","slug":"ubicacion","status":"publish","type":"page","link":"https:\/\/www.upo.es\/intl\/ubicacion\/","title":{"rendered":"Ubicaci\u00f3n"},"content":{"rendered":"<div class=\"wpb-content-wrapper\"><p>[vc_row][vc_column][vc_row_inner][vc_column_inner width=&#8221;1\/2&#8243;][vc_column_text]<b>La Universidad Pablo de Olavide de Sevilla<\/b>, ocupa un total de 136 hect\u00e1reas a la altura del kil\u00f3metro 1 de la <span class=\"textBold\">carretera de Sevilla a<\/span><span class=\"textBold\"> Utrera<\/span>, en una zona verde donde se asienta este campus \u00fanico que busca alcanzar la m\u00e1xima permeabilidad interdisciplinaria al integrar las funciones sociales, docentes, de investigaci\u00f3n, residenciales y deportivas entre s\u00ed.<\/p>\n<p>Ubicada en la antigua finca de Fuentequintillo, pertenece a los t\u00e9rminos municipales de Sevilla, Dos Hermanas y Alcal\u00e1 de Guadaira, y tiene como l\u00edmites por el norte el r\u00edo Guadaira, por el sur la autov\u00eda Sevilla-Utrera, por el oeste con la l\u00ednea de ferrocarril y por el este con el canal del Bajo Guadalquivir.<\/p>\n<p><b><span class=\"textBold\">Horarios de Apertura y Cierre<\/span><\/b><br \/>\nEl recinto del Campus permanece abierto de lunes a viernes entre las 8,00 y las 22,00 horas. Los edificios de los aularios se abren a las 8,30 de la ma\u00f1ana y se cierran a las 22,00 horas. La Biblioteca permanece abierta de 8:30 a 21,00 horas. El horario del Pasaje de la Ilustraci\u00f3n superior coincide con el de los aularios.[\/vc_column_text][\/vc_column_inner][vc_column_inner width=&#8221;1\/2&#8243;][vc_gmaps link=&#8221;#E-8_JTNDaWZyYW1lJTIwc3JjJTNEJTIyaHR0cHMlM0ElMkYlMkZ3d3cuZ29vZ2xlLmNvbSUyRm1hcHMlMkZlbWJlZCUzRnBiJTNEJTIxMW0xOCUyMTFtMTIlMjExbTMlMjExZDMxNzEuNDYyMTM5MDMzMjAzJTIxMmQtNS45Mzk1OTI3ODQ2OTQzOTclMjEzZDM3LjM1NTI0MDQ3OTgzODE0NSUyMTJtMyUyMTFmMCUyMTJmMCUyMTNmMCUyMTNtMiUyMTFpMTAyNCUyMTJpNzY4JTIxNGYxMy4xJTIxM20zJTIxMW0yJTIxMXMweGQxMjZmYWRhOGJiOTk5MyUyNTNBMHhmMTQyNWJlZGE2MDc0MjMyJTIxMnNVbml2ZXJzaWRhZCUyQlBhYmxvJTJCZGUlMkJPbGF2aWRlJTI1MkMlMkJkZSUyQlNldmlsbGElMjE1ZTAlMjEzbTIlMjExc2VzJTIxMnNlcyUyMTR2MTQ2NTgxMzA3Mjg3NiUyMiUyMHdpZHRoJTNEJTIyNjAwJTIyJTIwaGVpZ2h0JTNEJTIyMzgwJTIyJTIwZnJhbWVib3JkZXIlM0QlMjIwJTIyJTIwc3R5bGUlM0QlMjJib3JkZXIlM0EwJTIyJTIwYWxsb3dmdWxsc2NyZWVuJTNFJTNDJTJGaWZyYW1lJTNFJTBB&#8221;][\/vc_column_inner][\/vc_row_inner][\/vc_column][\/vc_row][vc_row][vc_column][vc_column_text]<\/p>\n<h2>\u00bfC\u00f3mo llegar?<\/h2>\n<p>[\/vc_column_text][\/vc_column][\/vc_row][vc_row][vc_column][vc_column_text]<\/p>\n<h2>METRO<\/h2>\n<p><img loading=\"lazy\" class=\"alignnone wp-image-3503 size-full\" src=\"https:\/\/www.upo.es\/intl\/wp-content\/uploads\/2016\/06\/mapa-high-es-3.png\" alt=\"mapa-high-es\" width=\"872\" height=\"322\" srcset=\"https:\/\/www.upo.es\/intl\/wp-content\/uploads\/2016\/06\/mapa-high-es-3.png 872w, https:\/\/www.upo.es\/intl\/wp-content\/uploads\/2016\/06\/mapa-high-es-3-600x222.png 600w\" sizes=\"(max-width: 872px) 100vw, 872px\" \/>[\/vc_column_text][vc_column_text]<\/p>\n<h3>AUTOB\u00daS<\/h3>\n<p><strong>&#8211; Desde Sevilla Capital:\u00a0<\/strong><\/p>\n<ul>\n<li>L\u00ednea M130: Sevilla (Prado) &#8211; Montequinto (Empresa CASAL)<\/li>\n<li>L\u00ednea 38: Sevilla (Prado de San Sebasti\u00e1n) &#8211; UPO (Empresa TUSSAM)<\/li>\n<\/ul>\n<p>&#8211; <strong>Desde Dos Hermanas<\/strong>:\u00a0 L\u00ednea Dos Hermanas &#8211; Montequinto- Universidad Pablo de Olavide (Empresa LOS AMARILLOS)<\/p>\n<p>&#8211; <strong>Desde Montequinto<\/strong>:\u00a0 L\u00ednea de autobuses M-130: Sevilla &#8211; Montequinto (Empresa CASAL).<\/p>\n<p>&#8211; <strong>Desde Alcal\u00e1 de Guadaira<\/strong>:\u00a0 L\u00ednea de autobuses M-123: Alcal\u00e1 de Guadaira &#8211; Sevilla (Por Quintillo) (Empresa CASAL)<\/p>\n<p><strong>M\u00e1s informaci\u00f3n<\/strong>:<\/p>\n<p><a href=\"http:\/\/www.consorciotransportes-sevilla.com\/\" target=\"_blank\">www.consorciotransportes-sevilla.com<br \/>\n<\/a><a href=\"http:\/\/www.tussam.es\/\" target=\"_blank\">www.tussam.es<br \/>\n<\/a><a href=\"http:\/\/www.metrodesevilla.org\/\" target=\"_blank\">www. metrodesevilla.org <\/a>[\/vc_column_text][\/vc_column][\/vc_row][vc_row][vc_column][vc_column_text]<\/p>\n<h2>El Centro Universitario Internacional<\/h2>\n<p>Se encuentra situado en el edificio 25, en la planta baja:<\/p>\n<p><img loading=\"lazy\" class=\"alignnone wp-image-4262 size-full\" src=\"https:\/\/www.upo.es\/intl\/wp-content\/uploads\/2016\/07\/mapa_para_web.jpg\" alt=\"mapa_para_web\" width=\"520\" height=\"442\" \/>[\/vc_column_text][\/vc_column][\/vc_row]<\/p>\n<\/div>","protected":false},"excerpt":{"rendered":"<p>[vc_row][vc_column][vc_row_inner][vc_column_inner width=&#8221;1\/2&#8243;][vc_column_text]La Universidad Pablo de Olavide de Sevilla, ocupa un total de 136 hect\u00e1reas a la altura del kil\u00f3metro 1 de la carretera de Sevilla a Utrera, en una zona verde donde se asienta este campus \u00fanico que busca alcanzar la m\u00e1xima permeabilidad interdisciplinaria al integrar las funciones sociales, docentes, de investigaci\u00f3n, residenciales y deportivas [&hellip;]<\/p>\n","protected":false},"author":1,"featured_media":0,"parent":0,"menu_order":0,"comment_status":"closed","ping_status":"closed","template":"","meta":[],"yoast_head":"<!-- This site is optimized with the Yoast SEO plugin v18.3 - https:\/\/yoast.com\/wordpress\/plugins\/seo\/ -->\n<title>Ubicaci\u00f3n<\/title>\n<meta name=\"robots\" content=\"index, follow, max-snippet:-1, max-image-preview:large, max-video-preview:-1\" \/>\n<link rel=\"canonical\" href=\"https:\/\/www.upo.es\/intl\/ubicacion\/\" \/>\n<meta property=\"og:locale\" content=\"es_ES\" \/>\n<meta property=\"og:type\" content=\"article\" \/>\n<meta property=\"og:title\" content=\"Ubicaci\u00f3n\" \/>\n<meta property=\"og:description\" content=\"[vc_row][vc_column][vc_row_inner][vc_column_inner width=&#8221;1\/2&#8243;][vc_column_text]La Universidad Pablo de Olavide de Sevilla, ocupa un total de 136 hect\u00e1reas a la altura del kil\u00f3metro 1 de la carretera de Sevilla a Utrera, en una zona verde donde se asienta este campus \u00fanico que busca alcanzar la m\u00e1xima permeabilidad interdisciplinaria al integrar las funciones sociales, docentes, de investigaci\u00f3n, residenciales y deportivas [&hellip;]\" \/>\n<meta property=\"og:url\" content=\"https:\/\/www.upo.es\/intl\/ubicacion\/\" \/>\n<meta property=\"og:site_name\" content=\"Centro Universitario Internacional UPO\" \/>\n<meta property=\"article:publisher\" content=\"https:\/\/www.facebook.com\/centrointernacionalUPO\/?ref=ts\" \/>\n<meta property=\"article:modified_time\" content=\"2017-03-17T13:14:22+00:00\" \/>\n<meta property=\"og:image\" content=\"https:\/\/www.upo.es\/intl\/wp-content\/uploads\/2016\/06\/mapa-high-es-3.png\" \/>\n<meta name=\"twitter:card\" content=\"summary_large_image\" \/>\n<meta name=\"twitter:site\" content=\"@CuiUpo\" \/>\n<meta name=\"twitter:label1\" content=\"Tiempo de lectura\" \/>\n\t<meta name=\"twitter:data1\" content=\"2 minutos\" \/>\n<script type=\"application\/ld+json\" class=\"yoast-schema-graph\">{\"@context\":\"https:\/\/schema.org\",\"@graph\":[{\"@type\":\"Organization\",\"@id\":\"https:\/\/www.upo.es\/intl\/#organization\",\"name\":\"Centro Universitario Internacional Universidad Pablo de Olavide\",\"url\":\"https:\/\/www.upo.es\/intl\/\",\"sameAs\":[\"https:\/\/www.facebook.com\/centrointernacionalUPO\/?ref=ts\",\"https:\/\/www.instagram.com\/cui_upo\/\",\"https:\/\/www.youtube.com\/channel\/UCXvTsTmrSF31BCW1Ukowlvg\",\"https:\/\/twitter.com\/CuiUpo\"],\"logo\":{\"@type\":\"ImageObject\",\"@id\":\"https:\/\/www.upo.es\/intl\/#logo\",\"inLanguage\":\"es\",\"url\":\"https:\/\/www.upo.es\/intl\/wp-content\/uploads\/2016\/07\/logo_fondo_UPO.png\",\"contentUrl\":\"https:\/\/www.upo.es\/intl\/wp-content\/uploads\/2016\/07\/logo_fondo_UPO.png\",\"width\":318,\"height\":120,\"caption\":\"Centro Universitario Internacional Universidad Pablo de Olavide\"},\"image\":{\"@id\":\"https:\/\/www.upo.es\/intl\/#logo\"}},{\"@type\":\"WebSite\",\"@id\":\"https:\/\/www.upo.es\/intl\/#website\",\"url\":\"https:\/\/www.upo.es\/intl\/\",\"name\":\"Centro Universitario Internacional UPO\",\"description\":\"Programas de corta y larga duraci\u00f3n de lengua y cultura espa\u00f1ola. Se imparten clases en espa\u00f1ol e ingl\u00e9s de diferentes materias\",\"publisher\":{\"@id\":\"https:\/\/www.upo.es\/intl\/#organization\"},\"potentialAction\":[{\"@type\":\"SearchAction\",\"target\":{\"@type\":\"EntryPoint\",\"urlTemplate\":\"https:\/\/www.upo.es\/intl\/?s={search_term_string}\"},\"query-input\":\"required name=search_term_string\"}],\"inLanguage\":\"es\"},{\"@type\":\"ImageObject\",\"@id\":\"https:\/\/www.upo.es\/intl\/ubicacion\/#primaryimage\",\"inLanguage\":\"es\",\"url\":\"https:\/\/www.upo.es\/intl\/wp-content\/uploads\/2016\/06\/mapa-high-es-3.png\",\"contentUrl\":\"https:\/\/www.upo.es\/intl\/wp-content\/uploads\/2016\/06\/mapa-high-es-3.png\",\"width\":872,\"height\":322},{\"@type\":\"WebPage\",\"@id\":\"https:\/\/www.upo.es\/intl\/ubicacion\/#webpage\",\"url\":\"https:\/\/www.upo.es\/intl\/ubicacion\/\",\"name\":\"Ubicaci\u00f3n\",\"isPartOf\":{\"@id\":\"https:\/\/www.upo.es\/intl\/#website\"},\"primaryImageOfPage\":{\"@id\":\"https:\/\/www.upo.es\/intl\/ubicacion\/#primaryimage\"},\"datePublished\":\"2016-06-13T10:36:14+00:00\",\"dateModified\":\"2017-03-17T13:14:22+00:00\",\"breadcrumb\":{\"@id\":\"https:\/\/www.upo.es\/intl\/ubicacion\/#breadcrumb\"},\"inLanguage\":\"es\",\"potentialAction\":[{\"@type\":\"ReadAction\",\"target\":[\"https:\/\/www.upo.es\/intl\/ubicacion\/\"]}]},{\"@type\":\"BreadcrumbList\",\"@id\":\"https:\/\/www.upo.es\/intl\/ubicacion\/#breadcrumb\",\"itemListElement\":[{\"@type\":\"ListItem\",\"position\":1,\"name\":\"Portada\",\"item\":\"https:\/\/www.upo.es\/intl\/\"},{\"@type\":\"ListItem\",\"position\":2,\"name\":\"Ubicaci\u00f3n\"}]}]}<\/script>\n<!-- \/ Yoast SEO plugin. -->","yoast_head_json":{"title":"Ubicaci\u00f3n","robots":{"index":"index","follow":"follow","max-snippet":"max-snippet:-1","max-image-preview":"max-image-preview:large","max-video-preview":"max-video-preview:-1"},"canonical":"https:\/\/www.upo.es\/intl\/ubicacion\/","og_locale":"es_ES","og_type":"article","og_title":"Ubicaci\u00f3n","og_description":"[vc_row][vc_column][vc_row_inner][vc_column_inner width=&#8221;1\/2&#8243;][vc_column_text]La Universidad Pablo de Olavide de Sevilla, ocupa un total de 136 hect\u00e1reas a la altura del kil\u00f3metro 1 de la carretera de Sevilla a Utrera, en una zona verde donde se asienta este campus \u00fanico que busca alcanzar la m\u00e1xima permeabilidad interdisciplinaria al integrar las funciones sociales, docentes, de investigaci\u00f3n, residenciales y deportivas [&hellip;]","og_url":"https:\/\/www.upo.es\/intl\/ubicacion\/","og_site_name":"Centro Universitario Internacional UPO","article_publisher":"https:\/\/www.facebook.com\/centrointernacionalUPO\/?ref=ts","article_modified_time":"2017-03-17T13:14:22+00:00","og_image":[{"url":"https:\/\/www.upo.es\/intl\/wp-content\/uploads\/2016\/06\/mapa-high-es-3.png"}],"twitter_card":"summary_large_image","twitter_site":"@CuiUpo","twitter_misc":{"Tiempo de lectura":"2 minutos"},"schema":{"@context":"https:\/\/schema.org","@graph":[{"@type":"Organization","@id":"https:\/\/www.upo.es\/intl\/#organization","name":"Centro Universitario Internacional Universidad Pablo de Olavide","url":"https:\/\/www.upo.es\/intl\/","sameAs":["https:\/\/www.facebook.com\/centrointernacionalUPO\/?ref=ts","https:\/\/www.instagram.com\/cui_upo\/","https:\/\/www.youtube.com\/channel\/UCXvTsTmrSF31BCW1Ukowlvg","https:\/\/twitter.com\/CuiUpo"],"logo":{"@type":"ImageObject","@id":"https:\/\/www.upo.es\/intl\/#logo","inLanguage":"es","url":"https:\/\/www.upo.es\/intl\/wp-content\/uploads\/2016\/07\/logo_fondo_UPO.png","contentUrl":"https:\/\/www.upo.es\/intl\/wp-content\/uploads\/2016\/07\/logo_fondo_UPO.png","width":318,"height":120,"caption":"Centro Universitario Internacional Universidad Pablo de Olavide"},"image":{"@id":"https:\/\/www.upo.es\/intl\/#logo"}},{"@type":"WebSite","@id":"https:\/\/www.upo.es\/intl\/#website","url":"https:\/\/www.upo.es\/intl\/","name":"Centro Universitario Internacional UPO","description":"Programas de corta y larga duraci\u00f3n de lengua y cultura espa\u00f1ola. Se imparten clases en espa\u00f1ol e ingl\u00e9s de diferentes materias","publisher":{"@id":"https:\/\/www.upo.es\/intl\/#organization"},"potentialAction":[{"@type":"SearchAction","target":{"@type":"EntryPoint","urlTemplate":"https:\/\/www.upo.es\/intl\/?s={search_term_string}"},"query-input":"required name=search_term_string"}],"inLanguage":"es"},{"@type":"ImageObject","@id":"https:\/\/www.upo.es\/intl\/ubicacion\/#primaryimage","inLanguage":"es","url":"https:\/\/www.upo.es\/intl\/wp-content\/uploads\/2016\/06\/mapa-high-es-3.png","contentUrl":"https:\/\/www.upo.es\/intl\/wp-content\/uploads\/2016\/06\/mapa-high-es-3.png","width":872,"height":322},{"@type":"WebPage","@id":"https:\/\/www.upo.es\/intl\/ubicacion\/#webpage","url":"https:\/\/www.upo.es\/intl\/ubicacion\/","name":"Ubicaci\u00f3n","isPartOf":{"@id":"https:\/\/www.upo.es\/intl\/#website"},"primaryImageOfPage":{"@id":"https:\/\/www.upo.es\/intl\/ubicacion\/#primaryimage"},"datePublished":"2016-06-13T10:36:14+00:00","dateModified":"2017-03-17T13:14:22+00:00","breadcrumb":{"@id":"https:\/\/www.upo.es\/intl\/ubicacion\/#breadcrumb"},"inLanguage":"es","potentialAction":[{"@type":"ReadAction","target":["https:\/\/www.upo.es\/intl\/ubicacion\/"]}]},{"@type":"BreadcrumbList","@id":"https:\/\/www.upo.es\/intl\/ubicacion\/#breadcrumb","itemListElement":[{"@type":"ListItem","position":1,"name":"Portada","item":"https:\/\/www.upo.es\/intl\/"},{"@type":"ListItem","position":2,"name":"Ubicaci\u00f3n"}]}]}},"_links":{"self":[{"href":"https:\/\/www.upo.es\/intl\/wp-json\/wp\/v2\/pages\/3296"}],"collection":[{"href":"https:\/\/www.upo.es\/intl\/wp-json\/wp\/v2\/pages"}],"about":[{"href":"https:\/\/www.upo.es\/intl\/wp-json\/wp\/v2\/types\/page"}],"author":[{"embeddable":true,"href":"https:\/\/www.upo.es\/intl\/wp-json\/wp\/v2\/users\/1"}],"replies":[{"embeddable":true,"href":"https:\/\/www.upo.es\/intl\/wp-json\/wp\/v2\/comments?post=3296"}],"version-history":[{"count":6,"href":"https:\/\/www.upo.es\/intl\/wp-json\/wp\/v2\/pages\/3296\/revisions"}],"predecessor-version":[{"id":4477,"href":"https:\/\/www.upo.es\/intl\/wp-json\/wp\/v2\/pages\/3296\/revisions\/4477"}],"wp:attachment":[{"href":"https:\/\/www.upo.es\/intl\/wp-json\/wp\/v2\/media?parent=3296"}],"curies":[{"name":"wp","href":"https:\/\/api.w.org\/{rel}","templated":true}]}}