{"id":3924,"date":"2016-09-29T10:32:24","date_gmt":"2016-09-29T10:32:24","guid":{"rendered":"https:\/\/www.upo.es\/intl\/?page_id=3924"},"modified":"2026-03-17T07:51:54","modified_gmt":"2026-03-17T07:51:54","slug":"verano","status":"publish","type":"page","link":"https:\/\/www.upo.es\/intl\/verano\/","title":{"rendered":"Verano 2026"},"content":{"rendered":"<div class=\"wpb-content-wrapper\"><p>[vc_row][vc_column][vc_single_image image=&#8221;3927&#8243; img_size=&#8221;full&#8221;][\/vc_column][\/vc_row][vc_row u_row_style=&#8221;0&#8243; u_row_paralax=&#8221;0&#8243; u_row_scheme=&#8221;0&#8243;][vc_column][vc_column_text css=&#8221;.vc_custom_1684221651169{padding-top: 15px !important;padding-right: 15px !important;padding-bottom: 15px !important;padding-left: 15px !important;background-color: #003671 !important;border-radius: 5px !important;}&#8221;]<\/p>\n<h2><span style=\"color: #ffffff;\"><strong>Programa Cultura y Sociedad Espa\u00f1olas<\/strong><\/span><\/h2>\n<p>[\/vc_column_text]<div class=\"aio-icon-component    style_1\"><div id=\"Info-box-wrap-8482\" class=\"aio-icon-box default-icon\" style=\"\"  ><\/div> <!-- aio-icon-box --><\/div> <!-- aio-icon-component -->[\/vc_column][\/vc_row][vc_row u_row_style=&#8221;0&#8243; u_row_paralax=&#8221;0&#8243; u_row_scheme=&#8221;0&#8243;][vc_column][vc_column_text]<\/p>\n<h4><strong>Idioma de impartici\u00f3n:<\/strong> espa\u00f1ol <img loading=\"lazy\" class=\"alignnone wp-image-19756\" src=\"https:\/\/www.upo.es\/intl\/wp-content\/uploads\/2024\/01\/sp_flag.png\" alt=\"\" width=\"27\" height=\"27\" srcset=\"https:\/\/www.upo.es\/intl\/wp-content\/uploads\/2024\/01\/sp_flag.png 100w, https:\/\/www.upo.es\/intl\/wp-content\/uploads\/2024\/01\/sp_flag-50x50.png 50w, https:\/\/www.upo.es\/intl\/wp-content\/uploads\/2024\/01\/sp_flag-80x80.png 80w\" sizes=\"(max-width: 27px) 100vw, 27px\" \/><\/h4>\n<p>[\/vc_column_text][\/vc_column][\/vc_row][vc_row][vc_column width=&#8221;1\/2&#8243;]<div class=\"smile_icon_list_wrap ult-adjust-bottom-margin  \"><ul class=\"smile_icon_list left square with_bg\"><li class=\"icon_list_item\" style=\" font-size:72px;\"><div class=\"icon_list_icon\" data-animation=\"swing\" data-animation-delay=\"03\" style=\"font-size:24px;border-width:1px;border-style:none;background:#ffffff;color:#333333;border-color:#333333;\"><img class=\"list-img-icon\" alt=\"null\" src=\"https:\/\/www.upo.es\/intl\/wp-content\/uploads\/2016\/06\/Calendar-1.png\"\/><\/div><div class=\"icon_description\" id=\"Info-list-wrap-2414\"><h3 class=\"ult-responsive\"  data-ultimate-target='#Info-list-wrap-2414 h3'  data-responsive-json-new='{\"font-size\":\"desktop:20px;\",\"line-height\":\"desktop:40px;\"}'  style=\"\">FECHAS<\/h3><div class=\"icon_description_text ult-responsive\"  data-ultimate-target='#Info-list-wrap-2414 .icon_description_text'  data-responsive-json-new='{\"font-size\":\"desktop:13px;\",\"line-height\":\"desktop:30px;\"}'  style=\"\"><p><strong>Fechas<\/strong>: lunes, 25 de mayo \u2013 viernes, 12 de junio de 2026<br \/>\n<b>Fecha l\u00edmite de matriculaci\u00f3n:<\/b> 24 de marzo de 2026<br \/>\n<strong>Fecha l\u00edmite de pago:<\/strong> 7 de abril de 2026<br \/>\n<strong>Cr\u00e9ditos<\/strong>: 6 cr\u00e9ditos ECTS (3 cr\u00e9ditos americanos). Las clases tendr\u00e1n lugar de lunes a viernes<\/p>\n<p><strong>Incluye<\/strong>:<\/p>\n<ul>\n<li>Dos actividades culturales y visitas por Sevilla<\/li>\n<li>Certificado oficial de la universidad Pablo de Olavide<\/li>\n<li>Tapas de despedida<\/li>\n<\/ul>\n<\/div><\/div><div class=\"icon_list_connector\"  style=\"border-color:#333333;\"><\/div><\/li><\/ul><\/div>[\/vc_column][vc_column width=&#8221;1\/2&#8243;]<div class=\"smile_icon_list_wrap ult-adjust-bottom-margin  \"><ul class=\"smile_icon_list left square with_bg\"><li class=\"icon_list_item\" style=\" font-size:72px;\"><div class=\"icon_list_icon\" data-animation=\"swing\" data-animation-delay=\"03\" style=\"font-size:24px;border-width:1px;border-style:none;background:#ffffff;color:#333333;border-color:#333333;\"><img class=\"list-img-icon\" alt=\"null\" src=\"https:\/\/www.upo.es\/intl\/wp-content\/uploads\/2016\/06\/euro.png\"\/><\/div><div class=\"icon_description\" id=\"Info-list-wrap-7943\"><h3 class=\"ult-responsive\"  data-ultimate-target='#Info-list-wrap-7943 h3'  data-responsive-json-new='{\"font-size\":\"desktop:20px;\",\"line-height\":\"desktop:40px;\"}'  style=\"\">PRECIOS<\/h3><div class=\"icon_description_text ult-responsive\"  data-ultimate-target='#Info-list-wrap-7943 .icon_description_text'  data-responsive-json-new='{\"font-size\":\"desktop:13px;\",\"line-height\":\"desktop:30px;\"}'  style=\"\"><p><strong>Precio curso: 630 euros*<\/strong><\/p>\n<p>* 535 \u20ac (para estudiantes UPO y estudiantes de universidades con convenio)<\/p>\n<\/div><\/div><div class=\"icon_list_connector\"  style=\"border-color:#333333;\"><\/div><\/li><\/ul><\/div>[\/vc_column][\/vc_row][vc_row][vc_column][vc_column_text]<\/p>\n<h4 style=\"text-align: left;\"><span style=\"color: #000000;\"><strong>Opciones de cursos:<\/strong><\/span><\/h4>\n<p>[\/vc_column_text][vc_tta_accordion style=&#8221;flat&#8221; shape=&#8221;square&#8221; color=&#8221;orange&#8221; spacing=&#8221;2&#8243; gap=&#8221;2&#8243; c_position=&#8221;right&#8221; active_section=&#8221;&#8221; no_fill=&#8221;true&#8221; collapsible_all=&#8221;true&#8221;][vc_tta_section title=&#8221;SPAN 331 Cultura y Sociedad Espa\u00f1ola Contempor\u00e1nea&#8221; tab_id=&#8221;1600416852469-6946d960-37d1&#8243;][vc_column_text]<\/p>\n<h4>Idioma de impartici\u00f3n:\u00a0ESPA\u00d1OL<\/h4>\n<p>[\/vc_column_text][vc_column_text]Qu\u00e9 fen\u00f3menos sociales, pol\u00edticos y culturales, tanto nacionales como internacionales, conforman la Espa\u00f1a que entra en la tercera d\u00e9cada del siglo XXI? Para responder a esta pregunta, este curso tiene por objetivos analizar, debatir y comprender los retos a los que se enfrenta Espa\u00f1a en el contexto de un mundo globalizado: el modelo de estado y su monarqu\u00eda, los nacionalismos perif\u00e9ricos y centralistas, la Espa\u00f1a vaciada y sus retos demogr\u00e1ficos, su diversidad ling\u00fc\u00edstica y cultural, los movimientos migratorios que buscan el sue\u00f1o europeo, junto con otras cuestiones candentes como la efectividad de su sistema educativo, sanitario, las cuestiones de g\u00e9nero, las pol\u00edticas de la memoria o el cambio de modelo productivo al que obligar\u00e1n los efectos del cambio clim\u00e1tico en toda la pen\u00ednsula ib\u00e9rica.[\/vc_column_text][vc_btn title=&#8221;Programa&#8221; i_align=&#8221;right&#8221; i_icon_fontawesome=&#8221;&#8221; add_icon=&#8221;true&#8221; link=&#8221;url:https%3A%2F%2Fwww.upo.es%2Fintl%2Fwp-content%2Fuploads%2F2020%2F12%2FSPAN-331.pdf|target:_blank&#8221;][\/vc_tta_section][\/vc_tta_accordion][vc_message]<\/p>\n<div class=\"u_row\">\n<div class=\"vc_row wpb_row vc_row-fluid\">\n<div class=\"wpb_column vc_column_container vc_col-sm-12\">\n<div class=\"vc_column-inner\">\n<div class=\"wpb_wrapper\">\n<div class=\"vc_message_box vc_message_box-standard vc_message_box-rounded vc_color-info\">\n<p>Se debe cumplir con una inscripci\u00f3n m\u00ednima de 10 estudiantes por curso para que se ofrezca.<\/p>\n<\/div>\n<\/div>\n<\/div>\n<\/div>\n<\/div>\n<\/div>\n<p>[\/vc_message][\/vc_column][\/vc_row][vc_row][vc_column][vc_column_text]<\/p>\n<h2><\/h2>\n<h4><strong>Documentos de matriculaci\u00f3n:<\/strong><\/h4>\n<p>[\/vc_column_text][\/vc_column][\/vc_row][vc_row][vc_column width=&#8221;1\/3&#8243;][vc_btn title=&#8221;Solicitud de admisi\u00f3n&#8221; shape=&#8221;square&#8221; color=&#8221;warning&#8221; size=&#8221;lg&#8221; i_align=&#8221;right&#8221; i_icon_fontawesome=&#8221;&#8221; add_icon=&#8221;true&#8221; link=&#8221;url:https%3A%2F%2Fwww.upo.es%2Fintl%2Fwp-content%2Fuploads%2F2016%2F07%2Fapplication_form_final.pdf|target:_blank&#8221;][\/vc_column][vc_column width=&#8221;1\/3&#8243;][vc_btn title=&#8221;Solicitud admisi\u00f3n online&#8221; shape=&#8221;square&#8221; color=&#8221;success&#8221; size=&#8221;lg&#8221; i_align=&#8221;right&#8221; i_icon_fontawesome=&#8221;fa fa-file-pdf-o&#8221; add_icon=&#8221;true&#8221; link=&#8221;url:https%3A%2F%2Fwww.upo.es%2Fintl%2Fmatricula%2F|||&#8221;][\/vc_column][vc_column width=&#8221;1\/3&#8243;][vc_btn title=&#8221;Formulario de pago&#8221; shape=&#8221;square&#8221; color=&#8221;primary&#8221; size=&#8221;lg&#8221; i_align=&#8221;right&#8221; i_icon_fontawesome=&#8221;&#8221; add_icon=&#8221;true&#8221; link=&#8221;url:https%3A%2F%2Fwww.upo.es%2Fintl%2Fwp-content%2Fuploads%2F2023%2F09%2Fpayment_form.pdf|target:_blank&#8221;][\/vc_column][\/vc_row]<\/p>\n<\/div>","protected":false},"excerpt":{"rendered":"<p>[vc_row][vc_column][vc_single_image image=&#8221;3927&#8243; img_size=&#8221;full&#8221;][\/vc_column][\/vc_row][vc_row u_row_style=&#8221;0&#8243; u_row_paralax=&#8221;0&#8243; u_row_scheme=&#8221;0&#8243;][vc_column][vc_column_text css=&#8221;.vc_custom_1684221651169{padding-top: 15px !important;padding-right: 15px !important;padding-bottom: 15px !important;padding-left: 15px !important;background-color: #003671 !important;border-radius: 5px !important;}&#8221;] Programa Cultura y Sociedad Espa\u00f1olas [\/vc_column_text][\/vc_column][\/vc_row][vc_row u_row_style=&#8221;0&#8243; u_row_paralax=&#8221;0&#8243; u_row_scheme=&#8221;0&#8243;][vc_column][vc_column_text] Idioma de impartici\u00f3n: espa\u00f1ol [\/vc_column_text][\/vc_column][\/vc_row][vc_row][vc_column width=&#8221;1\/2&#8243;][\/vc_column][vc_column width=&#8221;1\/2&#8243;][\/vc_column][\/vc_row][vc_row][vc_column][vc_column_text] Opciones de cursos: [\/vc_column_text][vc_tta_accordion style=&#8221;flat&#8221; shape=&#8221;square&#8221; color=&#8221;orange&#8221; spacing=&#8221;2&#8243; gap=&#8221;2&#8243; c_position=&#8221;right&#8221; active_section=&#8221;&#8221; no_fill=&#8221;true&#8221; collapsible_all=&#8221;true&#8221;][vc_tta_section title=&#8221;SPAN 331 Cultura y Sociedad Espa\u00f1ola Contempor\u00e1nea&#8221; [&hellip;]<\/p>\n","protected":false},"author":1,"featured_media":0,"parent":0,"menu_order":0,"comment_status":"closed","ping_status":"closed","template":"","meta":[],"yoast_head":"<!-- This site is optimized with the Yoast SEO plugin v18.3 - https:\/\/yoast.com\/wordpress\/plugins\/seo\/ -->\n<title>Verano 2026<\/title>\n<meta name=\"robots\" content=\"index, follow, max-snippet:-1, max-image-preview:large, max-video-preview:-1\" \/>\n<link rel=\"canonical\" href=\"https:\/\/www.upo.es\/intl\/verano\/\" \/>\n<meta property=\"og:locale\" content=\"es_ES\" \/>\n<meta property=\"og:type\" content=\"article\" \/>\n<meta property=\"og:title\" content=\"Verano 2026\" \/>\n<meta property=\"og:description\" content=\"[vc_row][vc_column][vc_single_image image=&#8221;3927&#8243; img_size=&#8221;full&#8221;][\/vc_column][\/vc_row][vc_row u_row_style=&#8221;0&#8243; u_row_paralax=&#8221;0&#8243; u_row_scheme=&#8221;0&#8243;][vc_column][vc_column_text css=&#8221;.vc_custom_1684221651169{padding-top: 15px !important;padding-right: 15px !important;padding-bottom: 15px !important;padding-left: 15px !important;background-color: #003671 !important;border-radius: 5px !important;}&#8221;] Programa Cultura y Sociedad Espa\u00f1olas [\/vc_column_text][\/vc_column][\/vc_row][vc_row u_row_style=&#8221;0&#8243; u_row_paralax=&#8221;0&#8243; u_row_scheme=&#8221;0&#8243;][vc_column][vc_column_text] Idioma de impartici\u00f3n: espa\u00f1ol [\/vc_column_text][\/vc_column][\/vc_row][vc_row][vc_column width=&#8221;1\/2&#8243;][\/vc_column][vc_column width=&#8221;1\/2&#8243;][\/vc_column][\/vc_row][vc_row][vc_column][vc_column_text] Opciones de cursos: [\/vc_column_text][vc_tta_accordion style=&#8221;flat&#8221; shape=&#8221;square&#8221; color=&#8221;orange&#8221; spacing=&#8221;2&#8243; gap=&#8221;2&#8243; c_position=&#8221;right&#8221; active_section=&#8221;&#8221; no_fill=&#8221;true&#8221; collapsible_all=&#8221;true&#8221;][vc_tta_section title=&#8221;SPAN 331 Cultura y Sociedad Espa\u00f1ola Contempor\u00e1nea&#8221; [&hellip;]\" \/>\n<meta property=\"og:url\" content=\"https:\/\/www.upo.es\/intl\/verano\/\" \/>\n<meta property=\"og:site_name\" content=\"Centro Universitario Internacional UPO\" \/>\n<meta property=\"article:publisher\" content=\"https:\/\/www.facebook.com\/centrointernacionalUPO\/?ref=ts\" \/>\n<meta property=\"article:modified_time\" content=\"2026-03-17T07:51:54+00:00\" \/>\n<meta property=\"og:image\" content=\"https:\/\/www.upo.es\/intl\/wp-content\/uploads\/2024\/01\/sp_flag.png\" \/>\n<meta name=\"twitter:card\" content=\"summary_large_image\" \/>\n<meta name=\"twitter:site\" content=\"@CuiUpo\" \/>\n<meta name=\"twitter:label1\" content=\"Tiempo de lectura\" \/>\n\t<meta name=\"twitter:data1\" content=\"2 minutos\" \/>\n<script type=\"application\/ld+json\" class=\"yoast-schema-graph\">{\"@context\":\"https:\/\/schema.org\",\"@graph\":[{\"@type\":\"Organization\",\"@id\":\"https:\/\/www.upo.es\/intl\/#organization\",\"name\":\"Centro Universitario Internacional Universidad Pablo de Olavide\",\"url\":\"https:\/\/www.upo.es\/intl\/\",\"sameAs\":[\"https:\/\/www.facebook.com\/centrointernacionalUPO\/?ref=ts\",\"https:\/\/www.instagram.com\/cui_upo\/\",\"https:\/\/www.youtube.com\/channel\/UCXvTsTmrSF31BCW1Ukowlvg\",\"https:\/\/twitter.com\/CuiUpo\"],\"logo\":{\"@type\":\"ImageObject\",\"@id\":\"https:\/\/www.upo.es\/intl\/#logo\",\"inLanguage\":\"es\",\"url\":\"https:\/\/www.upo.es\/intl\/wp-content\/uploads\/2016\/07\/logo_fondo_UPO.png\",\"contentUrl\":\"https:\/\/www.upo.es\/intl\/wp-content\/uploads\/2016\/07\/logo_fondo_UPO.png\",\"width\":318,\"height\":120,\"caption\":\"Centro Universitario Internacional Universidad Pablo de Olavide\"},\"image\":{\"@id\":\"https:\/\/www.upo.es\/intl\/#logo\"}},{\"@type\":\"WebSite\",\"@id\":\"https:\/\/www.upo.es\/intl\/#website\",\"url\":\"https:\/\/www.upo.es\/intl\/\",\"name\":\"Centro Universitario Internacional UPO\",\"description\":\"Programas de corta y larga duraci\u00f3n de lengua y cultura espa\u00f1ola. Se imparten clases en espa\u00f1ol e ingl\u00e9s de diferentes materias\",\"publisher\":{\"@id\":\"https:\/\/www.upo.es\/intl\/#organization\"},\"potentialAction\":[{\"@type\":\"SearchAction\",\"target\":{\"@type\":\"EntryPoint\",\"urlTemplate\":\"https:\/\/www.upo.es\/intl\/?s={search_term_string}\"},\"query-input\":\"required name=search_term_string\"}],\"inLanguage\":\"es\"},{\"@type\":\"ImageObject\",\"@id\":\"https:\/\/www.upo.es\/intl\/verano\/#primaryimage\",\"inLanguage\":\"es\",\"url\":\"https:\/\/www.upo.es\/intl\/wp-content\/uploads\/2024\/01\/sp_flag.png\",\"contentUrl\":\"https:\/\/www.upo.es\/intl\/wp-content\/uploads\/2024\/01\/sp_flag.png\",\"width\":100,\"height\":100},{\"@type\":\"WebPage\",\"@id\":\"https:\/\/www.upo.es\/intl\/verano\/#webpage\",\"url\":\"https:\/\/www.upo.es\/intl\/verano\/\",\"name\":\"Verano 2026\",\"isPartOf\":{\"@id\":\"https:\/\/www.upo.es\/intl\/#website\"},\"primaryImageOfPage\":{\"@id\":\"https:\/\/www.upo.es\/intl\/verano\/#primaryimage\"},\"datePublished\":\"2016-09-29T10:32:24+00:00\",\"dateModified\":\"2026-03-17T07:51:54+00:00\",\"breadcrumb\":{\"@id\":\"https:\/\/www.upo.es\/intl\/verano\/#breadcrumb\"},\"inLanguage\":\"es\",\"potentialAction\":[{\"@type\":\"ReadAction\",\"target\":[\"https:\/\/www.upo.es\/intl\/verano\/\"]}]},{\"@type\":\"BreadcrumbList\",\"@id\":\"https:\/\/www.upo.es\/intl\/verano\/#breadcrumb\",\"itemListElement\":[{\"@type\":\"ListItem\",\"position\":1,\"name\":\"Portada\",\"item\":\"https:\/\/www.upo.es\/intl\/\"},{\"@type\":\"ListItem\",\"position\":2,\"name\":\"Verano 2026\"}]}]}<\/script>\n<!-- \/ Yoast SEO plugin. -->","yoast_head_json":{"title":"Verano 2026","robots":{"index":"index","follow":"follow","max-snippet":"max-snippet:-1","max-image-preview":"max-image-preview:large","max-video-preview":"max-video-preview:-1"},"canonical":"https:\/\/www.upo.es\/intl\/verano\/","og_locale":"es_ES","og_type":"article","og_title":"Verano 2026","og_description":"[vc_row][vc_column][vc_single_image image=&#8221;3927&#8243; img_size=&#8221;full&#8221;][\/vc_column][\/vc_row][vc_row u_row_style=&#8221;0&#8243; u_row_paralax=&#8221;0&#8243; u_row_scheme=&#8221;0&#8243;][vc_column][vc_column_text css=&#8221;.vc_custom_1684221651169{padding-top: 15px !important;padding-right: 15px !important;padding-bottom: 15px !important;padding-left: 15px !important;background-color: #003671 !important;border-radius: 5px !important;}&#8221;] Programa Cultura y Sociedad Espa\u00f1olas [\/vc_column_text][\/vc_column][\/vc_row][vc_row u_row_style=&#8221;0&#8243; u_row_paralax=&#8221;0&#8243; u_row_scheme=&#8221;0&#8243;][vc_column][vc_column_text] Idioma de impartici\u00f3n: espa\u00f1ol [\/vc_column_text][\/vc_column][\/vc_row][vc_row][vc_column width=&#8221;1\/2&#8243;][\/vc_column][vc_column width=&#8221;1\/2&#8243;][\/vc_column][\/vc_row][vc_row][vc_column][vc_column_text] Opciones de cursos: [\/vc_column_text][vc_tta_accordion style=&#8221;flat&#8221; shape=&#8221;square&#8221; color=&#8221;orange&#8221; spacing=&#8221;2&#8243; gap=&#8221;2&#8243; c_position=&#8221;right&#8221; active_section=&#8221;&#8221; no_fill=&#8221;true&#8221; collapsible_all=&#8221;true&#8221;][vc_tta_section title=&#8221;SPAN 331 Cultura y Sociedad Espa\u00f1ola Contempor\u00e1nea&#8221; [&hellip;]","og_url":"https:\/\/www.upo.es\/intl\/verano\/","og_site_name":"Centro Universitario Internacional UPO","article_publisher":"https:\/\/www.facebook.com\/centrointernacionalUPO\/?ref=ts","article_modified_time":"2026-03-17T07:51:54+00:00","og_image":[{"url":"https:\/\/www.upo.es\/intl\/wp-content\/uploads\/2024\/01\/sp_flag.png"}],"twitter_card":"summary_large_image","twitter_site":"@CuiUpo","twitter_misc":{"Tiempo de lectura":"2 minutos"},"schema":{"@context":"https:\/\/schema.org","@graph":[{"@type":"Organization","@id":"https:\/\/www.upo.es\/intl\/#organization","name":"Centro Universitario Internacional Universidad Pablo de Olavide","url":"https:\/\/www.upo.es\/intl\/","sameAs":["https:\/\/www.facebook.com\/centrointernacionalUPO\/?ref=ts","https:\/\/www.instagram.com\/cui_upo\/","https:\/\/www.youtube.com\/channel\/UCXvTsTmrSF31BCW1Ukowlvg","https:\/\/twitter.com\/CuiUpo"],"logo":{"@type":"ImageObject","@id":"https:\/\/www.upo.es\/intl\/#logo","inLanguage":"es","url":"https:\/\/www.upo.es\/intl\/wp-content\/uploads\/2016\/07\/logo_fondo_UPO.png","contentUrl":"https:\/\/www.upo.es\/intl\/wp-content\/uploads\/2016\/07\/logo_fondo_UPO.png","width":318,"height":120,"caption":"Centro Universitario Internacional Universidad Pablo de Olavide"},"image":{"@id":"https:\/\/www.upo.es\/intl\/#logo"}},{"@type":"WebSite","@id":"https:\/\/www.upo.es\/intl\/#website","url":"https:\/\/www.upo.es\/intl\/","name":"Centro Universitario Internacional UPO","description":"Programas de corta y larga duraci\u00f3n de lengua y cultura espa\u00f1ola. Se imparten clases en espa\u00f1ol e ingl\u00e9s de diferentes materias","publisher":{"@id":"https:\/\/www.upo.es\/intl\/#organization"},"potentialAction":[{"@type":"SearchAction","target":{"@type":"EntryPoint","urlTemplate":"https:\/\/www.upo.es\/intl\/?s={search_term_string}"},"query-input":"required name=search_term_string"}],"inLanguage":"es"},{"@type":"ImageObject","@id":"https:\/\/www.upo.es\/intl\/verano\/#primaryimage","inLanguage":"es","url":"https:\/\/www.upo.es\/intl\/wp-content\/uploads\/2024\/01\/sp_flag.png","contentUrl":"https:\/\/www.upo.es\/intl\/wp-content\/uploads\/2024\/01\/sp_flag.png","width":100,"height":100},{"@type":"WebPage","@id":"https:\/\/www.upo.es\/intl\/verano\/#webpage","url":"https:\/\/www.upo.es\/intl\/verano\/","name":"Verano 2026","isPartOf":{"@id":"https:\/\/www.upo.es\/intl\/#website"},"primaryImageOfPage":{"@id":"https:\/\/www.upo.es\/intl\/verano\/#primaryimage"},"datePublished":"2016-09-29T10:32:24+00:00","dateModified":"2026-03-17T07:51:54+00:00","breadcrumb":{"@id":"https:\/\/www.upo.es\/intl\/verano\/#breadcrumb"},"inLanguage":"es","potentialAction":[{"@type":"ReadAction","target":["https:\/\/www.upo.es\/intl\/verano\/"]}]},{"@type":"BreadcrumbList","@id":"https:\/\/www.upo.es\/intl\/verano\/#breadcrumb","itemListElement":[{"@type":"ListItem","position":1,"name":"Portada","item":"https:\/\/www.upo.es\/intl\/"},{"@type":"ListItem","position":2,"name":"Verano 2026"}]}]}},"_links":{"self":[{"href":"https:\/\/www.upo.es\/intl\/wp-json\/wp\/v2\/pages\/3924"}],"collection":[{"href":"https:\/\/www.upo.es\/intl\/wp-json\/wp\/v2\/pages"}],"about":[{"href":"https:\/\/www.upo.es\/intl\/wp-json\/wp\/v2\/types\/page"}],"author":[{"embeddable":true,"href":"https:\/\/www.upo.es\/intl\/wp-json\/wp\/v2\/users\/1"}],"replies":[{"embeddable":true,"href":"https:\/\/www.upo.es\/intl\/wp-json\/wp\/v2\/comments?post=3924"}],"version-history":[{"count":64,"href":"https:\/\/www.upo.es\/intl\/wp-json\/wp\/v2\/pages\/3924\/revisions"}],"predecessor-version":[{"id":21091,"href":"https:\/\/www.upo.es\/intl\/wp-json\/wp\/v2\/pages\/3924\/revisions\/21091"}],"wp:attachment":[{"href":"https:\/\/www.upo.es\/intl\/wp-json\/wp\/v2\/media?parent=3924"}],"curies":[{"name":"wp","href":"https:\/\/api.w.org\/{rel}","templated":true}]}}