{"id":4030,"date":"2016-10-11T07:25:51","date_gmt":"2016-10-11T07:25:51","guid":{"rendered":"https:\/\/www.upo.es\/intl\/?page_id=4030"},"modified":"2026-01-19T12:08:26","modified_gmt":"2026-01-19T12:08:26","slug":"curso-semestral","status":"publish","type":"page","link":"https:\/\/www.upo.es\/intl\/curso-semestral\/","title":{"rendered":"Curso Semestral"},"content":{"rendered":"<div class=\"wpb-content-wrapper\"><p>[vc_row][vc_column][vc_single_image image=&#8221;4034&#8243; img_size=&#8221;full&#8221;][\/vc_column][\/vc_row][vc_row][vc_column width=&#8221;1\/2&#8243;]<div class=\"smile_icon_list_wrap ult-adjust-bottom-margin  \"><ul class=\"smile_icon_list left square with_bg\"><li class=\"icon_list_item\" style=\" font-size:72px;\"><div class=\"icon_list_icon\" data-animation=\"swing\" data-animation-delay=\"03\" style=\"font-size:24px;border-width:1px;border-style:none;background:#ffffff;color:#333333;border-color:#333333;\"><img class=\"list-img-icon\" alt=\"null\" src=\"https:\/\/www.upo.es\/intl\/wp-content\/uploads\/2016\/06\/Calendar-1.png\"\/><\/div><div class=\"icon_description\" id=\"Info-list-wrap-4347\"><h3 class=\"ult-responsive\"  data-ultimate-target='#Info-list-wrap-4347 h3'  data-responsive-json-new='{\"font-size\":\"desktop:20px;\",\"line-height\":\"desktop:40px;\"}'  style=\"\">FECHAS<\/h3><div class=\"icon_description_text ult-responsive\"  data-ultimate-target='#Info-list-wrap-4347 .icon_description_text'  data-responsive-json-new='{\"font-size\":\"desktop:13px;\",\"line-height\":\"desktop:30px;\"}'  style=\"\"><\/div><\/div><div class=\"icon_list_connector\"  style=\"border-color:#333333;\"><\/div><\/li><\/ul><\/div>[vc_tta_tabs section_title_tag=&#8221;h3&#8243; style=&#8221;outline&#8221; color=&#8221;sky&#8221; spacing=&#8221;10&#8243; active_section=&#8221;1&#8243;][vc_tta_section title=&#8221;Primavera 2026&#8243; tab_id=&#8221;1647594926121-c6a0aab7-96aa&#8221;][vc_column_text css=&#8221;&#8221;]<\/p>\n<h4><span class=\"textBold\"><strong>26 de enero &#8211;\u00a0 15 de mayo, 2026<\/strong><\/span><\/h4>\n<p><strong>\u00daltimo d\u00eda de clases:<\/strong> 11 de mayo<br \/>\n<strong>Ex\u00e1menes finales:<\/strong> del 12 al 15 de mayo<br \/>\n<span class=\"textBold\"><u><strong>D\u00edas festivos:<br \/>\n<\/strong><\/u><\/span>Semana Santa: 30 de marzo &#8211; 3 de abril<br \/>\nFeria: 20-25 de abril<br \/>\nD\u00eda del trabajador: 1 de mayo[\/vc_column_text][\/vc_tta_section][vc_tta_section title=&#8221;Oto\u00f1o 2026&#8243; tab_id=&#8221;1704718417040-1a54f113-0d38&#8243;][vc_column_text css=&#8221;&#8221;]<\/p>\n<h4><span class=\"textBold\"><strong>September 7 \u2013 December 16, 2026.<br \/>\n<\/strong><\/span><\/h4>\n<p><strong>Final exams:<\/strong>\u00a0Friday, Dec. 11 &amp; Mon-Wed, Dec. 14 -16<br \/>\n<strong>last day of class:<\/strong>\u00a0Thursday, December 10<br \/>\n<strong>Last day of Program + farewell reception<\/strong>: December 16<br \/>\n<span class=\"textBold\"><u><strong>No classes will be held on the following days:<br \/>\n<\/strong><\/u><\/span>D\u00eda de la Hispanidad- Monday, Oct. 12<br \/>\nD\u00eda de la Constituci\u00f3n \u2013 Monday, Dec. 7<br \/>\nD\u00eda de la Inmaculada \u2013 Tuesday, Dec. 8[\/vc_column_text][\/vc_tta_section][\/vc_tta_tabs][\/vc_column][vc_column width=&#8221;1\/2&#8243;]<div class=\"smile_icon_list_wrap ult-adjust-bottom-margin  \"><ul class=\"smile_icon_list left square with_bg\"><li class=\"icon_list_item\" style=\" font-size:72px;\"><div class=\"icon_list_icon\" data-animation=\"swing\" data-animation-delay=\"03\" style=\"font-size:24px;border-width:1px;border-style:none;background:#ffffff;color:#333333;border-color:#333333;\"><img class=\"list-img-icon\" alt=\"null\" src=\"https:\/\/www.upo.es\/intl\/wp-content\/uploads\/2016\/06\/euro.png\"\/><\/div><div class=\"icon_description\" id=\"Info-list-wrap-6727\"><h3 class=\"ult-responsive\"  data-ultimate-target='#Info-list-wrap-6727 h3'  data-responsive-json-new='{\"font-size\":\"desktop:20px;\",\"line-height\":\"desktop:40px;\"}'  style=\"\">PRECIOS<\/h3><div class=\"icon_description_text ult-responsive\"  data-ultimate-target='#Info-list-wrap-6727 .icon_description_text'  data-responsive-json-new='{\"font-size\":\"desktop:13px;\",\"line-height\":\"desktop:30px;\"}'  style=\"\"><p><b>Curso acad\u00e9mico 2025-26:<\/b> 625 euros por semestre *<br \/>\n(45 horas) &#8211; 6 cr\u00e9ditos ECTS<br \/>\n* 500 euros para estudiantes Erasmus y de Postgrado de la UPO<\/p>\n<p><b>El precio incluye:<\/b><\/p>\n<ul>\n<li>Certificado Oficial de la Universidad Pablo de Olavide<\/li>\n<li>Actividades socio\/culturales durante el semestre<\/li>\n<li>Acceso a las aulas de inform\u00e1tica<\/li>\n<li>Acceso a todos los privilegios de la biblioteca<\/li>\n<li>Precio reducido en viajes de un d\u00eda a lugares cercanos de inter\u00e9s (C\u00f3rdoba, Ronda, etc.)<\/li>\n<li>Recepci\u00f3n de despedida<\/li>\n<\/ul>\n<\/div><\/div><div class=\"icon_list_connector\"  style=\"border-color:#333333;\"><\/div><\/li><\/ul><\/div>[\/vc_column][\/vc_row][vc_row][vc_column][vc_column_text]<\/p>\n<h2><strong>OFERTA DE CURSOS<\/strong><\/h2>\n<p>[\/vc_column_text]<div class=\" ubtn-ctn-left \"><a class=\"ubtn-link ult-adjust-bottom-margin ubtn-left ubtn-normal \" href = \"https:\/\/www.upo.es\/intl\/?page_id=2965\" target='' ><button type=\"button\" id=\"ubtn-7043\" class=\"ubtn ult-adjust-bottom-margin ult-responsive ubtn-normal ubtn-fade-bg  none  ubtn-left   tooltip-6a086ff1ec3e2\"  data-hover=\"#ffffff\" data-border-color=\"\" data-bg=\"#e0e0e0\" data-hover-bg=\"#1e73be\" data-border-hover=\"\" data-shadow-hover=\"\" data-shadow-click=\"none\" data-shadow=\"\" data-shd-shadow=\"\"  data-ultimate-target='#ubtn-7043'  data-responsive-json-new='{\"font-size\":\"desktop:15px;\",\"line-height\":\"\"}'  style=\"font-weight:normal;border:none;background: #e0e0e0;color: #000000;\"><span class=\"ubtn-hover\" style=\"background-color:#1e73be\"><\/span><span class=\"ubtn-data ubtn-text \" >M\u00e1s informaci\u00f3n<\/span><\/button><\/a><\/div>[\/vc_column][\/vc_row][vc_row][vc_column][vc_column_text]<\/p>\n<h2><strong>DOCUMENTOS MATRICULACI\u00d3N<\/strong><\/h2>\n<p>[\/vc_column_text][\/vc_column][\/vc_row][vc_row][vc_column width=&#8221;1\/3&#8243;][vc_btn title=&#8221;Solicitud de admisi\u00f3n&#8221; shape=&#8221;square&#8221; color=&#8221;warning&#8221; size=&#8221;lg&#8221; i_align=&#8221;right&#8221; i_icon_fontawesome=&#8221;fa fa-file-pdf-o&#8221; add_icon=&#8221;true&#8221; link=&#8221;url:https%3A%2F%2Fwww.upo.es%2Fintl%2Fwp-content%2Fuploads%2F2016%2F07%2Fhoja_solicitud_final_esp.pdf||target:%20_blank|&#8221;][\/vc_column][vc_column width=&#8221;1\/3&#8243;][vc_btn title=&#8221;Solicitud admisi\u00f3n online&#8221; shape=&#8221;square&#8221; color=&#8221;success&#8221; size=&#8221;lg&#8221; i_align=&#8221;right&#8221; i_icon_fontawesome=&#8221;fa fa-file-pdf-o&#8221; add_icon=&#8221;true&#8221; link=&#8221;url:https%3A%2F%2Fwww.upo.es%2Fintl%2Fmatricula%2F||target:%20_blank|&#8221;][\/vc_column][vc_column width=&#8221;1\/3&#8243;][vc_btn title=&#8221;Formulario de pago&#8221; shape=&#8221;square&#8221; color=&#8221;primary&#8221; size=&#8221;lg&#8221; i_align=&#8221;right&#8221; i_icon_fontawesome=&#8221;&#8221; add_icon=&#8221;true&#8221; link=&#8221;url:https%3A%2F%2Fwww.upo.es%2Fintl%2Fwp-content%2Fuploads%2F2023%2F09%2Fpayment_form.pdf|target:_blank&#8221;][\/vc_column][\/vc_row]<\/p>\n<\/div>","protected":false},"excerpt":{"rendered":"<p>[vc_row][vc_column][vc_single_image image=&#8221;4034&#8243; img_size=&#8221;full&#8221;][\/vc_column][\/vc_row][vc_row][vc_column width=&#8221;1\/2&#8243;][vc_tta_tabs section_title_tag=&#8221;h3&#8243; style=&#8221;outline&#8221; color=&#8221;sky&#8221; spacing=&#8221;10&#8243; active_section=&#8221;1&#8243;][vc_tta_section title=&#8221;Primavera 2026&#8243; tab_id=&#8221;1647594926121-c6a0aab7-96aa&#8221;][vc_column_text css=&#8221;&#8221;] 26 de enero &#8211;\u00a0 15 de mayo, 2026 \u00daltimo d\u00eda de clases: 11 de mayo Ex\u00e1menes finales: del 12 al 15 de mayo D\u00edas festivos: Semana Santa: 30 de marzo &#8211; 3 de abril Feria: 20-25 de abril D\u00eda del trabajador: 1 [&hellip;]<\/p>\n","protected":false},"author":1,"featured_media":0,"parent":0,"menu_order":0,"comment_status":"closed","ping_status":"closed","template":"","meta":[],"yoast_head":"<!-- This site is optimized with the Yoast SEO plugin v18.3 - https:\/\/yoast.com\/wordpress\/plugins\/seo\/ -->\n<title>Curso Semestral<\/title>\n<meta name=\"robots\" content=\"index, follow, max-snippet:-1, max-image-preview:large, max-video-preview:-1\" \/>\n<link rel=\"canonical\" href=\"https:\/\/www.upo.es\/intl\/curso-semestral\/\" \/>\n<meta property=\"og:locale\" content=\"es_ES\" \/>\n<meta property=\"og:type\" content=\"article\" \/>\n<meta property=\"og:title\" content=\"Curso Semestral\" \/>\n<meta property=\"og:description\" content=\"[vc_row][vc_column][vc_single_image image=&#8221;4034&#8243; img_size=&#8221;full&#8221;][\/vc_column][\/vc_row][vc_row][vc_column width=&#8221;1\/2&#8243;][vc_tta_tabs section_title_tag=&#8221;h3&#8243; style=&#8221;outline&#8221; color=&#8221;sky&#8221; spacing=&#8221;10&#8243; active_section=&#8221;1&#8243;][vc_tta_section title=&#8221;Primavera 2026&#8243; tab_id=&#8221;1647594926121-c6a0aab7-96aa&#8221;][vc_column_text css=&#8221;&#8221;] 26 de enero &#8211;\u00a0 15 de mayo, 2026 \u00daltimo d\u00eda de clases: 11 de mayo Ex\u00e1menes finales: del 12 al 15 de mayo D\u00edas festivos: Semana Santa: 30 de marzo &#8211; 3 de abril Feria: 20-25 de abril D\u00eda del trabajador: 1 [&hellip;]\" \/>\n<meta property=\"og:url\" content=\"https:\/\/www.upo.es\/intl\/curso-semestral\/\" \/>\n<meta property=\"og:site_name\" content=\"Centro Universitario Internacional UPO\" \/>\n<meta property=\"article:publisher\" content=\"https:\/\/www.facebook.com\/centrointernacionalUPO\/?ref=ts\" \/>\n<meta property=\"article:modified_time\" content=\"2026-01-19T12:08:26+00:00\" \/>\n<meta name=\"twitter:card\" content=\"summary_large_image\" \/>\n<meta name=\"twitter:site\" content=\"@CuiUpo\" \/>\n<meta name=\"twitter:label1\" content=\"Tiempo de lectura\" \/>\n\t<meta name=\"twitter:data1\" content=\"2 minutos\" \/>\n<script type=\"application\/ld+json\" class=\"yoast-schema-graph\">{\"@context\":\"https:\/\/schema.org\",\"@graph\":[{\"@type\":\"Organization\",\"@id\":\"https:\/\/www.upo.es\/intl\/#organization\",\"name\":\"Centro Universitario Internacional Universidad Pablo de Olavide\",\"url\":\"https:\/\/www.upo.es\/intl\/\",\"sameAs\":[\"https:\/\/www.facebook.com\/centrointernacionalUPO\/?ref=ts\",\"https:\/\/www.instagram.com\/cui_upo\/\",\"https:\/\/www.youtube.com\/channel\/UCXvTsTmrSF31BCW1Ukowlvg\",\"https:\/\/twitter.com\/CuiUpo\"],\"logo\":{\"@type\":\"ImageObject\",\"@id\":\"https:\/\/www.upo.es\/intl\/#logo\",\"inLanguage\":\"es\",\"url\":\"https:\/\/www.upo.es\/intl\/wp-content\/uploads\/2016\/07\/logo_fondo_UPO.png\",\"contentUrl\":\"https:\/\/www.upo.es\/intl\/wp-content\/uploads\/2016\/07\/logo_fondo_UPO.png\",\"width\":318,\"height\":120,\"caption\":\"Centro Universitario Internacional Universidad Pablo de Olavide\"},\"image\":{\"@id\":\"https:\/\/www.upo.es\/intl\/#logo\"}},{\"@type\":\"WebSite\",\"@id\":\"https:\/\/www.upo.es\/intl\/#website\",\"url\":\"https:\/\/www.upo.es\/intl\/\",\"name\":\"Centro Universitario Internacional UPO\",\"description\":\"Programas de corta y larga duraci\u00f3n de lengua y cultura espa\u00f1ola. Se imparten clases en espa\u00f1ol e ingl\u00e9s de diferentes materias\",\"publisher\":{\"@id\":\"https:\/\/www.upo.es\/intl\/#organization\"},\"potentialAction\":[{\"@type\":\"SearchAction\",\"target\":{\"@type\":\"EntryPoint\",\"urlTemplate\":\"https:\/\/www.upo.es\/intl\/?s={search_term_string}\"},\"query-input\":\"required name=search_term_string\"}],\"inLanguage\":\"es\"},{\"@type\":\"WebPage\",\"@id\":\"https:\/\/www.upo.es\/intl\/curso-semestral\/#webpage\",\"url\":\"https:\/\/www.upo.es\/intl\/curso-semestral\/\",\"name\":\"Curso Semestral\",\"isPartOf\":{\"@id\":\"https:\/\/www.upo.es\/intl\/#website\"},\"datePublished\":\"2016-10-11T07:25:51+00:00\",\"dateModified\":\"2026-01-19T12:08:26+00:00\",\"breadcrumb\":{\"@id\":\"https:\/\/www.upo.es\/intl\/curso-semestral\/#breadcrumb\"},\"inLanguage\":\"es\",\"potentialAction\":[{\"@type\":\"ReadAction\",\"target\":[\"https:\/\/www.upo.es\/intl\/curso-semestral\/\"]}]},{\"@type\":\"BreadcrumbList\",\"@id\":\"https:\/\/www.upo.es\/intl\/curso-semestral\/#breadcrumb\",\"itemListElement\":[{\"@type\":\"ListItem\",\"position\":1,\"name\":\"Portada\",\"item\":\"https:\/\/www.upo.es\/intl\/\"},{\"@type\":\"ListItem\",\"position\":2,\"name\":\"Curso Semestral\"}]}]}<\/script>\n<!-- \/ Yoast SEO plugin. -->","yoast_head_json":{"title":"Curso Semestral","robots":{"index":"index","follow":"follow","max-snippet":"max-snippet:-1","max-image-preview":"max-image-preview:large","max-video-preview":"max-video-preview:-1"},"canonical":"https:\/\/www.upo.es\/intl\/curso-semestral\/","og_locale":"es_ES","og_type":"article","og_title":"Curso Semestral","og_description":"[vc_row][vc_column][vc_single_image image=&#8221;4034&#8243; img_size=&#8221;full&#8221;][\/vc_column][\/vc_row][vc_row][vc_column width=&#8221;1\/2&#8243;][vc_tta_tabs section_title_tag=&#8221;h3&#8243; style=&#8221;outline&#8221; color=&#8221;sky&#8221; spacing=&#8221;10&#8243; active_section=&#8221;1&#8243;][vc_tta_section title=&#8221;Primavera 2026&#8243; tab_id=&#8221;1647594926121-c6a0aab7-96aa&#8221;][vc_column_text css=&#8221;&#8221;] 26 de enero &#8211;\u00a0 15 de mayo, 2026 \u00daltimo d\u00eda de clases: 11 de mayo Ex\u00e1menes finales: del 12 al 15 de mayo D\u00edas festivos: Semana Santa: 30 de marzo &#8211; 3 de abril Feria: 20-25 de abril D\u00eda del trabajador: 1 [&hellip;]","og_url":"https:\/\/www.upo.es\/intl\/curso-semestral\/","og_site_name":"Centro Universitario Internacional UPO","article_publisher":"https:\/\/www.facebook.com\/centrointernacionalUPO\/?ref=ts","article_modified_time":"2026-01-19T12:08:26+00:00","twitter_card":"summary_large_image","twitter_site":"@CuiUpo","twitter_misc":{"Tiempo de lectura":"2 minutos"},"schema":{"@context":"https:\/\/schema.org","@graph":[{"@type":"Organization","@id":"https:\/\/www.upo.es\/intl\/#organization","name":"Centro Universitario Internacional Universidad Pablo de Olavide","url":"https:\/\/www.upo.es\/intl\/","sameAs":["https:\/\/www.facebook.com\/centrointernacionalUPO\/?ref=ts","https:\/\/www.instagram.com\/cui_upo\/","https:\/\/www.youtube.com\/channel\/UCXvTsTmrSF31BCW1Ukowlvg","https:\/\/twitter.com\/CuiUpo"],"logo":{"@type":"ImageObject","@id":"https:\/\/www.upo.es\/intl\/#logo","inLanguage":"es","url":"https:\/\/www.upo.es\/intl\/wp-content\/uploads\/2016\/07\/logo_fondo_UPO.png","contentUrl":"https:\/\/www.upo.es\/intl\/wp-content\/uploads\/2016\/07\/logo_fondo_UPO.png","width":318,"height":120,"caption":"Centro Universitario Internacional Universidad Pablo de Olavide"},"image":{"@id":"https:\/\/www.upo.es\/intl\/#logo"}},{"@type":"WebSite","@id":"https:\/\/www.upo.es\/intl\/#website","url":"https:\/\/www.upo.es\/intl\/","name":"Centro Universitario Internacional UPO","description":"Programas de corta y larga duraci\u00f3n de lengua y cultura espa\u00f1ola. Se imparten clases en espa\u00f1ol e ingl\u00e9s de diferentes materias","publisher":{"@id":"https:\/\/www.upo.es\/intl\/#organization"},"potentialAction":[{"@type":"SearchAction","target":{"@type":"EntryPoint","urlTemplate":"https:\/\/www.upo.es\/intl\/?s={search_term_string}"},"query-input":"required name=search_term_string"}],"inLanguage":"es"},{"@type":"WebPage","@id":"https:\/\/www.upo.es\/intl\/curso-semestral\/#webpage","url":"https:\/\/www.upo.es\/intl\/curso-semestral\/","name":"Curso Semestral","isPartOf":{"@id":"https:\/\/www.upo.es\/intl\/#website"},"datePublished":"2016-10-11T07:25:51+00:00","dateModified":"2026-01-19T12:08:26+00:00","breadcrumb":{"@id":"https:\/\/www.upo.es\/intl\/curso-semestral\/#breadcrumb"},"inLanguage":"es","potentialAction":[{"@type":"ReadAction","target":["https:\/\/www.upo.es\/intl\/curso-semestral\/"]}]},{"@type":"BreadcrumbList","@id":"https:\/\/www.upo.es\/intl\/curso-semestral\/#breadcrumb","itemListElement":[{"@type":"ListItem","position":1,"name":"Portada","item":"https:\/\/www.upo.es\/intl\/"},{"@type":"ListItem","position":2,"name":"Curso Semestral"}]}]}},"_links":{"self":[{"href":"https:\/\/www.upo.es\/intl\/wp-json\/wp\/v2\/pages\/4030"}],"collection":[{"href":"https:\/\/www.upo.es\/intl\/wp-json\/wp\/v2\/pages"}],"about":[{"href":"https:\/\/www.upo.es\/intl\/wp-json\/wp\/v2\/types\/page"}],"author":[{"embeddable":true,"href":"https:\/\/www.upo.es\/intl\/wp-json\/wp\/v2\/users\/1"}],"replies":[{"embeddable":true,"href":"https:\/\/www.upo.es\/intl\/wp-json\/wp\/v2\/comments?post=4030"}],"version-history":[{"count":24,"href":"https:\/\/www.upo.es\/intl\/wp-json\/wp\/v2\/pages\/4030\/revisions"}],"predecessor-version":[{"id":21026,"href":"https:\/\/www.upo.es\/intl\/wp-json\/wp\/v2\/pages\/4030\/revisions\/21026"}],"wp:attachment":[{"href":"https:\/\/www.upo.es\/intl\/wp-json\/wp\/v2\/media?parent=4030"}],"curies":[{"name":"wp","href":"https:\/\/api.w.org\/{rel}","templated":true}]}}