{"id":4077,"date":"2016-11-03T08:10:53","date_gmt":"2016-11-03T08:10:53","guid":{"rendered":"https:\/\/www.upo.es\/intl\/?page_id=4077"},"modified":"2019-07-15T11:20:12","modified_gmt":"2019-07-15T11:20:12","slug":"normativa","status":"publish","type":"page","link":"https:\/\/www.upo.es\/intl\/normativa\/","title":{"rendered":"Normativa"},"content":{"rendered":"<div class=\"wpb-content-wrapper\"><p>[vc_row][vc_column][vc_column_text]<\/p>\n<div class=\"texto\">\n<div class=\"titulo\">\n<h2>NORMATIVA DEL CENTRO UNIVERSITARIO INTERNACIONAL DE LA UNIVERSIDAD PABLO DE OLAVIDE, DE SEVILLA (CUI-UPO) (Versi\u00f3n consolidada)<\/h2>\n<p><strong>PRE\u00c1MBULO<\/strong><br \/>\nLos Estatutos de la Universidad Pablo de Olavide, de Sevilla, en su art\u00edculo 173 define el Centro de Estudios para Extranjeros \u201ccomo una l\u00ednea b\u00e1sica en su estrat\u00e9gica docente\u201d a trav\u00e9s del cual \u201cla Universidad fomentar\u00e1 la oferta de ense\u00f1anzas y estudios en el marco de la calidad y excelencia para estudiantes<br \/>\nextranjeros en los diversos ciclos de ense\u00f1anza, por medio de los correspondientes convenios\u201d. Igualmente, se prev\u00e9 que este Centro promueva la articulaci\u00f3n de<br \/>\nt\u00edtulos propios destinados a alumnado internacional homologables en el respectivo pa\u00eds.<br \/>\nEn el a\u00f1o 2002, al objeto de fomentar la oferta de ense\u00f1anzas para estudiantes internacionales, se cre\u00f3 el Centro de Estudios para Extranjeros de la Universidad<br \/>\nPablo de Olavide, como centro propio de la Universidad al amparo de lo previsto en la normativa aprobada por la Comisi\u00f3n Gestora el 8 de febrero de 1999.<br \/>\nPosteriormente, por acuerdo del Consejo de Gobierno de la Universidad, de fecha 29 de noviembre de 2010, el Centro pas\u00f3 a llamarse Centro Universitario<br \/>\nInternacional de la Universidad Pablo de Olavide (CUI-UPO), adaptando as\u00ed su denominaci\u00f3n a los nuevos contextos socioculturales en los que se desenvuelve su<br \/>\nactividad.<br \/>\nEn desarrollo de lo establecido y con la finalidad de regular la actividad del CUIUPO, el Consejo de Gobierno de la Universidad, en sesi\u00f3n celebrada el 20 de<br \/>\ndiciembre de 2011, acuerda aprobar la Normativa del Centro Universitario Internacional de la Universidad Pablo de Olavide, de Sevilla.<br \/>\nConforme con el marco estatutario y con la finalidad de actualizar y subsanar algunas imprecisiones y disfunciones detectadas en la aplicaci\u00f3n del reglamento<br \/>\nactual, se acomete la modificaci\u00f3n de la Normativa del Centro Universitario Internacional que ha venido rigiendo este Centro con el objeto, entre otros aspectos,<br \/>\nde regular la adscripci\u00f3n, la organizaci\u00f3n y coordinaci\u00f3n de programas propios de formaci\u00f3n universitaria para estudiantes internacionales que cursen sus estudios en la UPO, as\u00ed como otro tipo de actividades y recursos relacionados con la educaci\u00f3n internacional.<br \/>\nCumpliendo las prescripciones legales, el presente reglamento viene a ordenar el funcionamiento del CUI-UPO en el marco normativo referido, desarrollando as\u00ed la funci\u00f3n establecida a favor de la misma en los Estatutos de la Universidad en su art\u00edculo 173, habiendo sido aprobado por el Consejo de Gobierno de la Universidad, en su sesi\u00f3n celebrada el 4 de abril de 2018.<\/p>\n<p><strong>Art\u00edculo 1. Naturaleza<\/strong><br \/>\nEl Centro Universitario Internacional (en adelante CUI-UPO) es un Centro Propio de la Universidad Pablo de Olavide, constituido de acuerdo con el art\u00edculo 173,<br \/>\napartado 2, de los Estatutos de la Universidad.<\/p>\n<p><strong>Art\u00edculo 2. Constituci\u00f3n<\/strong><br \/>\nEl CUI-UPO se regir\u00e1 por lo dispuesto para los centros propios universitarios en la Ley Org\u00e1nica de Universidades, en los Estatutos de la Universidad y en su<br \/>\ncorrespondiente Reglamento de Organizaci\u00f3n y Funcionamiento, que ser\u00e1 aprobado por el Consejo de Gobierno de la Universidad.<\/p>\n<p><strong>Art\u00edculo 3. Sede<\/strong><br \/>\nEl CUI-UPO radicar\u00e1 en las instalaciones del campus de la Universidad y contar\u00e1 para el desarrollo de sus actividades con los espacios e infraestructura necesarios.<\/p>\n<p><strong>Art\u00edculo 4. Fines Acad\u00e9micos<\/strong><br \/>\nEl CUI-UPO tiene como misi\u00f3n organizar la oferta y coordinar la impartici\u00f3n de programas formativos propios dirigidos a estudiantes de otros pa\u00edses que est\u00e9n en condiciones acad\u00e9micas para poder cursar dichos programas.<\/p>\n<p><strong>Art\u00edculo 5. Funciones<br \/>\n<\/strong>Para lograr su misi\u00f3n, el CUI-UPO desarrollar\u00e1 las siguientes funciones:<br \/>\n1. Elaborar proyectos de programas propios del CUI-UPO para estudiantes de otros<br \/>\npa\u00edses, incorporando sus correspondientes propuestas presupuestarias. En particular, desarrollar programas de espa\u00f1ol para estudiantes de movilidad<br \/>\ninternacional y, en su caso, expedici\u00f3n de la correspondiente acreditaci\u00f3n del curso realizado.<br \/>\n2. Seleccionar al profesorado m\u00e1s adecuado para impartir los contenidos de los programas propios del CUI-UPO, favoreciendo la participaci\u00f3n equilibrada de<br \/>\nmujeres y hombres.<br \/>\n3. Difundir la oferta acad\u00e9mica del CUI-UPO y de la Universidad para estudiantes internacionales, en el marco de sus competencias, y de acuerdo con el plan<br \/>\nestrat\u00e9gico en materia de internacionalizaci\u00f3n.<br \/>\n4. Elaborar las bases de matriculaci\u00f3n, concretar los requisitos acad\u00e9micos para la inscripci\u00f3n y seleccionar al alumnado que ser\u00e1 admitido en los correspondientes programas del CUI-UPO.<br \/>\n5. Organizar y coordinar la orientaci\u00f3n de estudiantes CUI-UPO, colaborando a tal efecto con responsables de asociaciones, empresas y programas reglados de<br \/>\nintercambio.<br \/>\n6. Proponer la firma de convenios entre la Universidad Pablo de Olavide y otras universidades y entidades extranjeras, p\u00fablicas y privadas, a fin de facilitar la<br \/>\nincorporaci\u00f3n de estudiantes de otros pa\u00edses a los programas propios del CUI-UPO. Fomentar el inter\u00e9s de los estudiantes internacionales por el resto de estudios<br \/>\nimpartidos por la Universidad. Colaborar con los responsables de programas oficiales interuniversitarios y favorecer la participaci\u00f3n de los estudiantes de la<br \/>\nUniversidad en programas de movilidad internacional.<br \/>\n7. Coordinar y, en su caso, supervisar la impartici\u00f3n de los cursos de los programas del CUI-UPO y del resto de cursos y actividades que el CUI-UPO organice (tanto para estudiantes como para profesorado), velando por la correcta ejecuci\u00f3n de las funciones docentes y de los sistemas de evaluaci\u00f3n, as\u00ed como del \u00f3ptimo<br \/>\naprovechamiento de los estudios, mediante los correspondientes sistemas de vcontrol de la calidad.<br \/>\n8. Promover la integraci\u00f3n de estudiantes internacionales en la comunidad universitaria, fomentando adem\u00e1s la realizaci\u00f3n de actividades de extensi\u00f3n<br \/>\nuniversitaria, relacionadas con los \u00e1mbitos de actuaci\u00f3n del CUI-UPO, entre estudiantes del CUI-UPO y, en general, de la Universidad.<br \/>\n9. Supervisar la gesti\u00f3n econ\u00f3mica del CUI-UPO y la ejecuci\u00f3n del presupuesto previamente realizado y aprobado.<br \/>\n10. Elaborar la memoria anual de actividades del CUI-UPO y elevarla a los \u00f3rganos de gobierno de la Universidad para su eventual aprobaci\u00f3n.<br \/>\n11. Elevar al Vicerrectorado con competencias en la materia las propuestas de mejora y las iniciativas que se consideren convenientes en relaci\u00f3n con las actividades de estudiantes internacionales en la Universidad.<\/p>\n<p><strong>Art\u00edculo 6. Direcci\u00f3n<\/strong><br \/>\n1. El CUI-UPO depender\u00e1 jer\u00e1rquicamente del Vicerrectorado competente en materia de internacionalizaci\u00f3n, si bien se encomienda su gesti\u00f3n administrativa y<br \/>\necon\u00f3mica a la Fundaci\u00f3n Universidad-Sociedad.<br \/>\n2. Para el adecuado cumplimiento de sus funciones, el CUI-UPO contar\u00e1 con un<br \/>\nDirector o Directora Acad\u00e9mico.<br \/>\n3. El Director o Directora del CUI-UPO tendr\u00e1 la categor\u00eda de director o directora de departamento y se nombrar\u00e1 por el Rector o Rectora, o\u00eddo el Consejo de Gobierno, de entre el profesorado doctor con vinculaci\u00f3n permanente que preste sus servicios en la Universidad. Le corresponder\u00e1 la supervisi\u00f3n de las funciones del CUI-UPO.<br \/>\nCesar\u00e1 por decisi\u00f3n del Rector o Rectora, por renuncia, por incompatibilidad sobrevenida o por p\u00e9rdida de alguna de las condiciones precisas para su<br \/>\nnombramiento.<\/p>\n<p><strong>Art\u00edculo 7. Programas propios<\/strong><br \/>\n1. El Vicerrectorado con competencias en Formaci\u00f3n Permanente aprobar\u00e1 la oferta acad\u00e9mica que impartir\u00e1 el CUI-UPO. Dicho programa formativo podr\u00e1 tener una duraci\u00f3n flexible, seg\u00fan las necesidades y el r\u00e9gimen acad\u00e9mico previsto<br \/>\n2. Todo el profesorado, departamentos y centros de la Universidad podr\u00e1n dirigir al CUI-UPO propuestas de programas de estudios. En todo caso, la propuestacomprender\u00e1 los requisitos m\u00ednimos de la memoria de cada programa que se especifican en el p\u00e1rrafo siguiente. El CUI-UPO procurar\u00e1 y estimular\u00e1 la<br \/>\nparticipaci\u00f3n de todos los \u00f3rganos y centros acad\u00e9micos para la elaboraci\u00f3n y coordinaci\u00f3n de los programas propios y del resto de cursos del CUI- UPO.<br \/>\n3. El proyecto de cada programa propio contendr\u00e1 al menos informaci\u00f3n detallada sobre fines, inter\u00e9s acad\u00e9mico, materias que lo conforman, con sus descriptores y asignaci\u00f3n de cr\u00e9ditos, necesidades de profesorado, planificaci\u00f3n de la actividad lectiva, previsi\u00f3n de la organizaci\u00f3n de horarios y espacios, r\u00e9gimen de evaluaci\u00f3n, control de asistencia y r\u00e9gimen de pr\u00e1cticas, si procede. Contendr\u00e1 tambi\u00e9n una memoria presupuestaria, en la que se especificar\u00e1n los costes previstos, el plan de financiaci\u00f3n y, con base en el precio de la matr\u00edcula, el n\u00famero m\u00ednimo de alumnado necesario para la viabilidad econ\u00f3mica del programa. Los programas podr\u00e1n responder a una unidad tem\u00e1tica o a una formaci\u00f3n multidisciplinar.<br \/>\n4. El CUI-UPO expedir\u00e1 a los estudiantes los certificados correspondientes de cada uno de sus programas, incluyendo los cr\u00e9ditos cursados y los resultados de la<br \/>\nevaluaci\u00f3n. En el caso de otros cursos organizados, el propio CUI-UPO expedir\u00e1 diplomas acreditativos o colaborar\u00e1 para que otras entidades lo hagan, cuando<br \/>\ntengan atribuciones sobre tal cometido.<\/p>\n<p><strong>Art\u00edculo 8. Profesorado<\/strong><br \/>\n1. Las asignaturas de los programas y los cursos del CUI-UPO ser\u00e1n impartidos, preferentemente, por profesorado de la Universidad especializado en la materia<br \/>\ncorrespondiente. Esta docencia no implicar\u00e1 una reducci\u00f3n en su carga docente.<br \/>\n2. El profesorado a tiempo completo de la UPO no podr\u00e1 asumir una docencia superior a 75 horas anuales\/30% de la carga lectiva en la UPO de acuerdo con la<br \/>\nnormativa en vigor que regula el r\u00e9gimen de incompatibilidades de los empleados p\u00fablicos. En el caso de que un profesor o profesora de la UPO recibiese un encargo superior a las 75 horas anuales, deber\u00e1 contar con la aprobaci\u00f3n del Departamento y del vicerrectorado con competencias en materia de profesorado, no pudiendo superar las 108 horas anuales en ning\u00fan caso.<br \/>\n3. Cuando por necesidades docentes se precise m\u00e1s profesorado para cubrir vacantes, se realizar\u00e1 un llamamiento a trav\u00e9s de los Departamento ofertando la<br \/>\ndocencia del CUI a cubrir.<br \/>\n4. Cuando, por falta de disponibilidad, determinadas materias no puedan ser impartidas por profesorado de la Universidad, se podr\u00e1 contratar profesorado<br \/>\nexterno, ya sea profesorado universitario o profesionales de reconocido prestigio cuyos honorarios correr\u00e1n a cargo de la financiaci\u00f3n propia de cada programa.<\/p>\n<p><strong>Art\u00edculo 9. Alumnado<\/strong><br \/>\n1. En los programas propios ofertados por el CUI-UPO podr\u00e1 matricularse alumnado no nacional, comunitario o extracomunitario, siempre que cumpla las<br \/>\ndos condiciones siguientes:<br \/>\na) Estar en posesi\u00f3n de titulaci\u00f3n escolar equivalente al t\u00edtulo espa\u00f1ol de Bachillerato.<br \/>\nb) Tener conocimientos b\u00e1sicos del idioma espa\u00f1ol, salvo que por la naturaleza del programa se exija un nivel superior.<br \/>\nc) Tener la nota m\u00ednima exigida por el programa al cual solicitan admisi\u00f3n.<br \/>\n2. El CUI-UPO establecer\u00e1 un n\u00famero m\u00e1ximo de alumnado por curso o programa, asignatura y grupo. Cuando el n\u00famero de solicitantes excediera del<br \/>\ncupo previsto, se aplicar\u00e1n criterios de selecci\u00f3n basados en el m\u00e9rito y la capacidad.<br \/>\n3. Al alumnado que infrinja la Normativa de Evaluaci\u00f3n de la Universidad o acceda a un programa de forma fraudulenta, se le aplicar\u00e1n las medidas disciplinarias<br \/>\nlegalmente establecidas.<br \/>\n4. El alumnado del CUI-UPO tiene los mismos derechos y obligaciones que el resto del alumnado de la UPO. Igualmente, tendr\u00e1n derecho a participar en actividades de extensi\u00f3n universitaria organizadas por la UPO, siempre que cumplan con los requisitos que se establezcan oportunamente.<br \/>\n5. Los estudiantes deber\u00e1n disponer, antes de iniciar la estancia en la Universidad Pablo de Olavide, de un seguro de asistencia m\u00e9dica y cobertura sanitaria, de<br \/>\naccidentes y repatriaci\u00f3n.<\/p>\n<p><strong>Art\u00edculo 10. Financiaci\u00f3n y convenios<\/strong><br \/>\n1. La propuesta de presupuesto anual del CUI-UPO deber\u00e1 ser elevada, para su aprobaci\u00f3n, a los \u00f3rganos competentes de la Universidad en la fecha que \u00e9stos<br \/>\ndeterminen.<br \/>\n2. El CUI-UPO se autofinanciar\u00e1 a trav\u00e9s de su actividad acad\u00e9mica y la oferta de programas formativos propios dirigidos a estudiantes extranjeros.<\/p>\n<p><strong>Disposici\u00f3n Adicional primera<\/strong><br \/>\nEl CUI-UPO, en el ejercicio de las funciones que tiene encomendada, desarrollar\u00e1 la pol\u00edtica de igualdad de la Universidad Pablo de Olavide en respuesta a las<br \/>\nexigencias legislativas en esta materia.<\/p>\n<p><strong>Disposici\u00f3n Adicional segunda<\/strong><br \/>\nTodas las denominaciones contenidas en este Reglamento, referidas a \u00f3rganos unipersonales de gobierno y representaci\u00f3n, se entender\u00e1n realizadas y se<br \/>\nutilizar\u00e1n indistintamente en g\u00e9nero masculino o femenino, seg\u00fan el titular que lo desempe\u00f1e. Asimismo, el t\u00e9rmino estudiantes se deber\u00e1 entender siempre referido a las personas de uno y otro g\u00e9nero.<\/p>\n<p><strong>Disposici\u00f3n Derogatoria<\/strong><br \/>\nLa presente normativa deroga los art\u00edculos y apartados afectados de la Normativa del Centro Universitario Internacional y la letra d) del apartado \u201cSobre el<br \/>\nProfesorado\u201d de la Instrucci\u00f3n sobre la Gesti\u00f3n de las Actividades Formativas Espec\u00edficas por parte del Centro Universitario Internacional de la Universidad Pablo de Olavide de Sevilla, de fecha 13\/10\/2015.<\/p>\n<p><strong>Disposici\u00f3n Final Primera. Desarrollo y ejecuci\u00f3n<\/strong><br \/>\nSe faculta a la persona titular del Vicerrectorado competente en materia de internacionalizaci\u00f3n para dictar cuantas disposiciones sean necesarias para el<br \/>\ndesarrollo y ejecuci\u00f3n de la presente normativa.<\/p>\n<p><strong>Disposici\u00f3n Final Segunda. Entrada en vigor<\/strong><br \/>\nLa presente normativa entrar\u00e1 en vigor al d\u00eda siguiente de su publicaci\u00f3n en el Bolet\u00edn Oficial de la Universidad Pablo de Olavide.<\/p>\n<\/div>\n<\/div>\n<p>[\/vc_column_text][\/vc_column][\/vc_row][vc_row][vc_column][vc_btn title=&#8221;Descargar&#8221; color=&#8221;primary&#8221; i_icon_fontawesome=&#8221;fa fa-download&#8221; add_icon=&#8221;true&#8221; link=&#8221;url:https%3A%2F%2Fwww.upo.es%2Fintl%2Fwp-content%2Fuploads%2F2019%2F07%2FNueva_NormativaCUI-1.pdf|title:Normativa%20CUI%20UPO|target:%20_blank|&#8221;][\/vc_column][\/vc_row]<\/p>\n<\/div>","protected":false},"excerpt":{"rendered":"<p>[vc_row][vc_column][vc_column_text] NORMATIVA DEL CENTRO UNIVERSITARIO INTERNACIONAL DE LA UNIVERSIDAD PABLO DE OLAVIDE, DE SEVILLA (CUI-UPO) (Versi\u00f3n consolidada) PRE\u00c1MBULO Los Estatutos de la Universidad Pablo de Olavide, de Sevilla, en su art\u00edculo 173 define el Centro de Estudios para Extranjeros \u201ccomo una l\u00ednea b\u00e1sica en su estrat\u00e9gica docente\u201d a trav\u00e9s del cual \u201cla Universidad fomentar\u00e1 la [&hellip;]<\/p>\n","protected":false},"author":1,"featured_media":0,"parent":0,"menu_order":0,"comment_status":"closed","ping_status":"closed","template":"","meta":[],"yoast_head":"<!-- This site is optimized with the Yoast SEO plugin v18.3 - https:\/\/yoast.com\/wordpress\/plugins\/seo\/ -->\n<title>Normativa<\/title>\n<meta name=\"robots\" content=\"index, follow, max-snippet:-1, max-image-preview:large, max-video-preview:-1\" \/>\n<link rel=\"canonical\" href=\"https:\/\/www.upo.es\/intl\/normativa\/\" \/>\n<meta property=\"og:locale\" content=\"es_ES\" \/>\n<meta property=\"og:type\" content=\"article\" \/>\n<meta property=\"og:title\" content=\"Normativa\" \/>\n<meta property=\"og:description\" content=\"[vc_row][vc_column][vc_column_text] NORMATIVA DEL CENTRO UNIVERSITARIO INTERNACIONAL DE LA UNIVERSIDAD PABLO DE OLAVIDE, DE SEVILLA (CUI-UPO) (Versi\u00f3n consolidada) PRE\u00c1MBULO Los Estatutos de la Universidad Pablo de Olavide, de Sevilla, en su art\u00edculo 173 define el Centro de Estudios para Extranjeros \u201ccomo una l\u00ednea b\u00e1sica en su estrat\u00e9gica docente\u201d a trav\u00e9s del cual \u201cla Universidad fomentar\u00e1 la [&hellip;]\" \/>\n<meta property=\"og:url\" content=\"https:\/\/www.upo.es\/intl\/normativa\/\" \/>\n<meta property=\"og:site_name\" content=\"Centro Universitario Internacional UPO\" \/>\n<meta property=\"article:publisher\" content=\"https:\/\/www.facebook.com\/centrointernacionalUPO\/?ref=ts\" \/>\n<meta property=\"article:modified_time\" content=\"2019-07-15T11:20:12+00:00\" \/>\n<meta name=\"twitter:card\" content=\"summary_large_image\" \/>\n<meta name=\"twitter:site\" content=\"@CuiUpo\" \/>\n<meta name=\"twitter:label1\" content=\"Tiempo de lectura\" \/>\n\t<meta name=\"twitter:data1\" content=\"11 minutos\" \/>\n<script type=\"application\/ld+json\" class=\"yoast-schema-graph\">{\"@context\":\"https:\/\/schema.org\",\"@graph\":[{\"@type\":\"Organization\",\"@id\":\"https:\/\/www.upo.es\/intl\/#organization\",\"name\":\"Centro Universitario Internacional Universidad Pablo de Olavide\",\"url\":\"https:\/\/www.upo.es\/intl\/\",\"sameAs\":[\"https:\/\/www.facebook.com\/centrointernacionalUPO\/?ref=ts\",\"https:\/\/www.instagram.com\/cui_upo\/\",\"https:\/\/www.youtube.com\/channel\/UCXvTsTmrSF31BCW1Ukowlvg\",\"https:\/\/twitter.com\/CuiUpo\"],\"logo\":{\"@type\":\"ImageObject\",\"@id\":\"https:\/\/www.upo.es\/intl\/#logo\",\"inLanguage\":\"es\",\"url\":\"https:\/\/www.upo.es\/intl\/wp-content\/uploads\/2016\/07\/logo_fondo_UPO.png\",\"contentUrl\":\"https:\/\/www.upo.es\/intl\/wp-content\/uploads\/2016\/07\/logo_fondo_UPO.png\",\"width\":318,\"height\":120,\"caption\":\"Centro Universitario Internacional Universidad Pablo de Olavide\"},\"image\":{\"@id\":\"https:\/\/www.upo.es\/intl\/#logo\"}},{\"@type\":\"WebSite\",\"@id\":\"https:\/\/www.upo.es\/intl\/#website\",\"url\":\"https:\/\/www.upo.es\/intl\/\",\"name\":\"Centro Universitario Internacional UPO\",\"description\":\"Programas de corta y larga duraci\u00f3n de lengua y cultura espa\u00f1ola. Se imparten clases en espa\u00f1ol e ingl\u00e9s de diferentes materias\",\"publisher\":{\"@id\":\"https:\/\/www.upo.es\/intl\/#organization\"},\"potentialAction\":[{\"@type\":\"SearchAction\",\"target\":{\"@type\":\"EntryPoint\",\"urlTemplate\":\"https:\/\/www.upo.es\/intl\/?s={search_term_string}\"},\"query-input\":\"required name=search_term_string\"}],\"inLanguage\":\"es\"},{\"@type\":\"WebPage\",\"@id\":\"https:\/\/www.upo.es\/intl\/normativa\/#webpage\",\"url\":\"https:\/\/www.upo.es\/intl\/normativa\/\",\"name\":\"Normativa\",\"isPartOf\":{\"@id\":\"https:\/\/www.upo.es\/intl\/#website\"},\"datePublished\":\"2016-11-03T08:10:53+00:00\",\"dateModified\":\"2019-07-15T11:20:12+00:00\",\"breadcrumb\":{\"@id\":\"https:\/\/www.upo.es\/intl\/normativa\/#breadcrumb\"},\"inLanguage\":\"es\",\"potentialAction\":[{\"@type\":\"ReadAction\",\"target\":[\"https:\/\/www.upo.es\/intl\/normativa\/\"]}]},{\"@type\":\"BreadcrumbList\",\"@id\":\"https:\/\/www.upo.es\/intl\/normativa\/#breadcrumb\",\"itemListElement\":[{\"@type\":\"ListItem\",\"position\":1,\"name\":\"Portada\",\"item\":\"https:\/\/www.upo.es\/intl\/\"},{\"@type\":\"ListItem\",\"position\":2,\"name\":\"Normativa\"}]}]}<\/script>\n<!-- \/ Yoast SEO plugin. -->","yoast_head_json":{"title":"Normativa","robots":{"index":"index","follow":"follow","max-snippet":"max-snippet:-1","max-image-preview":"max-image-preview:large","max-video-preview":"max-video-preview:-1"},"canonical":"https:\/\/www.upo.es\/intl\/normativa\/","og_locale":"es_ES","og_type":"article","og_title":"Normativa","og_description":"[vc_row][vc_column][vc_column_text] NORMATIVA DEL CENTRO UNIVERSITARIO INTERNACIONAL DE LA UNIVERSIDAD PABLO DE OLAVIDE, DE SEVILLA (CUI-UPO) (Versi\u00f3n consolidada) PRE\u00c1MBULO Los Estatutos de la Universidad Pablo de Olavide, de Sevilla, en su art\u00edculo 173 define el Centro de Estudios para Extranjeros \u201ccomo una l\u00ednea b\u00e1sica en su estrat\u00e9gica docente\u201d a trav\u00e9s del cual \u201cla Universidad fomentar\u00e1 la [&hellip;]","og_url":"https:\/\/www.upo.es\/intl\/normativa\/","og_site_name":"Centro Universitario Internacional UPO","article_publisher":"https:\/\/www.facebook.com\/centrointernacionalUPO\/?ref=ts","article_modified_time":"2019-07-15T11:20:12+00:00","twitter_card":"summary_large_image","twitter_site":"@CuiUpo","twitter_misc":{"Tiempo de lectura":"11 minutos"},"schema":{"@context":"https:\/\/schema.org","@graph":[{"@type":"Organization","@id":"https:\/\/www.upo.es\/intl\/#organization","name":"Centro Universitario Internacional Universidad Pablo de Olavide","url":"https:\/\/www.upo.es\/intl\/","sameAs":["https:\/\/www.facebook.com\/centrointernacionalUPO\/?ref=ts","https:\/\/www.instagram.com\/cui_upo\/","https:\/\/www.youtube.com\/channel\/UCXvTsTmrSF31BCW1Ukowlvg","https:\/\/twitter.com\/CuiUpo"],"logo":{"@type":"ImageObject","@id":"https:\/\/www.upo.es\/intl\/#logo","inLanguage":"es","url":"https:\/\/www.upo.es\/intl\/wp-content\/uploads\/2016\/07\/logo_fondo_UPO.png","contentUrl":"https:\/\/www.upo.es\/intl\/wp-content\/uploads\/2016\/07\/logo_fondo_UPO.png","width":318,"height":120,"caption":"Centro Universitario Internacional Universidad Pablo de Olavide"},"image":{"@id":"https:\/\/www.upo.es\/intl\/#logo"}},{"@type":"WebSite","@id":"https:\/\/www.upo.es\/intl\/#website","url":"https:\/\/www.upo.es\/intl\/","name":"Centro Universitario Internacional UPO","description":"Programas de corta y larga duraci\u00f3n de lengua y cultura espa\u00f1ola. Se imparten clases en espa\u00f1ol e ingl\u00e9s de diferentes materias","publisher":{"@id":"https:\/\/www.upo.es\/intl\/#organization"},"potentialAction":[{"@type":"SearchAction","target":{"@type":"EntryPoint","urlTemplate":"https:\/\/www.upo.es\/intl\/?s={search_term_string}"},"query-input":"required name=search_term_string"}],"inLanguage":"es"},{"@type":"WebPage","@id":"https:\/\/www.upo.es\/intl\/normativa\/#webpage","url":"https:\/\/www.upo.es\/intl\/normativa\/","name":"Normativa","isPartOf":{"@id":"https:\/\/www.upo.es\/intl\/#website"},"datePublished":"2016-11-03T08:10:53+00:00","dateModified":"2019-07-15T11:20:12+00:00","breadcrumb":{"@id":"https:\/\/www.upo.es\/intl\/normativa\/#breadcrumb"},"inLanguage":"es","potentialAction":[{"@type":"ReadAction","target":["https:\/\/www.upo.es\/intl\/normativa\/"]}]},{"@type":"BreadcrumbList","@id":"https:\/\/www.upo.es\/intl\/normativa\/#breadcrumb","itemListElement":[{"@type":"ListItem","position":1,"name":"Portada","item":"https:\/\/www.upo.es\/intl\/"},{"@type":"ListItem","position":2,"name":"Normativa"}]}]}},"_links":{"self":[{"href":"https:\/\/www.upo.es\/intl\/wp-json\/wp\/v2\/pages\/4077"}],"collection":[{"href":"https:\/\/www.upo.es\/intl\/wp-json\/wp\/v2\/pages"}],"about":[{"href":"https:\/\/www.upo.es\/intl\/wp-json\/wp\/v2\/types\/page"}],"author":[{"embeddable":true,"href":"https:\/\/www.upo.es\/intl\/wp-json\/wp\/v2\/users\/1"}],"replies":[{"embeddable":true,"href":"https:\/\/www.upo.es\/intl\/wp-json\/wp\/v2\/comments?post=4077"}],"version-history":[{"count":5,"href":"https:\/\/www.upo.es\/intl\/wp-json\/wp\/v2\/pages\/4077\/revisions"}],"predecessor-version":[{"id":10718,"href":"https:\/\/www.upo.es\/intl\/wp-json\/wp\/v2\/pages\/4077\/revisions\/10718"}],"wp:attachment":[{"href":"https:\/\/www.upo.es\/intl\/wp-json\/wp\/v2\/media?parent=4077"}],"curies":[{"name":"wp","href":"https:\/\/api.w.org\/{rel}","templated":true}]}}