{"id":4128,"date":"2016-11-03T13:24:43","date_gmt":"2016-11-03T13:24:43","guid":{"rendered":"https:\/\/www.upo.es\/intl\/?page_id=4128"},"modified":"2024-02-12T13:35:08","modified_gmt":"2024-02-12T13:35:08","slug":"preguntas-frecuentes","status":"publish","type":"page","link":"https:\/\/www.upo.es\/intl\/preguntas-frecuentes\/","title":{"rendered":"Preguntas Frecuentes"},"content":{"rendered":"<div class=\"wpb-content-wrapper\"><p>[vc_row][vc_column][vc_single_image image=&#8221;4129&#8243; img_size=&#8221;full&#8221;][\/vc_column][\/vc_row][vc_row][vc_column][vc_tta_accordion style=&#8221;flat&#8221; shape=&#8221;square&#8221; color=&#8221;orange&#8221; spacing=&#8221;2&#8243; gap=&#8221;2&#8243; c_position=&#8221;right&#8221; active_section=&#8221;&#8221; no_fill=&#8221;true&#8221; collapsible_all=&#8221;true&#8221;][vc_tta_section title=&#8221;\u00bfC\u00f3mo s\u00e9 qu\u00e9 programa es el mejor para m\u00ed?&#8221; tab_id=&#8221;1478779215163-58e3db74-1936&#8243;][vc_column_text]Nosotros ofrecemos diferentes programas divididos entre cursos de corta y larga duraci\u00f3n. Adem\u00e1s cada uno de ellos tienes sus caracter\u00edsticas especiales. para m\u00e1s informaci\u00f3n\u00a0dir\u00edgite a la secci\u00f3n de programas[\/vc_column_text][\/vc_tta_section][vc_tta_section title=&#8221;\u00bfCu\u00e1ndo puedo estudiar?&#8221; tab_id=&#8221;1478779215312-e383a731-ddd6&#8243;][vc_column_text]Adem\u00e1s de los<span style=\"color: #0000ff;\"><strong><a style=\"color: #0000ff;\" href=\"https:\/\/www.upo.es\/intl\/estudios-multidisciplinares\/\" target=\"_blank\" rel=\"noopener\"> semestres de oto\u00f1o y primavera<\/a><\/strong><\/span>, ofrecemos dos semanas intensivas en <span style=\"color: #0000ff;\"><strong><a style=\"color: #0000ff;\" href=\"https:\/\/www.upo.es\/intl\/verano\/\" target=\"_blank\" rel=\"noopener\">verano<\/a><\/strong><\/span> y un curso intensivo en <span style=\"color: #0000ff;\"><strong><a style=\"color: #0000ff;\" href=\"https:\/\/www.upo.es\/intl\/curso-intensivo-de-enero\/\" target=\"_blank\" rel=\"noopener\">enero<\/a><\/strong><\/span> y otro en <span style=\"color: #0000ff;\"><strong><a style=\"color: #0000ff;\" href=\"https:\/\/www.upo.es\/intl\/curso-intensivo-de-septiembre\/\" target=\"_blank\" rel=\"noopener\">septiembre<\/a><\/strong><\/span>.[\/vc_column_text][\/vc_tta_section][vc_tta_section title=&#8221;\u00bfC\u00f3mo me matriculo?&#8221; tab_id=&#8221;1478779355574-5a9341c6-ec57&#8243;][vc_column_text]Sigue los siguientes pasos:<br \/>\n<strong>1<\/strong>.\u00a0Rellena nuestro formulario de matr\u00edcula o la matr\u00edcula online<br \/>\n<strong>2<\/strong>. Para los Programa de Estudios Disciplinares y de PIU necesitaremos recibir los siguientes documentos:<\/p>\n<ul>\n<li>Certificado de notas<\/li>\n<li>Carta de recomendaci\u00f3n<\/li>\n<li>Fotocopia de tu pasaporte o tarjeta de identificaci\u00f3n<\/li>\n<li>Foto tama\u00f1o pasaporte<\/li>\n<\/ul>\n<p><strong>3<\/strong>.\u00a0Enviar todos los documentos:<\/p>\n<ul>\n<li>Por email: <a href=\"mailto:intl@upo.es\" target=\"_blank\" rel=\"noopener\">intl@upo.es<\/a><\/li>\n<li>Por correo ordinario:<br \/>\nCentro Universitario Internacional<br \/>\nUniversidad Pablo de Olavide<br \/>\nAutov\u00eda A 376, Km 1. 41013. Sevilla<\/li>\n<\/ul>\n<p><strong>4<\/strong>.\u00a0Revisaremos tu matr\u00edcula y te informaremos con la mayor brevedad posible.[\/vc_column_text][\/vc_tta_section][vc_tta_section title=&#8221;\u00bfNecesito un visado para estudiar en la UPO?&#8221; tab_id=&#8221;1478779357863-f012f870-7ba1&#8243;][vc_column_text]Si eres un estudiante de los Estados Unidos o de otro pa\u00eds que no sea miembro de la Uni\u00f3n Europea, NECESITAR\u00c1S un visado antes de entrar en Espa\u00f1a si est\u00e1s en el pa\u00eds durante m\u00e1s de 3 meses. Por favor aseg\u00farate de seguir cuidadosamente las instrucciones para obtener visado del consulado correspondiente. Tambi\u00e9n a partir de mitad de 2025, la mayor\u00eda de los pa\u00edses de la EU, incluyendo a Espa\u00f1a, requerir\u00e1s una autorizaci\u00f3n de viajes ETIAS. Puedes encontrar m\u00e1s informaci\u00f3n <a href=\"https:\/\/travel-europe.europa.eu\/etias_en\" target=\"_blank\" rel=\"noopener\"><span style=\"color: #3366ff;\"><strong>aqu\u00ed<\/strong><\/span><\/a>.[\/vc_column_text][\/vc_tta_section][vc_tta_section title=&#8221;\u00bfCu\u00e1ntas clases debo cursar?&#8221; tab_id=&#8221;1478779358741-05ab3526-f842&#8243;][vc_column_text]En los programas semestrales, para que a un estudiante se le considere &#8220;estudiante a tiempo completo&#8221; (FULL TIME) normalmente debe cursar entre 24-30 cr\u00e9ditos ECTS (12-15 cr\u00e9ditos US) que equivalen a 4-5 clases.[\/vc_column_text][\/vc_tta_section][vc_tta_section title=&#8221;\u00bfDebo tener conocimientos de espa\u00f1ol para estudiar en la UPO?&#8221; tab_id=&#8221;1478779359717-7faa19c1-9686&#8243;][vc_column_text]NO. La UPO y el Centro Universitario Internacional ofrece una gran variedad de cursos tanto en espa\u00f1ol como en ingl\u00e9s en sus programas semestrales. Para m\u00e1s informaci\u00f3n consultar la oferta de cursos de los diferentes programas.<\/p>\n<p><a href=\"https:\/\/www.upo.es\/intl\/estudios-multidisciplinares\/\"><strong><span style=\"color: #0000ff;\">Programa de Estudios Multidisciplinares<\/span><\/strong><\/a><\/p>\n<p><a href=\"https:\/\/www.upo.es\/intl\/programa-de-integracion-universitaria\/\" target=\"_blank\" rel=\"noopener\"><span style=\"color: #0000ff;\"><strong>Programa de Integraci\u00f3n Universitaria\u00a0<\/strong><\/span><\/a>[\/vc_column_text][\/vc_tta_section][vc_tta_section title=&#8221;\u00bfVan a transferir mis cr\u00e9ditos a mi Universidad?&#8221; tab_id=&#8221;1478782280697-7cde18cf-745d&#8221;][vc_column_text]La UPO es una universidad p\u00fablica oficial as\u00ed que los cr\u00e9ditos expedidos deber\u00edan transferirse sin problema a tu universidad de origen. De todas formas, es importante que consultes con tu consejero en tu universidad sobre las clases que quieres cursar. Los programas de nuestros cursos de Estudios Multidisciplinares los puedes encontrar colgados en la web <a href=\"https:\/\/www.upo.es\/intl\/oferta-de-cursos-programa-de-estudios-hispanicos\/\">aqu\u00ed<\/a>.[\/vc_column_text][\/vc_tta_section][\/vc_tta_accordion][\/vc_column][\/vc_row]<\/p>\n<\/div>","protected":false},"excerpt":{"rendered":"<p>[vc_row][vc_column][vc_single_image image=&#8221;4129&#8243; img_size=&#8221;full&#8221;][\/vc_column][\/vc_row][vc_row][vc_column][vc_tta_accordion style=&#8221;flat&#8221; shape=&#8221;square&#8221; color=&#8221;orange&#8221; spacing=&#8221;2&#8243; gap=&#8221;2&#8243; c_position=&#8221;right&#8221; active_section=&#8221;&#8221; no_fill=&#8221;true&#8221; collapsible_all=&#8221;true&#8221;][vc_tta_section title=&#8221;\u00bfC\u00f3mo s\u00e9 qu\u00e9 programa es el mejor para m\u00ed?&#8221; tab_id=&#8221;1478779215163-58e3db74-1936&#8243;][vc_column_text]Nosotros ofrecemos diferentes programas divididos entre cursos de corta y larga duraci\u00f3n. Adem\u00e1s cada uno de ellos tienes sus caracter\u00edsticas especiales. para m\u00e1s informaci\u00f3n\u00a0dir\u00edgite a la secci\u00f3n de programas[\/vc_column_text][\/vc_tta_section][vc_tta_section title=&#8221;\u00bfCu\u00e1ndo puedo estudiar?&#8221; tab_id=&#8221;1478779215312-e383a731-ddd6&#8243;][vc_column_text]Adem\u00e1s de [&hellip;]<\/p>\n","protected":false},"author":1,"featured_media":0,"parent":0,"menu_order":0,"comment_status":"closed","ping_status":"closed","template":"","meta":[],"yoast_head":"<!-- This site is optimized with the Yoast SEO plugin v18.3 - https:\/\/yoast.com\/wordpress\/plugins\/seo\/ -->\n<title>Preguntas Frecuentes<\/title>\n<meta name=\"robots\" content=\"index, follow, max-snippet:-1, max-image-preview:large, max-video-preview:-1\" \/>\n<link rel=\"canonical\" href=\"https:\/\/www.upo.es\/intl\/preguntas-frecuentes\/\" \/>\n<meta property=\"og:locale\" content=\"es_ES\" \/>\n<meta property=\"og:type\" content=\"article\" \/>\n<meta property=\"og:title\" content=\"Preguntas Frecuentes\" \/>\n<meta property=\"og:description\" content=\"[vc_row][vc_column][vc_single_image image=&#8221;4129&#8243; img_size=&#8221;full&#8221;][\/vc_column][\/vc_row][vc_row][vc_column][vc_tta_accordion style=&#8221;flat&#8221; shape=&#8221;square&#8221; color=&#8221;orange&#8221; spacing=&#8221;2&#8243; gap=&#8221;2&#8243; c_position=&#8221;right&#8221; active_section=&#8221;&#8221; no_fill=&#8221;true&#8221; collapsible_all=&#8221;true&#8221;][vc_tta_section title=&#8221;\u00bfC\u00f3mo s\u00e9 qu\u00e9 programa es el mejor para m\u00ed?&#8221; tab_id=&#8221;1478779215163-58e3db74-1936&#8243;][vc_column_text]Nosotros ofrecemos diferentes programas divididos entre cursos de corta y larga duraci\u00f3n. Adem\u00e1s cada uno de ellos tienes sus caracter\u00edsticas especiales. para m\u00e1s informaci\u00f3n\u00a0dir\u00edgite a la secci\u00f3n de programas[\/vc_column_text][\/vc_tta_section][vc_tta_section title=&#8221;\u00bfCu\u00e1ndo puedo estudiar?&#8221; tab_id=&#8221;1478779215312-e383a731-ddd6&#8243;][vc_column_text]Adem\u00e1s de [&hellip;]\" \/>\n<meta property=\"og:url\" content=\"https:\/\/www.upo.es\/intl\/preguntas-frecuentes\/\" \/>\n<meta property=\"og:site_name\" content=\"Centro Universitario Internacional UPO\" \/>\n<meta property=\"article:publisher\" content=\"https:\/\/www.facebook.com\/centrointernacionalUPO\/?ref=ts\" \/>\n<meta property=\"article:modified_time\" content=\"2024-02-12T13:35:08+00:00\" \/>\n<meta name=\"twitter:card\" content=\"summary_large_image\" \/>\n<meta name=\"twitter:site\" content=\"@CuiUpo\" \/>\n<meta name=\"twitter:label1\" content=\"Tiempo de lectura\" \/>\n\t<meta name=\"twitter:data1\" content=\"2 minutos\" \/>\n<script type=\"application\/ld+json\" class=\"yoast-schema-graph\">{\"@context\":\"https:\/\/schema.org\",\"@graph\":[{\"@type\":\"Organization\",\"@id\":\"https:\/\/www.upo.es\/intl\/#organization\",\"name\":\"Centro Universitario Internacional Universidad Pablo de Olavide\",\"url\":\"https:\/\/www.upo.es\/intl\/\",\"sameAs\":[\"https:\/\/www.facebook.com\/centrointernacionalUPO\/?ref=ts\",\"https:\/\/www.instagram.com\/cui_upo\/\",\"https:\/\/www.youtube.com\/channel\/UCXvTsTmrSF31BCW1Ukowlvg\",\"https:\/\/twitter.com\/CuiUpo\"],\"logo\":{\"@type\":\"ImageObject\",\"@id\":\"https:\/\/www.upo.es\/intl\/#logo\",\"inLanguage\":\"es\",\"url\":\"https:\/\/www.upo.es\/intl\/wp-content\/uploads\/2016\/07\/logo_fondo_UPO.png\",\"contentUrl\":\"https:\/\/www.upo.es\/intl\/wp-content\/uploads\/2016\/07\/logo_fondo_UPO.png\",\"width\":318,\"height\":120,\"caption\":\"Centro Universitario Internacional Universidad Pablo de Olavide\"},\"image\":{\"@id\":\"https:\/\/www.upo.es\/intl\/#logo\"}},{\"@type\":\"WebSite\",\"@id\":\"https:\/\/www.upo.es\/intl\/#website\",\"url\":\"https:\/\/www.upo.es\/intl\/\",\"name\":\"Centro Universitario Internacional UPO\",\"description\":\"Programas de corta y larga duraci\u00f3n de lengua y cultura espa\u00f1ola. Se imparten clases en espa\u00f1ol e ingl\u00e9s de diferentes materias\",\"publisher\":{\"@id\":\"https:\/\/www.upo.es\/intl\/#organization\"},\"potentialAction\":[{\"@type\":\"SearchAction\",\"target\":{\"@type\":\"EntryPoint\",\"urlTemplate\":\"https:\/\/www.upo.es\/intl\/?s={search_term_string}\"},\"query-input\":\"required name=search_term_string\"}],\"inLanguage\":\"es\"},{\"@type\":\"WebPage\",\"@id\":\"https:\/\/www.upo.es\/intl\/preguntas-frecuentes\/#webpage\",\"url\":\"https:\/\/www.upo.es\/intl\/preguntas-frecuentes\/\",\"name\":\"Preguntas Frecuentes\",\"isPartOf\":{\"@id\":\"https:\/\/www.upo.es\/intl\/#website\"},\"datePublished\":\"2016-11-03T13:24:43+00:00\",\"dateModified\":\"2024-02-12T13:35:08+00:00\",\"breadcrumb\":{\"@id\":\"https:\/\/www.upo.es\/intl\/preguntas-frecuentes\/#breadcrumb\"},\"inLanguage\":\"es\",\"potentialAction\":[{\"@type\":\"ReadAction\",\"target\":[\"https:\/\/www.upo.es\/intl\/preguntas-frecuentes\/\"]}]},{\"@type\":\"BreadcrumbList\",\"@id\":\"https:\/\/www.upo.es\/intl\/preguntas-frecuentes\/#breadcrumb\",\"itemListElement\":[{\"@type\":\"ListItem\",\"position\":1,\"name\":\"Portada\",\"item\":\"https:\/\/www.upo.es\/intl\/\"},{\"@type\":\"ListItem\",\"position\":2,\"name\":\"Preguntas Frecuentes\"}]}]}<\/script>\n<!-- \/ Yoast SEO plugin. -->","yoast_head_json":{"title":"Preguntas Frecuentes","robots":{"index":"index","follow":"follow","max-snippet":"max-snippet:-1","max-image-preview":"max-image-preview:large","max-video-preview":"max-video-preview:-1"},"canonical":"https:\/\/www.upo.es\/intl\/preguntas-frecuentes\/","og_locale":"es_ES","og_type":"article","og_title":"Preguntas Frecuentes","og_description":"[vc_row][vc_column][vc_single_image image=&#8221;4129&#8243; img_size=&#8221;full&#8221;][\/vc_column][\/vc_row][vc_row][vc_column][vc_tta_accordion style=&#8221;flat&#8221; shape=&#8221;square&#8221; color=&#8221;orange&#8221; spacing=&#8221;2&#8243; gap=&#8221;2&#8243; c_position=&#8221;right&#8221; active_section=&#8221;&#8221; no_fill=&#8221;true&#8221; collapsible_all=&#8221;true&#8221;][vc_tta_section title=&#8221;\u00bfC\u00f3mo s\u00e9 qu\u00e9 programa es el mejor para m\u00ed?&#8221; tab_id=&#8221;1478779215163-58e3db74-1936&#8243;][vc_column_text]Nosotros ofrecemos diferentes programas divididos entre cursos de corta y larga duraci\u00f3n. Adem\u00e1s cada uno de ellos tienes sus caracter\u00edsticas especiales. para m\u00e1s informaci\u00f3n\u00a0dir\u00edgite a la secci\u00f3n de programas[\/vc_column_text][\/vc_tta_section][vc_tta_section title=&#8221;\u00bfCu\u00e1ndo puedo estudiar?&#8221; tab_id=&#8221;1478779215312-e383a731-ddd6&#8243;][vc_column_text]Adem\u00e1s de [&hellip;]","og_url":"https:\/\/www.upo.es\/intl\/preguntas-frecuentes\/","og_site_name":"Centro Universitario Internacional UPO","article_publisher":"https:\/\/www.facebook.com\/centrointernacionalUPO\/?ref=ts","article_modified_time":"2024-02-12T13:35:08+00:00","twitter_card":"summary_large_image","twitter_site":"@CuiUpo","twitter_misc":{"Tiempo de lectura":"2 minutos"},"schema":{"@context":"https:\/\/schema.org","@graph":[{"@type":"Organization","@id":"https:\/\/www.upo.es\/intl\/#organization","name":"Centro Universitario Internacional Universidad Pablo de Olavide","url":"https:\/\/www.upo.es\/intl\/","sameAs":["https:\/\/www.facebook.com\/centrointernacionalUPO\/?ref=ts","https:\/\/www.instagram.com\/cui_upo\/","https:\/\/www.youtube.com\/channel\/UCXvTsTmrSF31BCW1Ukowlvg","https:\/\/twitter.com\/CuiUpo"],"logo":{"@type":"ImageObject","@id":"https:\/\/www.upo.es\/intl\/#logo","inLanguage":"es","url":"https:\/\/www.upo.es\/intl\/wp-content\/uploads\/2016\/07\/logo_fondo_UPO.png","contentUrl":"https:\/\/www.upo.es\/intl\/wp-content\/uploads\/2016\/07\/logo_fondo_UPO.png","width":318,"height":120,"caption":"Centro Universitario Internacional Universidad Pablo de Olavide"},"image":{"@id":"https:\/\/www.upo.es\/intl\/#logo"}},{"@type":"WebSite","@id":"https:\/\/www.upo.es\/intl\/#website","url":"https:\/\/www.upo.es\/intl\/","name":"Centro Universitario Internacional UPO","description":"Programas de corta y larga duraci\u00f3n de lengua y cultura espa\u00f1ola. Se imparten clases en espa\u00f1ol e ingl\u00e9s de diferentes materias","publisher":{"@id":"https:\/\/www.upo.es\/intl\/#organization"},"potentialAction":[{"@type":"SearchAction","target":{"@type":"EntryPoint","urlTemplate":"https:\/\/www.upo.es\/intl\/?s={search_term_string}"},"query-input":"required name=search_term_string"}],"inLanguage":"es"},{"@type":"WebPage","@id":"https:\/\/www.upo.es\/intl\/preguntas-frecuentes\/#webpage","url":"https:\/\/www.upo.es\/intl\/preguntas-frecuentes\/","name":"Preguntas Frecuentes","isPartOf":{"@id":"https:\/\/www.upo.es\/intl\/#website"},"datePublished":"2016-11-03T13:24:43+00:00","dateModified":"2024-02-12T13:35:08+00:00","breadcrumb":{"@id":"https:\/\/www.upo.es\/intl\/preguntas-frecuentes\/#breadcrumb"},"inLanguage":"es","potentialAction":[{"@type":"ReadAction","target":["https:\/\/www.upo.es\/intl\/preguntas-frecuentes\/"]}]},{"@type":"BreadcrumbList","@id":"https:\/\/www.upo.es\/intl\/preguntas-frecuentes\/#breadcrumb","itemListElement":[{"@type":"ListItem","position":1,"name":"Portada","item":"https:\/\/www.upo.es\/intl\/"},{"@type":"ListItem","position":2,"name":"Preguntas Frecuentes"}]}]}},"_links":{"self":[{"href":"https:\/\/www.upo.es\/intl\/wp-json\/wp\/v2\/pages\/4128"}],"collection":[{"href":"https:\/\/www.upo.es\/intl\/wp-json\/wp\/v2\/pages"}],"about":[{"href":"https:\/\/www.upo.es\/intl\/wp-json\/wp\/v2\/types\/page"}],"author":[{"embeddable":true,"href":"https:\/\/www.upo.es\/intl\/wp-json\/wp\/v2\/users\/1"}],"replies":[{"embeddable":true,"href":"https:\/\/www.upo.es\/intl\/wp-json\/wp\/v2\/comments?post=4128"}],"version-history":[{"count":16,"href":"https:\/\/www.upo.es\/intl\/wp-json\/wp\/v2\/pages\/4128\/revisions"}],"predecessor-version":[{"id":19846,"href":"https:\/\/www.upo.es\/intl\/wp-json\/wp\/v2\/pages\/4128\/revisions\/19846"}],"wp:attachment":[{"href":"https:\/\/www.upo.es\/intl\/wp-json\/wp\/v2\/media?parent=4128"}],"curies":[{"name":"wp","href":"https:\/\/api.w.org\/{rel}","templated":true}]}}