{"id":3879,"date":"2024-12-21T17:06:51","date_gmt":"2024-12-21T17:06:51","guid":{"rendered":"https:\/\/www.upo.es\/investiga\/HUM-680\/?page_id=3879"},"modified":"2025-10-05T15:57:22","modified_gmt":"2025-10-05T15:57:22","slug":"alberto-mariano-rodriguez-martinez-publicaciones","status":"publish","type":"page","link":"https:\/\/www.upo.es\/investiga\/HUM-680\/alberto-mariano-rodriguez-martinez-publicaciones\/","title":{"rendered":"Alberto Mariano Rodr\u00edguez Mart\u00ednez &#8211; Publicaciones"},"content":{"rendered":"\t\t<div data-elementor-type=\"wp-page\" data-elementor-id=\"3879\" class=\"elementor elementor-3879\">\n\t\t\t\t\t\t<section class=\"elementor-section elementor-top-section elementor-element elementor-element-f57c933 elementor-section-full_width elementor-section-stretched elementor-section-height-default elementor-section-height-default\" data-id=\"f57c933\" data-element_type=\"section\" data-settings=\"{&quot;stretch_section&quot;:&quot;section-stretched&quot;,&quot;background_background&quot;:&quot;classic&quot;}\">\n\t\t\t\t\t\t<div class=\"elementor-container elementor-column-gap-default\">\n\t\t\t\t\t<div class=\"elementor-column elementor-col-100 elementor-top-column elementor-element elementor-element-a7be517\" data-id=\"a7be517\" data-element_type=\"column\">\n\t\t\t<div class=\"elementor-widget-wrap elementor-element-populated\">\n\t\t\t\t\t\t<div class=\"elementor-element elementor-element-17bb708 elementor-widget elementor-widget-text-editor\" data-id=\"17bb708\" data-element_type=\"widget\" data-widget_type=\"text-editor.default\">\n\t\t\t\t<div class=\"elementor-widget-container\">\n\t\t\t\t\t\t\t\t\t<p style=\"text-align: right;\"><em>Geometry<\/em>, Frans Floris (1557)<\/p>\t\t\t\t\t\t\t\t<\/div>\n\t\t\t\t<\/div>\n\t\t\t\t<div class=\"elementor-element elementor-element-e3e25ca elementor-widget__width-initial elementor-widget elementor-widget-heading\" data-id=\"e3e25ca\" data-element_type=\"widget\" data-widget_type=\"heading.default\">\n\t\t\t\t<div class=\"elementor-widget-container\">\n\t\t\t\t\t<h2 class=\"elementor-heading-title elementor-size-default\">Estudios sobre Europa, <br>el mundo mediterr\u00e1neo<br>y su difusi\u00f3n atl\u00e1ntica<br>(HUM 680)<\/h2>\t\t\t\t<\/div>\n\t\t\t\t<\/div>\n\t\t\t\t\t<\/div>\n\t\t<\/div>\n\t\t\t\t\t<\/div>\n\t\t<\/section>\n\t\t\t\t<section class=\"elementor-section elementor-top-section elementor-element elementor-element-b3cd163 elementor-section-boxed elementor-section-height-default elementor-section-height-default\" data-id=\"b3cd163\" data-element_type=\"section\">\n\t\t\t\t\t\t<div class=\"elementor-container elementor-column-gap-default\">\n\t\t\t\t\t<div class=\"elementor-column elementor-col-100 elementor-top-column elementor-element elementor-element-2603654\" data-id=\"2603654\" data-element_type=\"column\">\n\t\t\t<div class=\"elementor-widget-wrap elementor-element-populated\">\n\t\t\t\t\t\t<div class=\"elementor-element elementor-element-8719bb9 elementor-widget elementor-widget-spacer\" data-id=\"8719bb9\" data-element_type=\"widget\" data-widget_type=\"spacer.default\">\n\t\t\t\t<div class=\"elementor-widget-container\">\n\t\t\t\t\t\t\t<div class=\"elementor-spacer\">\n\t\t\t<div class=\"elementor-spacer-inner\"><\/div>\n\t\t<\/div>\n\t\t\t\t\t\t<\/div>\n\t\t\t\t<\/div>\n\t\t\t\t\t<\/div>\n\t\t<\/div>\n\t\t\t\t\t<\/div>\n\t\t<\/section>\n\t\t\t\t<section class=\"elementor-section elementor-top-section elementor-element elementor-element-28aaf35 elementor-section-boxed elementor-section-height-default elementor-section-height-default\" data-id=\"28aaf35\" data-element_type=\"section\">\n\t\t\t\t\t\t<div class=\"elementor-container elementor-column-gap-default\">\n\t\t\t\t\t<div class=\"elementor-column elementor-col-50 elementor-top-column elementor-element elementor-element-f376d57\" data-id=\"f376d57\" data-element_type=\"column\">\n\t\t\t<div class=\"elementor-widget-wrap elementor-element-populated\">\n\t\t\t\t\t\t<div class=\"elementor-element elementor-element-bde57e9 elementor-widget elementor-widget-qi_addons_for_elementor_banner\" data-id=\"bde57e9\" data-element_type=\"widget\" data-widget_type=\"qi_addons_for_elementor_banner.default\">\n\t\t\t\t<div class=\"elementor-widget-container\">\n\t\t\t\t\t<div class=\"qodef-shortcode qodef-m qodef-qi-banner qodef-layout--standard qodef-vertical--bottom qodef-horizontal--left qodef-image--hover-zoom\">\n\t<div class=\"qodef-m-image\">\n\t<img fetchpriority=\"high\" decoding=\"async\" width=\"664\" height=\"1000\" src=\"https:\/\/www.upo.es\/investiga\/HUM-680\/wp-content\/uploads\/2024\/12\/817lNZYNfwL._AC_UF10001000_QL80_.jpg\" class=\"attachment-full size-full\" alt=\"\" srcset=\"https:\/\/www.upo.es\/investiga\/HUM-680\/wp-content\/uploads\/2024\/12\/817lNZYNfwL._AC_UF10001000_QL80_.jpg 664w, https:\/\/www.upo.es\/investiga\/HUM-680\/wp-content\/uploads\/2024\/12\/817lNZYNfwL._AC_UF10001000_QL80_-199x300.jpg 199w\" sizes=\"(max-width: 664px) 100vw, 664px\" \/><\/div>\n\t<div class=\"qodef-m-content\">\n\t\t<div class=\"qodef-m-content-inner\">\n\t\t\t\t\t\t\t\t\t\t\t\t\t\t<\/div>\n\t<\/div>\n\t\t<a itemprop=\"url\" href=\"https:\/\/brill.com\/display\/title\/65098?rskey=ySuxkG&#038;result=5\" class=\"qodef-m-banner-link\" target=\"_self\"><\/a>\n<\/div>\n\t\t\t\t<\/div>\n\t\t\t\t<\/div>\n\t\t\t\t<div class=\"elementor-element elementor-element-4bbed72 elementor-widget elementor-widget-text-editor\" data-id=\"4bbed72\" data-element_type=\"widget\" data-widget_type=\"text-editor.default\">\n\t\t\t\t<div class=\"elementor-widget-container\">\n\t\t\t\t\t\t\t\t\t<div class=\"elementor-element elementor-element-cce8005 elementor-widget elementor-widget-text-editor\" data-id=\"cce8005\" data-element_type=\"widget\" data-widget_type=\"text-editor.default\">\n<div class=\"elementor-widget-container\">\n<p style=\"text-align: justify;\"><strong><u>Cap\u00edtulo de libro<\/u>:<span>\u00a0<\/span><span>\u00ab<\/span>The Union of Utrecht An Unfinished Constitutional Definition between Federalism and Particularism in the Low Countries (1579\u20131621)<span>\u00bb<\/span><span>\u00a0<\/span>en<span>\u00a0<\/span><em>Constitutional Moments. Founding Myths, Charters and Constitutions through History<\/em><\/strong><\/p>\n\n<\/div>\n<\/div>\n<div class=\"elementor-element elementor-element-dad24cc elementor-widget elementor-widget-text-editor\" data-id=\"dad24cc\" data-element_type=\"widget\" data-widget_type=\"text-editor.default\">\n<div class=\"elementor-widget-container\">\n<p style=\"text-align: left;\">Disponible en:<span>\u00a0<\/span><a href=\"https:\/\/brill.com\/display\/title\/65098?rskey=ySuxkG&amp;result=5\">https:\/\/brill.com\/display\/title\/65098?rskey=ySuxkG&amp;result=5<\/a><\/p>\n<p style=\"text-align: justify;\"><span>Rodr\u00edguez Mart\u00ednez, A.M., \u00abThe Union of Utrecht\u00a0<i>An Unfinished Constitutional Definition between Federalism and Particularism in the Low Countries (1579\u20131621)\u00bb<\/i>\u00a0en Xavier Gil (ed.),\u00a0<\/span><em>Constitutional Moments Founding Myths, Charters and Constitutions through History<\/em><span>, Brill, 2023. ISBN 978-90-04-54913-5.<\/span><\/p>\n\n<\/div>\n<\/div>\t\t\t\t\t\t\t\t<\/div>\n\t\t\t\t<\/div>\n\t\t\t\t<div class=\"elementor-element elementor-element-e730243 elementor-widget elementor-widget-qi_addons_for_elementor_banner\" data-id=\"e730243\" data-element_type=\"widget\" data-widget_type=\"qi_addons_for_elementor_banner.default\">\n\t\t\t\t<div class=\"elementor-widget-container\">\n\t\t\t\t\t<div class=\"qodef-shortcode qodef-m qodef-qi-banner qodef-layout--standard qodef-vertical--bottom qodef-horizontal--left qodef-image--hover-zoom\">\n\t<div class=\"qodef-m-image\">\n\t<img decoding=\"async\" width=\"672\" height=\"948\" src=\"https:\/\/www.upo.es\/investiga\/HUM-680\/wp-content\/uploads\/2025\/10\/Captura-de-pantalla-2025-10-05-174305.png\" class=\"attachment-full size-full\" alt=\"\" srcset=\"https:\/\/www.upo.es\/investiga\/HUM-680\/wp-content\/uploads\/2025\/10\/Captura-de-pantalla-2025-10-05-174305.png 672w, https:\/\/www.upo.es\/investiga\/HUM-680\/wp-content\/uploads\/2025\/10\/Captura-de-pantalla-2025-10-05-174305-213x300.png 213w\" sizes=\"(max-width: 672px) 100vw, 672px\" \/><\/div>\n\t<div class=\"qodef-m-content\">\n\t\t<div class=\"qodef-m-content-inner\">\n\t\t\t\t\t\t\t\t\t\t\t\t\t\t<\/div>\n\t<\/div>\n\t\t<a itemprop=\"url\" href=\"https:\/\/brill.com\/display\/title\/65098?rskey=ySuxkG&#038;result=5\" class=\"qodef-m-banner-link\" target=\"_self\"><\/a>\n<\/div>\n\t\t\t\t<\/div>\n\t\t\t\t<\/div>\n\t\t\t\t<div class=\"elementor-element elementor-element-66fae1c elementor-widget elementor-widget-text-editor\" data-id=\"66fae1c\" data-element_type=\"widget\" data-widget_type=\"text-editor.default\">\n\t\t\t\t<div class=\"elementor-widget-container\">\n\t\t\t\t\t\t\t\t\t<div class=\"elementor-element elementor-element-cce8005 elementor-widget elementor-widget-text-editor\" data-id=\"cce8005\" data-element_type=\"widget\" data-widget_type=\"text-editor.default\"><div class=\"elementor-widget-container\"><div class=\"elementor-element elementor-element-54b6395 elementor-widget elementor-widget-text-editor\" data-id=\"54b6395\" data-element_type=\"widget\" data-widget_type=\"text-editor.default\"><div class=\"elementor-widget-container\"><p style=\"text-align: justify;\"><strong><u>Cap\u00edtulo de libro<\/u>:<span> \u00abTeatro de la paz y del poder. La entrada triunfal de los archiduques en la ciudad de Amberes en 1599\u00bb<\/span><span> e<\/span>n<span><em> Itinerarios urbanos y celebraciones p\u00fablicas en la monarqu\u00eda hisp\u00e1nica durante la Edad Moderna<\/em><br \/><\/span><\/strong><\/p><\/div><\/div><div class=\"elementor-element elementor-element-8d7b4b1 elementor-widget elementor-widget-text-editor\" data-id=\"8d7b4b1\" data-element_type=\"widget\" data-widget_type=\"text-editor.default\"><div class=\"elementor-widget-container\"><p style=\"text-align: left;\">Disponible en:<span>\u00a0<\/span><a href=\"https:\/\/editorial.tirant.com\/es\/libro\/itinerarios-urbanos-y-celebraciones-publicas-en-la-monarquia-hispanica-durante-la-edad-moderna-francisco-ollero-lobato-9788411830454?busqueda=itinerarios+urbanos&amp;\">https:\/\/editorial.tirant.com\/es\/libro\/itinerarios-urbanos-y-celebraciones-publicas-en-la-monarquia-hispanica-durante-la-edad-moderna-francisco-ollero-lobato-9788411830454?busqueda=itinerarios+urbanos&amp;https:\/\/brill.com\/display\/title\/65098?rskey=ySuxkG&amp;result=5<\/a><\/p><p><span>Rodr\u00edguez Mart\u00ednez, A. M.,\u00a0<\/span><strong>\u00ab<\/strong>Teatro de la paz y del poder. La entrada triunfal de los archiduques en la ciudad de Amberes en 1599<strong>\u00bb<\/strong>, en Francisco Ollero Lobato (ed.),<span>\u00a0<\/span><em>Itinerarios urbanos y celebraciones p\u00fablicas en la Monarqu\u00eda Hisp\u00e1nica durante la Edad Moderna<\/em>, Valencia, Tirant lo Blanch, 2023, pp. 359-374. ISBN 978-84-1183-045-4.<\/p><\/div><\/div><\/div><\/div>\t\t\t\t\t\t\t\t<\/div>\n\t\t\t\t<\/div>\n\t\t\t\t\t<\/div>\n\t\t<\/div>\n\t\t\t\t<div class=\"elementor-column elementor-col-50 elementor-top-column elementor-element elementor-element-dce8f02\" data-id=\"dce8f02\" data-element_type=\"column\">\n\t\t\t<div class=\"elementor-widget-wrap elementor-element-populated\">\n\t\t\t\t\t\t<div class=\"elementor-element elementor-element-48bc1cf elementor-widget elementor-widget-qi_addons_for_elementor_banner\" data-id=\"48bc1cf\" data-element_type=\"widget\" data-widget_type=\"qi_addons_for_elementor_banner.default\">\n\t\t\t\t<div class=\"elementor-widget-container\">\n\t\t\t\t\t<div class=\"qodef-shortcode qodef-m qodef-qi-banner qodef-layout--standard qodef-vertical--bottom qodef-horizontal--left qodef-image--hover-zoom\">\n\t<div class=\"qodef-m-image\">\n\t<img decoding=\"async\" width=\"664\" height=\"1000\" src=\"https:\/\/www.upo.es\/investiga\/HUM-680\/wp-content\/uploads\/2024\/12\/59-30-PB-1-1_page-0001.jpg.png\" class=\"attachment-full size-full\" alt=\"\" srcset=\"https:\/\/www.upo.es\/investiga\/HUM-680\/wp-content\/uploads\/2024\/12\/59-30-PB-1-1_page-0001.jpg.png 664w, https:\/\/www.upo.es\/investiga\/HUM-680\/wp-content\/uploads\/2024\/12\/59-30-PB-1-1_page-0001.jpg-199x300.png 199w\" sizes=\"(max-width: 664px) 100vw, 664px\" \/><\/div>\n\t<div class=\"qodef-m-content\">\n\t\t<div class=\"qodef-m-content-inner\">\n\t\t\t\t\t\t\t\t\t\t\t\t\t\t<\/div>\n\t<\/div>\n\t\t<a itemprop=\"url\" href=\"http:\/\/www.tiemposmodernos.org\/tm3\/index.php\/tm\/article\/view\/5824\" class=\"qodef-m-banner-link\" target=\"_self\"><\/a>\n<\/div>\n\t\t\t\t<\/div>\n\t\t\t\t<\/div>\n\t\t\t\t<div class=\"elementor-element elementor-element-b28b08a elementor-widget elementor-widget-text-editor\" data-id=\"b28b08a\" data-element_type=\"widget\" data-widget_type=\"text-editor.default\">\n\t\t\t\t<div class=\"elementor-widget-container\">\n\t\t\t\t\t\t\t\t\t<p><strong><span><span style=\"text-decoration: underline;\">Art\u00edculo<\/span>: \u00ab<\/span>La memoria de Carlos V en la ciudad de Gante durante el gobierno de los archiduques (1598-1621)<span>\u00bb<\/span>, en<span>\u00a0<\/span><em>Tiempos Modernos. Revista Electr\u00f3nica de Historia Moderna.<\/em><\/strong><\/p><p><span><a href=\"http:\/\/www.tiemposmodernos.org\/tm3\/index.php\/tm\/article\/view\/5824\">\u00abLa memoria de Carlos V en la ciudad de Gante durante el gobierno de los archiduques (1598-1621)\u00bb<\/a>,\u00a0<\/span><em>Tiempos Modernos. Revista Electr\u00f3nica de Historia Moderna<\/em><span>, 47, 2023, pp. 295-313.<\/span><\/p>\t\t\t\t\t\t\t\t<\/div>\n\t\t\t\t<\/div>\n\t\t\t\t<div class=\"elementor-element elementor-element-67ff2a6 elementor-widget elementor-widget-qi_addons_for_elementor_banner\" data-id=\"67ff2a6\" data-element_type=\"widget\" data-widget_type=\"qi_addons_for_elementor_banner.default\">\n\t\t\t\t<div class=\"elementor-widget-container\">\n\t\t\t\t\t<div class=\"qodef-shortcode qodef-m qodef-qi-banner qodef-layout--standard qodef-vertical--bottom qodef-horizontal--left qodef-image--hover-zoom\">\n\t<div class=\"qodef-m-image\">\n\t<img loading=\"lazy\" decoding=\"async\" width=\"672\" height=\"948\" src=\"https:\/\/www.upo.es\/investiga\/HUM-680\/wp-content\/uploads\/2025\/10\/Captura-de-pantalla-2025-10-05-174305-1.png\" class=\"attachment-full size-full\" alt=\"\" srcset=\"https:\/\/www.upo.es\/investiga\/HUM-680\/wp-content\/uploads\/2025\/10\/Captura-de-pantalla-2025-10-05-174305-1.png 672w, https:\/\/www.upo.es\/investiga\/HUM-680\/wp-content\/uploads\/2025\/10\/Captura-de-pantalla-2025-10-05-174305-1-213x300.png 213w\" sizes=\"(max-width: 672px) 100vw, 672px\" \/><\/div>\n\t<div class=\"qodef-m-content\">\n\t\t<div class=\"qodef-m-content-inner\">\n\t\t\t\t\t\t\t\t\t\t\t\t\t\t<\/div>\n\t<\/div>\n\t\t<a itemprop=\"url\" href=\"http:\/\/www.tiemposmodernos.org\/tm3\/index.php\/tm\/article\/view\/5824\" class=\"qodef-m-banner-link\" target=\"_self\"><\/a>\n<\/div>\n\t\t\t\t<\/div>\n\t\t\t\t<\/div>\n\t\t\t\t<div class=\"elementor-element elementor-element-d7f1693 elementor-widget elementor-widget-text-editor\" data-id=\"d7f1693\" data-element_type=\"widget\" data-widget_type=\"text-editor.default\">\n\t\t\t\t<div class=\"elementor-widget-container\">\n\t\t\t\t\t\t\t\t\t<p style=\"text-align: justify;\"><strong><span><span style=\"text-decoration: underline;\">Episodio de p\u00f3dcast<\/span>: \u00ab<\/span>Carel van Cracauw y los prisioneros holandeses<span>\u00bb<\/span>, en<span>\u00a0<\/span><em>En pedir no hay enga\u00f1o. Procuradores, agentes y otros pedigue\u00f1os en la monarqu\u00eda espa\u00f1ola (siglos XVI-XVII).<\/em><\/strong><\/p><p>Disponible en: <a href=\"https:\/\/open.spotify.com\/episode\/7yNN5TJEXGtN76w8xCTZeU?si=1e0a2424e0a54ebe&amp;nd=1&amp;dlsi=99c62dbec9644a3c\">https:\/\/open.spotify.com\/episode\/7yNN5TJEXGtN76w8xCTZeU?si=1e0a2424e0a54ebe&amp;nd=1&amp;dlsi=99c62dbec9644a3c<\/a><\/p>\t\t\t\t\t\t\t\t<\/div>\n\t\t\t\t<\/div>\n\t\t\t\t\t<\/div>\n\t\t<\/div>\n\t\t\t\t\t<\/div>\n\t\t<\/section>\n\t\t\t\t<\/div>\n\t\t","protected":false},"excerpt":{"rendered":"<p>Geometry, Frans Floris (1557) Estudios sobre Europa, el mundo mediterr\u00e1neoy su difusi\u00f3n atl\u00e1ntica(HUM 680) Cap\u00edtulo de libro:\u00a0\u00abThe Union of Utrecht An Unfinished Constitutional Definition between Federalism and Particularism in the Low Countries (1579\u20131621)\u00bb\u00a0en\u00a0Constitutional Moments. Founding Myths, Charters and Constitutions through History Disponible en:\u00a0https:\/\/brill.com\/display\/title\/65098?rskey=ySuxkG&amp;result=5 Rodr\u00edguez Mart\u00ednez, A.M., \u00abThe Union of Utrecht\u00a0An [&hellip;]<\/p>\n","protected":false},"author":1,"featured_media":0,"parent":0,"menu_order":0,"comment_status":"closed","ping_status":"closed","template":"page-templates\/template-pagebuilder-full-width.php","meta":{"footnotes":""},"_links":{"self":[{"href":"https:\/\/www.upo.es\/investiga\/HUM-680\/wp-json\/wp\/v2\/pages\/3879"}],"collection":[{"href":"https:\/\/www.upo.es\/investiga\/HUM-680\/wp-json\/wp\/v2\/pages"}],"about":[{"href":"https:\/\/www.upo.es\/investiga\/HUM-680\/wp-json\/wp\/v2\/types\/page"}],"author":[{"embeddable":true,"href":"https:\/\/www.upo.es\/investiga\/HUM-680\/wp-json\/wp\/v2\/users\/1"}],"replies":[{"embeddable":true,"href":"https:\/\/www.upo.es\/investiga\/HUM-680\/wp-json\/wp\/v2\/comments?post=3879"}],"version-history":[{"count":13,"href":"https:\/\/www.upo.es\/investiga\/HUM-680\/wp-json\/wp\/v2\/pages\/3879\/revisions"}],"predecessor-version":[{"id":4623,"href":"https:\/\/www.upo.es\/investiga\/HUM-680\/wp-json\/wp\/v2\/pages\/3879\/revisions\/4623"}],"wp:attachment":[{"href":"https:\/\/www.upo.es\/investiga\/HUM-680\/wp-json\/wp\/v2\/media?parent=3879"}],"curies":[{"name":"wp","href":"https:\/\/api.w.org\/{rel}","templated":true}]}}