{"id":3933,"date":"2024-12-21T18:17:05","date_gmt":"2024-12-21T18:17:05","guid":{"rendered":"https:\/\/www.upo.es\/investiga\/HUM-680\/?page_id=3933"},"modified":"2024-12-21T18:20:02","modified_gmt":"2024-12-21T18:20:02","slug":"yasmina-rocio-ben-yessef-garfia-publications","status":"publish","type":"page","link":"https:\/\/www.upo.es\/investiga\/HUM-680\/en\/yasmina-rocio-ben-yessef-garfia-publications\/","title":{"rendered":"Yasmina Roc\u00edo Ben Yessef Garfia\u200b &#8211; Publications"},"content":{"rendered":"\t\t<div data-elementor-type=\"wp-page\" data-elementor-id=\"3933\" class=\"elementor elementor-3933\">\n\t\t\t\t\t\t<section class=\"elementor-section elementor-top-section elementor-element elementor-element-1063b84 elementor-section-full_width elementor-section-stretched elementor-section-height-default elementor-section-height-default\" data-id=\"1063b84\" data-element_type=\"section\" data-settings=\"{&quot;stretch_section&quot;:&quot;section-stretched&quot;,&quot;background_background&quot;:&quot;classic&quot;}\">\n\t\t\t\t\t\t<div class=\"elementor-container elementor-column-gap-default\">\n\t\t\t\t\t<div class=\"elementor-column elementor-col-100 elementor-top-column elementor-element elementor-element-aefab96\" data-id=\"aefab96\" data-element_type=\"column\">\n\t\t\t<div class=\"elementor-widget-wrap elementor-element-populated\">\n\t\t\t\t\t\t<div class=\"elementor-element elementor-element-a362b43 elementor-widget elementor-widget-text-editor\" data-id=\"a362b43\" data-element_type=\"widget\" data-widget_type=\"text-editor.default\">\n\t\t\t\t<div class=\"elementor-widget-container\">\n\t\t\t\t\t\t\t\t\t<p style=\"text-align: right;\"><em>Geometry<\/em>, Frans Floris (1557)<\/p>\t\t\t\t\t\t\t\t<\/div>\n\t\t\t\t<\/div>\n\t\t\t\t<div class=\"elementor-element elementor-element-c0203f9 elementor-widget__width-initial elementor-widget elementor-widget-heading\" data-id=\"c0203f9\" data-element_type=\"widget\" data-widget_type=\"heading.default\">\n\t\t\t\t<div class=\"elementor-widget-container\">\n\t\t\t\t\t<h2 class=\"elementor-heading-title elementor-size-default\">Estudios sobre Europa, <br>el mundo mediterr\u00e1neo<br>y su difusi\u00f3n atl\u00e1ntica<br>(HUM 680)<\/h2>\t\t\t\t<\/div>\n\t\t\t\t<\/div>\n\t\t\t\t\t<\/div>\n\t\t<\/div>\n\t\t\t\t\t<\/div>\n\t\t<\/section>\n\t\t\t\t<section class=\"elementor-section elementor-top-section elementor-element elementor-element-0596818 elementor-section-boxed elementor-section-height-default elementor-section-height-default\" data-id=\"0596818\" data-element_type=\"section\">\n\t\t\t\t\t\t<div class=\"elementor-container elementor-column-gap-default\">\n\t\t\t\t\t<div class=\"elementor-column elementor-col-100 elementor-top-column elementor-element elementor-element-f0d0930\" data-id=\"f0d0930\" data-element_type=\"column\">\n\t\t\t<div class=\"elementor-widget-wrap elementor-element-populated\">\n\t\t\t\t\t\t<div class=\"elementor-element elementor-element-392442b elementor-widget elementor-widget-spacer\" data-id=\"392442b\" data-element_type=\"widget\" data-widget_type=\"spacer.default\">\n\t\t\t\t<div class=\"elementor-widget-container\">\n\t\t\t\t\t\t\t<div class=\"elementor-spacer\">\n\t\t\t<div class=\"elementor-spacer-inner\"><\/div>\n\t\t<\/div>\n\t\t\t\t\t\t<\/div>\n\t\t\t\t<\/div>\n\t\t\t\t\t<\/div>\n\t\t<\/div>\n\t\t\t\t\t<\/div>\n\t\t<\/section>\n\t\t\t\t<section class=\"elementor-section elementor-top-section elementor-element elementor-element-bc12376 elementor-section-boxed elementor-section-height-default elementor-section-height-default\" data-id=\"bc12376\" data-element_type=\"section\">\n\t\t\t\t\t\t<div class=\"elementor-container elementor-column-gap-default\">\n\t\t\t\t\t<div class=\"elementor-column elementor-col-50 elementor-top-column elementor-element elementor-element-af43eee\" data-id=\"af43eee\" data-element_type=\"column\">\n\t\t\t<div class=\"elementor-widget-wrap elementor-element-populated\">\n\t\t\t\t\t\t<div class=\"elementor-element elementor-element-135ac59 elementor-widget elementor-widget-image\" data-id=\"135ac59\" data-element_type=\"widget\" data-widget_type=\"image.default\">\n\t\t\t\t<div class=\"elementor-widget-container\">\n\t\t\t\t\t\t\t\t\t\t\t\t\t\t\t<img fetchpriority=\"high\" decoding=\"async\" width=\"500\" height=\"728\" src=\"https:\/\/www.upo.es\/investiga\/HUM-680\/wp-content\/uploads\/2024\/12\/document-1_page-0001.jpg.png\" class=\"attachment-large size-large wp-image-3891\" alt=\"\" srcset=\"https:\/\/www.upo.es\/investiga\/HUM-680\/wp-content\/uploads\/2024\/12\/document-1_page-0001.jpg.png 500w, https:\/\/www.upo.es\/investiga\/HUM-680\/wp-content\/uploads\/2024\/12\/document-1_page-0001.jpg-206x300.png 206w\" sizes=\"(max-width: 500px) 100vw, 500px\" \/>\t\t\t\t\t\t\t\t\t\t\t\t\t\t\t<\/div>\n\t\t\t\t<\/div>\n\t\t\t\t\t<\/div>\n\t\t<\/div>\n\t\t\t\t<div class=\"elementor-column elementor-col-50 elementor-top-column elementor-element elementor-element-81b1d46\" data-id=\"81b1d46\" data-element_type=\"column\">\n\t\t\t<div class=\"elementor-widget-wrap elementor-element-populated\">\n\t\t\t\t\t\t<div class=\"elementor-element elementor-element-c950a9e elementor-widget elementor-widget-text-editor\" data-id=\"c950a9e\" data-element_type=\"widget\" data-widget_type=\"text-editor.default\">\n\t\t\t\t<div class=\"elementor-widget-container\">\n\t\t\t\t\t\t\t\t\t<section class=\"elementor-section elementor-inner-section elementor-element elementor-element-174f6b9 elementor-section-boxed elementor-section-height-default elementor-section-height-default\" data-id=\"174f6b9\" data-element_type=\"section\"><div class=\"elementor-container elementor-column-gap-default\"><div class=\"elementor-column elementor-col-50 elementor-inner-column elementor-element elementor-element-9e9b651\" data-id=\"9e9b651\" data-element_type=\"column\"><div class=\"elementor-widget-wrap elementor-element-populated\"><div class=\"elementor-element elementor-element-7422e48 elementor-widget elementor-widget-text-editor\" data-id=\"7422e48\" data-element_type=\"widget\" data-widget_type=\"text-editor.default\"><div class=\"elementor-widget-container\"><div class=\"elementor-element elementor-element-a8f2ea4 elementor-widget elementor-widget-text-editor\" data-id=\"a8f2ea4\" data-element_type=\"widget\" data-widget_type=\"text-editor.default\"><div class=\"elementor-widget-container\"><p style=\"text-align: justify;\"><strong><span style=\"text-decoration: underline;\">Book<\/span>:<span>\u00a0<\/span><em>La Monarchia spagnola in una prospettiva policentrica: reti, conflitti, negoziazioni tra scala locale e spazi imperiali (secoli XVI-XVII)<\/em><\/strong><\/p><\/div><\/div><div class=\"elementor-element elementor-element-1515a64 elementor-widget elementor-widget-text-editor\" data-id=\"1515a64\" data-element_type=\"widget\" data-widget_type=\"text-editor.default\"><div class=\"elementor-widget-container\"><p style=\"text-align: justify;\">Download:<a href=\"http:\/\/www.fedoabooks.unina.it\/index.php\/fedoapress\/catalog\/book\/422\"><span>\u00a0<\/span>http:\/\/www.fedoabooks.unina.it\/index.php\/fedoapress\/catalog\/book\/422<\/a><\/p><p style=\"text-align: justify;\">This volume addresses one of the most debated topics in the historiography of the Spanish Monarchy in the Early Modern Age: its political nature. It examines the most interesting aspects of the Hispanic polycentric model, which presents the Monarchy as a political entity composed of several interconnected units that not only interacted with the king, but also with each other. These connections contributed to the modulation of Court politics and the generation of new forms of collaboration, competition and negotiation. The analysis of four case studies, involving individuals, families and power groups that managed to move within or on the margins of institutional channels, between the Italian and Iberian territories of the Monarchy, allows us to interpret this political entity as something more than the simple juxtaposition of kingdoms under a single king. The result was a State capable of strengthening itself also through the interactions that took place between the local and global spheres thanks to the presence of an articulated system of networks.<\/p><p style=\"text-align: justify;\">Ben Yessef Garfia, Y. R.,<span>\u00a0<\/span><em>La Monarchia spagnola in una prospettiva policentrica: reti, conflitti, negoziazioni tra scala locale e spazi imperiali (secoli XVI-XVII)<\/em>, FedOA \u2013 Federico II University Press, 2023.<\/p><\/div><\/div><\/div><\/div><\/div><\/div><\/div><\/section>\t\t\t\t\t\t\t\t<\/div>\n\t\t\t\t<\/div>\n\t\t\t\t\t<\/div>\n\t\t<\/div>\n\t\t\t\t\t<\/div>\n\t\t<\/section>\n\t\t\t\t<section class=\"elementor-section elementor-top-section elementor-element elementor-element-ccde837 elementor-section-boxed elementor-section-height-default elementor-section-height-default\" data-id=\"ccde837\" data-element_type=\"section\">\n\t\t\t\t\t\t<div class=\"elementor-container elementor-column-gap-default\">\n\t\t\t\t\t<div class=\"elementor-column elementor-col-50 elementor-top-column elementor-element elementor-element-55f3d44\" data-id=\"55f3d44\" data-element_type=\"column\">\n\t\t\t<div class=\"elementor-widget-wrap elementor-element-populated\">\n\t\t\t\t\t\t<div class=\"elementor-element elementor-element-5010f05 elementor-widget elementor-widget-text-editor\" data-id=\"5010f05\" data-element_type=\"widget\" data-widget_type=\"text-editor.default\">\n\t\t\t\t<div class=\"elementor-widget-container\">\n\t\t\t\t\t\t\t\t\t<p style=\"text-align: justify;\"><strong><span style=\"text-decoration: underline;\">Book<\/span>:<span>\u00a0<\/span><em>Los Serra entre la Rep\u00fablica de G\u00e9nova y la Monarqu\u00eda Hisp\u00e1nica. Servicio, redes y espacios de identidad (1576 ca.-1650 ca.)<\/em><\/strong><\/p>\n<p style=\"text-align: left;\">Available in:<span>\u00a0<\/span><a href=\"http:\/\/libros.csic.es\/product_info.php?products_id=1586\">http:\/\/libros.csic.es\/product_info.php?products_id=1586<\/a><\/p>\n<p style=\"text-align: justify;\">This book analyses some of the branches of the Serra network, a Genoese family that played a remarkable role as interlocutor between the Ligurian Republic and the Spanish Monarchy, especially from the end of the 16th century until the reign of Philip IV. To this end, the Serra family articulated a variegated network of relatives, partners and correspondents that embraced key locations for Spanish logistics, as well as various areas of investment and services that were highly dependent on the international and local context, the conditions of the family and the specific interests of the subjects. The work combines the micro- and macro-historical scale in the different topics addressed: from the study of the origins of the family and the construction of its transnational network, through the prominent role played by the different services to the Spanish Monarchy (finance, debt, asientos of galleys and military, mainly), to the analysis of the forms of investment, the display of status and the cultural expressions that defined the identities of the family in those spaces in which it operated. Through an exhaustive analysis of a multitude of Italian and Spanish sources and a multidisciplinary approach, the case presented is a study of a transnational elite that highlights the polycentric nature of the States of the Ancien R\u00e9gime, as well as the concomitances between the monarchic and republican systems in the Early Modern Age, strongly dependent on the economic, cultural and political services of Genoese individuals.<\/p>\n<p style=\"text-align: justify;\">Ben Yessef Garfia, Y. R.,<span>\u00a0<\/span><em>Los Serra entre la Rep\u00fablica de G\u00e9nova y la Monarqu\u00eda Hisp\u00e1nica Servicio, redes y espacios de identidad (1576 ca.-1650 ca.)<\/em>, Madrid,\u00a0CSIC. Consejo Superior de Investigaciones Cient\u00edficas, 2022.<\/p>\t\t\t\t\t\t\t\t<\/div>\n\t\t\t\t<\/div>\n\t\t\t\t\t<\/div>\n\t\t<\/div>\n\t\t\t\t<div class=\"elementor-column elementor-col-50 elementor-top-column elementor-element elementor-element-9538b65\" data-id=\"9538b65\" data-element_type=\"column\">\n\t\t\t<div class=\"elementor-widget-wrap elementor-element-populated\">\n\t\t\t\t\t\t<div class=\"elementor-element elementor-element-edda30e elementor-widget elementor-widget-image\" data-id=\"edda30e\" data-element_type=\"widget\" data-widget_type=\"image.default\">\n\t\t\t\t<div class=\"elementor-widget-container\">\n\t\t\t\t\t\t\t\t\t\t\t\t\t\t\t<img decoding=\"async\" width=\"500\" height=\"728\" src=\"https:\/\/www.upo.es\/investiga\/HUM-680\/wp-content\/uploads\/2024\/12\/book_1586_img.jpg\" class=\"attachment-large size-large wp-image-3890\" alt=\"\" srcset=\"https:\/\/www.upo.es\/investiga\/HUM-680\/wp-content\/uploads\/2024\/12\/book_1586_img.jpg 500w, https:\/\/www.upo.es\/investiga\/HUM-680\/wp-content\/uploads\/2024\/12\/book_1586_img-206x300.jpg 206w\" sizes=\"(max-width: 500px) 100vw, 500px\" \/>\t\t\t\t\t\t\t\t\t\t\t\t\t\t\t<\/div>\n\t\t\t\t<\/div>\n\t\t\t\t\t<\/div>\n\t\t<\/div>\n\t\t\t\t\t<\/div>\n\t\t<\/section>\n\t\t\t\t<\/div>\n\t\t","protected":false},"excerpt":{"rendered":"<p>Geometry, Frans Floris (1557) Estudios sobre Europa, el mundo mediterr\u00e1neoy su difusi\u00f3n atl\u00e1ntica(HUM 680) Book:\u00a0La Monarchia spagnola in una prospettiva policentrica: reti, conflitti, negoziazioni tra scala locale e spazi imperiali (secoli XVI-XVII) Download:\u00a0http:\/\/www.fedoabooks.unina.it\/index.php\/fedoapress\/catalog\/book\/422 This volume addresses one of the most debated topics in the historiography of the Spanish Monarchy in [&hellip;]<\/p>\n","protected":false},"author":1,"featured_media":0,"parent":0,"menu_order":0,"comment_status":"closed","ping_status":"closed","template":"page-templates\/template-pagebuilder-full-width.php","meta":{"footnotes":""},"_links":{"self":[{"href":"https:\/\/www.upo.es\/investiga\/HUM-680\/wp-json\/wp\/v2\/pages\/3933"}],"collection":[{"href":"https:\/\/www.upo.es\/investiga\/HUM-680\/wp-json\/wp\/v2\/pages"}],"about":[{"href":"https:\/\/www.upo.es\/investiga\/HUM-680\/wp-json\/wp\/v2\/types\/page"}],"author":[{"embeddable":true,"href":"https:\/\/www.upo.es\/investiga\/HUM-680\/wp-json\/wp\/v2\/users\/1"}],"replies":[{"embeddable":true,"href":"https:\/\/www.upo.es\/investiga\/HUM-680\/wp-json\/wp\/v2\/comments?post=3933"}],"version-history":[{"count":4,"href":"https:\/\/www.upo.es\/investiga\/HUM-680\/wp-json\/wp\/v2\/pages\/3933\/revisions"}],"predecessor-version":[{"id":3937,"href":"https:\/\/www.upo.es\/investiga\/HUM-680\/wp-json\/wp\/v2\/pages\/3933\/revisions\/3937"}],"wp:attachment":[{"href":"https:\/\/www.upo.es\/investiga\/HUM-680\/wp-json\/wp\/v2\/media?parent=3933"}],"curies":[{"name":"wp","href":"https:\/\/api.w.org\/{rel}","templated":true}]}}