{"id":3958,"date":"2024-12-21T18:35:08","date_gmt":"2024-12-21T18:35:08","guid":{"rendered":"https:\/\/www.upo.es\/investiga\/HUM-680\/?page_id=3958"},"modified":"2024-12-21T18:37:31","modified_gmt":"2024-12-21T18:37:31","slug":"benoit-marechaux-publications","status":"publish","type":"page","link":"https:\/\/www.upo.es\/investiga\/HUM-680\/en\/benoit-marechaux-publications\/","title":{"rendered":"Beno\u00eet Mar\u00e9chaux \u2013 Publications"},"content":{"rendered":"\t\t<div data-elementor-type=\"wp-page\" data-elementor-id=\"3958\" class=\"elementor elementor-3958\">\n\t\t\t\t\t\t<section class=\"elementor-section elementor-top-section elementor-element elementor-element-29ee921 elementor-section-full_width elementor-section-stretched elementor-section-height-default elementor-section-height-default\" data-id=\"29ee921\" data-element_type=\"section\" data-settings=\"{&quot;stretch_section&quot;:&quot;section-stretched&quot;,&quot;background_background&quot;:&quot;classic&quot;}\">\n\t\t\t\t\t\t<div class=\"elementor-container elementor-column-gap-default\">\n\t\t\t\t\t<div class=\"elementor-column elementor-col-100 elementor-top-column elementor-element elementor-element-ae343c0\" data-id=\"ae343c0\" data-element_type=\"column\">\n\t\t\t<div class=\"elementor-widget-wrap elementor-element-populated\">\n\t\t\t\t\t\t<div class=\"elementor-element elementor-element-591ab9b elementor-widget elementor-widget-text-editor\" data-id=\"591ab9b\" data-element_type=\"widget\" data-widget_type=\"text-editor.default\">\n\t\t\t\t<div class=\"elementor-widget-container\">\n\t\t\t\t\t\t\t\t\t<p style=\"text-align: right;\"><em>Geometry<\/em>, Frans Floris (1557)<\/p>\t\t\t\t\t\t\t\t<\/div>\n\t\t\t\t<\/div>\n\t\t\t\t<div class=\"elementor-element elementor-element-626c7f2 elementor-widget__width-initial elementor-widget elementor-widget-heading\" data-id=\"626c7f2\" data-element_type=\"widget\" data-widget_type=\"heading.default\">\n\t\t\t\t<div class=\"elementor-widget-container\">\n\t\t\t\t\t<h2 class=\"elementor-heading-title elementor-size-default\">Estudios sobre Europa, <br>el mundo mediterr\u00e1neo<br>y su difusi\u00f3n atl\u00e1ntica<br>(HUM 680)<\/h2>\t\t\t\t<\/div>\n\t\t\t\t<\/div>\n\t\t\t\t\t<\/div>\n\t\t<\/div>\n\t\t\t\t\t<\/div>\n\t\t<\/section>\n\t\t\t\t<section class=\"elementor-section elementor-top-section elementor-element elementor-element-285f630 elementor-section-boxed elementor-section-height-default elementor-section-height-default\" data-id=\"285f630\" data-element_type=\"section\">\n\t\t\t\t\t\t<div class=\"elementor-container elementor-column-gap-default\">\n\t\t\t\t\t<div class=\"elementor-column elementor-col-100 elementor-top-column elementor-element elementor-element-799fac8\" data-id=\"799fac8\" data-element_type=\"column\">\n\t\t\t<div class=\"elementor-widget-wrap elementor-element-populated\">\n\t\t\t\t\t\t<div class=\"elementor-element elementor-element-a6425d9 elementor-widget elementor-widget-spacer\" data-id=\"a6425d9\" data-element_type=\"widget\" data-widget_type=\"spacer.default\">\n\t\t\t\t<div class=\"elementor-widget-container\">\n\t\t\t\t\t\t\t<div class=\"elementor-spacer\">\n\t\t\t<div class=\"elementor-spacer-inner\"><\/div>\n\t\t<\/div>\n\t\t\t\t\t\t<\/div>\n\t\t\t\t<\/div>\n\t\t\t\t\t<\/div>\n\t\t<\/div>\n\t\t\t\t\t<\/div>\n\t\t<\/section>\n\t\t\t\t<section class=\"elementor-section elementor-top-section elementor-element elementor-element-2bf108b elementor-section-boxed elementor-section-height-default elementor-section-height-default\" data-id=\"2bf108b\" data-element_type=\"section\">\n\t\t\t\t\t\t<div class=\"elementor-container elementor-column-gap-default\">\n\t\t\t\t\t<div class=\"elementor-column elementor-col-33 elementor-top-column elementor-element elementor-element-25583cc\" data-id=\"25583cc\" data-element_type=\"column\">\n\t\t\t<div class=\"elementor-widget-wrap elementor-element-populated\">\n\t\t\t\t\t\t<div class=\"elementor-element elementor-element-9f32b73 elementor-widget elementor-widget-qi_addons_for_elementor_banner\" data-id=\"9f32b73\" data-element_type=\"widget\" data-widget_type=\"qi_addons_for_elementor_banner.default\">\n\t\t\t\t<div class=\"elementor-widget-container\">\n\t\t\t\t\t<div class=\"qodef-shortcode qodef-m qodef-qi-banner qodef-layout--standard qodef-vertical--bottom qodef-horizontal--left qodef-image--hover-zoom\">\n\t<div class=\"qodef-m-image\">\n\t<img fetchpriority=\"high\" decoding=\"async\" width=\"550\" height=\"788\" src=\"https:\/\/www.upo.es\/investiga\/HUM-680\/wp-content\/uploads\/2024\/12\/Captura-de-pantalla-2024-12-21-184826.png\" class=\"attachment-full size-full\" alt=\"\" srcset=\"https:\/\/www.upo.es\/investiga\/HUM-680\/wp-content\/uploads\/2024\/12\/Captura-de-pantalla-2024-12-21-184826.png 550w, https:\/\/www.upo.es\/investiga\/HUM-680\/wp-content\/uploads\/2024\/12\/Captura-de-pantalla-2024-12-21-184826-209x300.png 209w\" sizes=\"(max-width: 550px) 100vw, 550px\" \/><\/div>\n\t<div class=\"qodef-m-content\">\n\t\t<div class=\"qodef-m-content-inner\">\n\t\t\t\t\t\t\t\t\t\t\t\t\t\t<\/div>\n\t<\/div>\n\t<\/div>\n\t\t\t\t<\/div>\n\t\t\t\t<\/div>\n\t\t\t\t<div class=\"elementor-element elementor-element-6225960 elementor-widget elementor-widget-text-editor\" data-id=\"6225960\" data-element_type=\"widget\" data-widget_type=\"text-editor.default\">\n\t\t\t\t<div class=\"elementor-widget-container\">\n\t\t\t\t\t\t\t\t\t<div class=\"elementor-element elementor-element-dd0537d elementor-widget elementor-widget-text-editor\" data-id=\"dd0537d\" data-element_type=\"widget\" data-widget_type=\"text-editor.default\"><div class=\"elementor-widget-container\"><div class=\"elementor-element elementor-element-e775b60 elementor-widget elementor-widget-text-editor\" data-id=\"e775b60\" data-element_type=\"widget\" data-widget_type=\"text-editor.default\"><div class=\"elementor-widget-container\"><p style=\"text-align: justify;\"><strong><span style=\"text-decoration: underline;\">Article<\/span>:<span>\u00a0<\/span><span>\u00ab<\/span>Business organisation in the Mediterranean Sea: Genoese galley entrepreneurs in the service of the Spanish Empire (late sixteenth and early seventeenth centuries)<span>\u00bb<\/span><span>\u00a0<\/span>en<span>\u00a0<\/span><em>Business History.<\/em><\/strong><\/p><\/div><\/div><div class=\"elementor-element elementor-element-632f36b elementor-widget elementor-widget-text-editor\" data-id=\"632f36b\" data-element_type=\"widget\" data-widget_type=\"text-editor.default\"><div class=\"elementor-widget-container\"><p style=\"text-align: justify;\"><span>\u00ab<\/span><a href=\"https:\/\/www.tandfonline.com\/doi\/abs\/10.1080\/00076791.2020.1798933?journalCode=fbsh20\">Business organisation in the Mediterranean Sea: Genoese galley entrepreneurs in the service of the Spanish Empire (late sixteenth and early seventeenth centuries)<span>\u00bb<\/span><\/a><span>,\u00a0<\/span><em>Business History<\/em><span>, 65 (1), 2023, pp. 56-87. DOI: 10.1080\/00076791.2020.1798933<\/span><\/p><\/div><\/div><\/div><\/div>\t\t\t\t\t\t\t\t<\/div>\n\t\t\t\t<\/div>\n\t\t\t\t\t<\/div>\n\t\t<\/div>\n\t\t\t\t<div class=\"elementor-column elementor-col-33 elementor-top-column elementor-element elementor-element-e20fd04\" data-id=\"e20fd04\" data-element_type=\"column\">\n\t\t\t<div class=\"elementor-widget-wrap elementor-element-populated\">\n\t\t\t\t\t\t<div class=\"elementor-element elementor-element-3e4a277 elementor-widget elementor-widget-qi_addons_for_elementor_banner\" data-id=\"3e4a277\" data-element_type=\"widget\" data-widget_type=\"qi_addons_for_elementor_banner.default\">\n\t\t\t\t<div class=\"elementor-widget-container\">\n\t\t\t\t\t<div class=\"qodef-shortcode qodef-m qodef-qi-banner qodef-layout--standard qodef-vertical--bottom qodef-horizontal--left qodef-image--hover-zoom\">\n\t<div class=\"qodef-m-image\">\n\t<img decoding=\"async\" width=\"550\" height=\"788\" src=\"https:\/\/www.upo.es\/investiga\/HUM-680\/wp-content\/uploads\/2024\/12\/36458.jpg.png\" class=\"attachment-full size-full\" alt=\"\" srcset=\"https:\/\/www.upo.es\/investiga\/HUM-680\/wp-content\/uploads\/2024\/12\/36458.jpg.png 550w, https:\/\/www.upo.es\/investiga\/HUM-680\/wp-content\/uploads\/2024\/12\/36458.jpg-209x300.png 209w\" sizes=\"(max-width: 550px) 100vw, 550px\" \/><\/div>\n\t<div class=\"qodef-m-content\">\n\t\t<div class=\"qodef-m-content-inner\">\n\t\t\t\t\t\t\t\t\t\t\t\t\t\t<\/div>\n\t<\/div>\n\t<\/div>\n\t\t\t\t<\/div>\n\t\t\t\t<\/div>\n\t\t\t\t<div class=\"elementor-element elementor-element-d999c98 elementor-widget elementor-widget-text-editor\" data-id=\"d999c98\" data-element_type=\"widget\" data-widget_type=\"text-editor.default\">\n\t\t\t\t<div class=\"elementor-widget-container\">\n\t\t\t\t\t\t\t\t\t<p style=\"text-align: justify;\"><strong><span><span style=\"text-decoration: underline;\">Article<\/span>: \u00ab<\/span>Purchasing Slaves Overseas for the Business of War: Genoese Galley Entrepreneurs and the Mediterranean Slave Market in the Early 17th Century<span>\u00bb<\/span><span>\u00a0<\/span>en<span>\u00a0<\/span><em>Journal of Global Slavery<\/em>.\u00a0<\/strong><\/p>\n<p style=\"text-align: justify;\"><a href=\"https:\/\/doi.org\/10.1163\/2405836X-00703002\">\u00abPurchasing Slaves Overseas for the Business of War: Genoese Galley Entrepreneurs and the Mediterranean Slave Market in the Early 17th Century\u00bb<\/a><span>,\u00a0<\/span><em>Journal of Global Slavery<\/em><span>\u00a07, (3), 2022, pp. 282-316. DOI:\u00a010.1163\/2405836X-00703002<\/span><\/p>\t\t\t\t\t\t\t\t<\/div>\n\t\t\t\t<\/div>\n\t\t\t\t\t<\/div>\n\t\t<\/div>\n\t\t\t\t<div class=\"elementor-column elementor-col-33 elementor-top-column elementor-element elementor-element-13b78fb\" data-id=\"13b78fb\" data-element_type=\"column\">\n\t\t\t<div class=\"elementor-widget-wrap elementor-element-populated\">\n\t\t\t\t\t\t<div class=\"elementor-element elementor-element-a0f2478 elementor-widget elementor-widget-qi_addons_for_elementor_banner\" data-id=\"a0f2478\" data-element_type=\"widget\" data-widget_type=\"qi_addons_for_elementor_banner.default\">\n\t\t\t\t<div class=\"elementor-widget-container\">\n\t\t\t\t\t<div class=\"qodef-shortcode qodef-m qodef-qi-banner qodef-layout--standard qodef-vertical--bottom qodef-horizontal--left qodef-image--hover-zoom\">\n\t<div class=\"qodef-m-image\">\n\t<img decoding=\"async\" width=\"550\" height=\"788\" src=\"https:\/\/www.upo.es\/investiga\/HUM-680\/wp-content\/uploads\/2024\/12\/799-Texto-del-articulo-en-fichero-de-Microsoft-Word-o-LibreOffice-necesario-797-1-10-20200514-1_page-0001.jpg.png\" class=\"attachment-full size-full\" alt=\"\" srcset=\"https:\/\/www.upo.es\/investiga\/HUM-680\/wp-content\/uploads\/2024\/12\/799-Texto-del-articulo-en-fichero-de-Microsoft-Word-o-LibreOffice-necesario-797-1-10-20200514-1_page-0001.jpg.png 550w, https:\/\/www.upo.es\/investiga\/HUM-680\/wp-content\/uploads\/2024\/12\/799-Texto-del-articulo-en-fichero-de-Microsoft-Word-o-LibreOffice-necesario-797-1-10-20200514-1_page-0001.jpg-209x300.png 209w\" sizes=\"(max-width: 550px) 100vw, 550px\" \/><\/div>\n\t<div class=\"qodef-m-content\">\n\t\t<div class=\"qodef-m-content-inner\">\n\t\t\t\t\t\t\t\t\t\t\t\t\t\t<\/div>\n\t<\/div>\n\t<\/div>\n\t\t\t\t<\/div>\n\t\t\t\t<\/div>\n\t\t\t\t<div class=\"elementor-element elementor-element-da68918 elementor-widget elementor-widget-text-editor\" data-id=\"da68918\" data-element_type=\"widget\" data-widget_type=\"text-editor.default\">\n\t\t\t\t<div class=\"elementor-widget-container\">\n\t\t\t\t\t\t\t\t\t<p style=\"text-align: justify;\"><strong><span><span style=\"text-decoration: underline;\">Article<\/span>: \u00ab<\/span>Los asentistas de galeras genoveses y la articulaci\u00f3n naval de un imperio polic\u00e9ntrico (siglos XVI-XVII)<span>\u00bb<\/span><span>\u00a0<\/span>en<span>\u00a0<\/span><i>Hispania.<\/i><\/strong><\/p>\n<p style=\"text-align: justify;\"><a href=\"https:\/\/hispania.revistas.csic.es\/index.php\/hispania\/article\/view\/799\"><span>\u00ab<\/span>Los asentistas de galeras genoveses y la articulaci\u00f3n naval de un imperio polic\u00e9ntrico (siglos XVI-XVII)<span>\u00bb<\/span><\/a>,\u00a0<em>Hispania<\/em>, LXXX, 264, 2020, pp. 47-77. DOI: 10.3989\/hispania.2020.002.<\/p>\t\t\t\t\t\t\t\t<\/div>\n\t\t\t\t<\/div>\n\t\t\t\t\t<\/div>\n\t\t<\/div>\n\t\t\t\t\t<\/div>\n\t\t<\/section>\n\t\t\t\t<\/div>\n\t\t","protected":false},"excerpt":{"rendered":"<p>Geometry, Frans Floris (1557) Estudios sobre Europa, el mundo mediterr\u00e1neoy su difusi\u00f3n atl\u00e1ntica(HUM 680) Article:\u00a0\u00abBusiness organisation in the Mediterranean Sea: Genoese galley entrepreneurs in the service of the Spanish Empire (late sixteenth and early seventeenth centuries)\u00bb\u00a0en\u00a0Business History. \u00abBusiness organisation in the Mediterranean Sea: Genoese galley entrepreneurs in the service of [&hellip;]<\/p>\n","protected":false},"author":1,"featured_media":0,"parent":0,"menu_order":0,"comment_status":"closed","ping_status":"closed","template":"page-templates\/template-pagebuilder-full-width.php","meta":{"footnotes":""},"_links":{"self":[{"href":"https:\/\/www.upo.es\/investiga\/HUM-680\/wp-json\/wp\/v2\/pages\/3958"}],"collection":[{"href":"https:\/\/www.upo.es\/investiga\/HUM-680\/wp-json\/wp\/v2\/pages"}],"about":[{"href":"https:\/\/www.upo.es\/investiga\/HUM-680\/wp-json\/wp\/v2\/types\/page"}],"author":[{"embeddable":true,"href":"https:\/\/www.upo.es\/investiga\/HUM-680\/wp-json\/wp\/v2\/users\/1"}],"replies":[{"embeddable":true,"href":"https:\/\/www.upo.es\/investiga\/HUM-680\/wp-json\/wp\/v2\/comments?post=3958"}],"version-history":[{"count":4,"href":"https:\/\/www.upo.es\/investiga\/HUM-680\/wp-json\/wp\/v2\/pages\/3958\/revisions"}],"predecessor-version":[{"id":3962,"href":"https:\/\/www.upo.es\/investiga\/HUM-680\/wp-json\/wp\/v2\/pages\/3958\/revisions\/3962"}],"wp:attachment":[{"href":"https:\/\/www.upo.es\/investiga\/HUM-680\/wp-json\/wp\/v2\/media?parent=3958"}],"curies":[{"name":"wp","href":"https:\/\/api.w.org\/{rel}","templated":true}]}}