{"id":5620,"date":"2026-04-21T18:13:48","date_gmt":"2026-04-21T18:13:48","guid":{"rendered":"https:\/\/www.upo.es\/investiga\/HUM-680\/?post_type=tribe_events&#038;p=5620"},"modified":"2026-04-21T18:13:48","modified_gmt":"2026-04-21T18:13:48","slug":"mesa-redonda-voces-negras-conspiracion-cooperacion-y-resistencias-en-la-luisiana-revolucionaria-13-de-marzo-de-2026","status":"publish","type":"tribe_events","link":"https:\/\/www.upo.es\/investiga\/HUM-680\/event\/mesa-redonda-voces-negras-conspiracion-cooperacion-y-resistencias-en-la-luisiana-revolucionaria-13-de-marzo-de-2026\/","title":{"rendered":"Mesa redonda: Voces negras. Conspiraci\u00f3n, cooperaci\u00f3n y resistencias en la Luisiana revolucionaria, 13 de marzo de 2026"},"content":{"rendered":"<p><strong>El grupo PAIDI HUM 680 les invita a la mesa redonda\u00a0<em>Voces negras. Conspiraci\u00f3n, cooperaci\u00f3n y resistencias en la Luisiana revolucionaria<\/em>\u00a0que se celebrar\u00e1 el pr\u00f3ximo 13 de marzo de 2026 sobre la obra de Cosme J. G\u00f3mez Carrasco y nuestro miembro Pablo Hern\u00e1ndez Sau.<\/strong><\/p>\n<p><strong>M\u00e1s informaci\u00f3n\u00a0<a href=\"https:\/\/www.upo.es\/investiga\/HUM-680\/wp-content\/uploads\/2026\/04\/Table_ronde-Pablo-Cosme-Paris-2026.pdf\">aqu\u00ed<\/a>.<\/strong><\/p>\n<p><img fetchpriority=\"high\" decoding=\"async\" src=\"https:\/\/www.upo.es\/investiga\/HUM-680\/wp-content\/uploads\/2026\/04\/Table_ronde-Pablo-Cosme-Paris-2026_page-0001-scaled.jpg\" alt=\"\" width=\"1810\" height=\"2560\" class=\"alignnone wp-image-5598 size-full\" srcset=\"https:\/\/www.upo.es\/investiga\/HUM-680\/wp-content\/uploads\/2026\/04\/Table_ronde-Pablo-Cosme-Paris-2026_page-0001-scaled.jpg 1810w, https:\/\/www.upo.es\/investiga\/HUM-680\/wp-content\/uploads\/2026\/04\/Table_ronde-Pablo-Cosme-Paris-2026_page-0001-212x300.jpg 212w, https:\/\/www.upo.es\/investiga\/HUM-680\/wp-content\/uploads\/2026\/04\/Table_ronde-Pablo-Cosme-Paris-2026_page-0001-724x1024.jpg 724w, https:\/\/www.upo.es\/investiga\/HUM-680\/wp-content\/uploads\/2026\/04\/Table_ronde-Pablo-Cosme-Paris-2026_page-0001-768x1086.jpg 768w, https:\/\/www.upo.es\/investiga\/HUM-680\/wp-content\/uploads\/2026\/04\/Table_ronde-Pablo-Cosme-Paris-2026_page-0001-1086x1536.jpg 1086w, https:\/\/www.upo.es\/investiga\/HUM-680\/wp-content\/uploads\/2026\/04\/Table_ronde-Pablo-Cosme-Paris-2026_page-0001-1448x2048.jpg 1448w\" sizes=\"(max-width: 1810px) 100vw, 1810px\" \/><\/p>\n","protected":false},"excerpt":{"rendered":"<p>El grupo PAIDI HUM 680 les invita a la mesa redonda\u00a0Voces negras. Conspiraci\u00f3n, cooperaci\u00f3n y resistencias en la Luisiana revolucionaria\u00a0que se celebrar\u00e1 el pr\u00f3ximo 13 de marzo de 2026 sobre la obra de Cosme J. G\u00f3mez Carrasco y nuestro miembro Pablo Hern\u00e1ndez Sau. M\u00e1s informaci\u00f3n\u00a0aqu\u00ed.<\/p>\n","protected":false},"author":1,"featured_media":5598,"comment_status":"open","ping_status":"closed","template":"","meta":{"_tribe_events_status":"","_tribe_events_status_reason":""},"tags":[],"tribe_events_cat":[],"_links":{"self":[{"href":"https:\/\/www.upo.es\/investiga\/HUM-680\/wp-json\/wp\/v2\/tribe_events\/5620"}],"collection":[{"href":"https:\/\/www.upo.es\/investiga\/HUM-680\/wp-json\/wp\/v2\/tribe_events"}],"about":[{"href":"https:\/\/www.upo.es\/investiga\/HUM-680\/wp-json\/wp\/v2\/types\/tribe_events"}],"author":[{"embeddable":true,"href":"https:\/\/www.upo.es\/investiga\/HUM-680\/wp-json\/wp\/v2\/users\/1"}],"replies":[{"embeddable":true,"href":"https:\/\/www.upo.es\/investiga\/HUM-680\/wp-json\/wp\/v2\/comments?post=5620"}],"version-history":[{"count":1,"href":"https:\/\/www.upo.es\/investiga\/HUM-680\/wp-json\/wp\/v2\/tribe_events\/5620\/revisions"}],"predecessor-version":[{"id":5621,"href":"https:\/\/www.upo.es\/investiga\/HUM-680\/wp-json\/wp\/v2\/tribe_events\/5620\/revisions\/5621"}],"wp:featuredmedia":[{"embeddable":true,"href":"https:\/\/www.upo.es\/investiga\/HUM-680\/wp-json\/wp\/v2\/media\/5598"}],"wp:attachment":[{"href":"https:\/\/www.upo.es\/investiga\/HUM-680\/wp-json\/wp\/v2\/media?parent=5620"}],"wp:term":[{"taxonomy":"post_tag","embeddable":true,"href":"https:\/\/www.upo.es\/investiga\/HUM-680\/wp-json\/wp\/v2\/tags?post=5620"},{"taxonomy":"tribe_events_cat","embeddable":true,"href":"https:\/\/www.upo.es\/investiga\/HUM-680\/wp-json\/wp\/v2\/tribe_events_cat?post=5620"}],"curies":[{"name":"wp","href":"https:\/\/api.w.org\/{rel}","templated":true}]}}

Mesa redonda: Voces negras. Conspiración, cooperación y resistencias en la Luisiana revolucionaria, 13 de marzo de 2026

<p><strong>El grupo PAIDI HUM 680 les invita a la mesa redonda <em>Voces negras. Conspiración, cooperación y resistencias en la Luisiana revolucionaria</em> que se celebrará el próximo 13 de marzo de 2026 sobre la obra de Cosme J. Gómez Carrasco y nuestro miembro Pablo Hernández Sau.</strong></p>
<p><strong>Más información <a href="https://www.upo.es/investiga/HUM-680/wp-content/uploads/2026/04/Table_ronde-Pablo-Cosme-Paris-2026.pdf">aquí</a>.</strong></p>
<p><img fetchpriority="high" decoding="async" src="https://www.upo.es/investiga/HUM-680/wp-content/uploads/2026/04/Table_ronde-Pablo-Cosme-Paris-2026_page-0001-scaled.jpg" alt="" width="1810" height="2560" class="alignnone wp-image-5598 size-full" srcset="https://www.upo.es/investiga/HUM-680/wp-content/uploads/2026/04/Table_ronde-Pablo-Cosme-Paris-2026_page-0001-scaled.jpg 1810w, https://www.upo.es/investiga/HUM-680/wp-content/uploads/2026/04/Table_ronde-Pablo-Cosme-Paris-2026_page-0001-212x300.jpg 212w, https://www.upo.es/investiga/HUM-680/wp-content/uploads/2026/04/Table_ronde-Pablo-Cosme-Paris-2026_page-0001-724x1024.jpg 724w, https://www.upo.es/investiga/HUM-680/wp-content/uploads/2026/04/Table_ronde-Pablo-Cosme-Paris-2026_page-0001-768x1086.jpg 768w, https://www.upo.es/investiga/HUM-680/wp-content/uploads/2026/04/Table_ronde-Pablo-Cosme-Paris-2026_page-0001-1086x1536.jpg 1086w, https://www.upo.es/investiga/HUM-680/wp-content/uploads/2026/04/Table_ronde-Pablo-Cosme-Paris-2026_page-0001-1448x2048.jpg 1448w" sizes="(max-width: 1810px) 100vw, 1810px" /></p>

<p>El grupo PAIDI HUM 680 les invita a la mesa redonda Voces negras. Conspiración, cooperación y resistencias en la Luisiana revolucionaria que se celebrará el próximo 13 de marzo de 2026 sobre la obra de Cosme J. Gómez Carrasco y nuestro miembro Pablo Hernández Sau. Más información aquí.</p>
