{"id":5622,"date":"2026-04-21T18:16:19","date_gmt":"2026-04-21T18:16:19","guid":{"rendered":"https:\/\/www.upo.es\/investiga\/HUM-680\/?post_type=tribe_events&#038;p=5622"},"modified":"2026-04-21T18:16:52","modified_gmt":"2026-04-21T18:16:52","slug":"conferencia-internacional-diasporas-mobilities-and-transcultural-practices-in-a-changing-world-15-17-de-abril-de-2026","status":"publish","type":"tribe_events","link":"https:\/\/www.upo.es\/investiga\/HUM-680\/event\/conferencia-internacional-diasporas-mobilities-and-transcultural-practices-in-a-changing-world-15-17-de-abril-de-2026\/","title":{"rendered":"Conferencia internacional: Diasporas, Mobilities and Transcultural Practices in a Changing World, 15-17 de abril de 2026"},"content":{"rendered":"<p><strong>El grupo PAIDI HUM 680 les hace part\u00edcipes de la VII CHAM Conference:\u00a0<em>Diasporas, Mobilities and Transcultural Practices in a Changing World<\/em>\u00a0que tuvo lugar el 15 y 17 de abril. En \u00e9l, participaron Margarita Eva Rodr\u00edguez Garc\u00eda, miembro del grupo Atlanrex, y nuestro miembro Pablo Hern\u00e1ndez, que organiz\u00f3 junto con Mariana Meneses y Helder Carvalhal el panel \u00abGendered Experiences of Movement: (In)Mobility, Gender &amp; Work in the Early Modern World\u00bb con su ponencia titulada \u00abThe (Fe)male Boulignys. Gender and Imperial (Im)Mobility within the Eighteenth-Century Hispanic World\u00bb.<\/strong><\/p>\n<p><strong>Programa completo\u00a0<a href=\"https:\/\/www.upo.es\/investiga\/HUM-680\/wp-content\/uploads\/2026\/04\/vii-cham-conference-abstract-book.pdf#page=63.09\" data-type=\"link\" data-id=\"https:\/\/www.upo.es\/investiga\/HUM-680\/wp-content\/uploads\/2026\/04\/vii-cham-conference-abstract-book.pdf#page=63.09\">aqu\u00ed<\/a>.<\/strong><\/p>\n<p><img fetchpriority=\"high\" decoding=\"async\" src=\"https:\/\/www.upo.es\/investiga\/HUM-680\/wp-content\/uploads\/2026\/04\/vii-cham-conference-abstract-book_page-0001.jpg\" alt=\"\" width=\"1749\" height=\"2481\" class=\"alignnone wp-image-5607 size-full\" srcset=\"https:\/\/www.upo.es\/investiga\/HUM-680\/wp-content\/uploads\/2026\/04\/vii-cham-conference-abstract-book_page-0001.jpg 1749w, https:\/\/www.upo.es\/investiga\/HUM-680\/wp-content\/uploads\/2026\/04\/vii-cham-conference-abstract-book_page-0001-211x300.jpg 211w, https:\/\/www.upo.es\/investiga\/HUM-680\/wp-content\/uploads\/2026\/04\/vii-cham-conference-abstract-book_page-0001-722x1024.jpg 722w, https:\/\/www.upo.es\/investiga\/HUM-680\/wp-content\/uploads\/2026\/04\/vii-cham-conference-abstract-book_page-0001-768x1089.jpg 768w, https:\/\/www.upo.es\/investiga\/HUM-680\/wp-content\/uploads\/2026\/04\/vii-cham-conference-abstract-book_page-0001-1083x1536.jpg 1083w, https:\/\/www.upo.es\/investiga\/HUM-680\/wp-content\/uploads\/2026\/04\/vii-cham-conference-abstract-book_page-0001-1444x2048.jpg 1444w\" sizes=\"(max-width: 1749px) 100vw, 1749px\" \/><\/p>\n","protected":false},"excerpt":{"rendered":"<p>El grupo PAIDI HUM 680 les hace part\u00edcipes de la VII CHAM Conference:\u00a0Diasporas, Mobilities and Transcultural Practices in a Changing World\u00a0que tuvo lugar el 15 y 17 de abril. En \u00e9l, participaron Margarita Eva Rodr\u00edguez Garc\u00eda, miembro del grupo Atlanrex, y nuestro miembro Pablo Hern\u00e1ndez, que organiz\u00f3 junto con Mariana [&hellip;]<\/p>\n","protected":false},"author":1,"featured_media":5607,"comment_status":"open","ping_status":"closed","template":"","meta":{"_tribe_events_status":"","_tribe_events_status_reason":""},"tags":[],"tribe_events_cat":[],"_links":{"self":[{"href":"https:\/\/www.upo.es\/investiga\/HUM-680\/wp-json\/wp\/v2\/tribe_events\/5622"}],"collection":[{"href":"https:\/\/www.upo.es\/investiga\/HUM-680\/wp-json\/wp\/v2\/tribe_events"}],"about":[{"href":"https:\/\/www.upo.es\/investiga\/HUM-680\/wp-json\/wp\/v2\/types\/tribe_events"}],"author":[{"embeddable":true,"href":"https:\/\/www.upo.es\/investiga\/HUM-680\/wp-json\/wp\/v2\/users\/1"}],"replies":[{"embeddable":true,"href":"https:\/\/www.upo.es\/investiga\/HUM-680\/wp-json\/wp\/v2\/comments?post=5622"}],"version-history":[{"count":1,"href":"https:\/\/www.upo.es\/investiga\/HUM-680\/wp-json\/wp\/v2\/tribe_events\/5622\/revisions"}],"predecessor-version":[{"id":5623,"href":"https:\/\/www.upo.es\/investiga\/HUM-680\/wp-json\/wp\/v2\/tribe_events\/5622\/revisions\/5623"}],"wp:featuredmedia":[{"embeddable":true,"href":"https:\/\/www.upo.es\/investiga\/HUM-680\/wp-json\/wp\/v2\/media\/5607"}],"wp:attachment":[{"href":"https:\/\/www.upo.es\/investiga\/HUM-680\/wp-json\/wp\/v2\/media?parent=5622"}],"wp:term":[{"taxonomy":"post_tag","embeddable":true,"href":"https:\/\/www.upo.es\/investiga\/HUM-680\/wp-json\/wp\/v2\/tags?post=5622"},{"taxonomy":"tribe_events_cat","embeddable":true,"href":"https:\/\/www.upo.es\/investiga\/HUM-680\/wp-json\/wp\/v2\/tribe_events_cat?post=5622"}],"curies":[{"name":"wp","href":"https:\/\/api.w.org\/{rel}","templated":true}]}}

<p><strong>El grupo PAIDI HUM 680 les hace partícipes de la VII CHAM Conference: <em>Diasporas, Mobilities and Transcultural Practices in a Changing World</em> que tuvo lugar el 15 y 17 de abril. En él, participaron Margarita Eva Rodríguez García, miembro del grupo Atlanrex, y nuestro miembro Pablo Hernández, que organizó junto con Mariana Meneses y Helder Carvalhal el panel «Gendered Experiences of Movement: (In)Mobility, Gender &amp; Work in the Early Modern World» con su ponencia titulada «The (Fe)male Boulignys. Gender and Imperial (Im)Mobility within the Eighteenth-Century Hispanic World».</strong></p>
<p><strong>Programa completo <a href="https://www.upo.es/investiga/HUM-680/wp-content/uploads/2026/04/vii-cham-conference-abstract-book.pdf#page=63.09" data-type="link" data-id="https://www.upo.es/investiga/HUM-680/wp-content/uploads/2026/04/vii-cham-conference-abstract-book.pdf#page=63.09">aquí</a>.</strong></p>
<p><img fetchpriority="high" decoding="async" src="https://www.upo.es/investiga/HUM-680/wp-content/uploads/2026/04/vii-cham-conference-abstract-book_page-0001.jpg" alt="" width="1749" height="2481" class="alignnone wp-image-5607 size-full" srcset="https://www.upo.es/investiga/HUM-680/wp-content/uploads/2026/04/vii-cham-conference-abstract-book_page-0001.jpg 1749w, https://www.upo.es/investiga/HUM-680/wp-content/uploads/2026/04/vii-cham-conference-abstract-book_page-0001-211x300.jpg 211w, https://www.upo.es/investiga/HUM-680/wp-content/uploads/2026/04/vii-cham-conference-abstract-book_page-0001-722x1024.jpg 722w, https://www.upo.es/investiga/HUM-680/wp-content/uploads/2026/04/vii-cham-conference-abstract-book_page-0001-768x1089.jpg 768w, https://www.upo.es/investiga/HUM-680/wp-content/uploads/2026/04/vii-cham-conference-abstract-book_page-0001-1083x1536.jpg 1083w, https://www.upo.es/investiga/HUM-680/wp-content/uploads/2026/04/vii-cham-conference-abstract-book_page-0001-1444x2048.jpg 1444w" sizes="(max-width: 1749px) 100vw, 1749px" /></p>

<p>El grupo PAIDI HUM 680 les hace partícipes de la VII CHAM Conference: Diasporas, Mobilities and Transcultural Practices in a Changing World que tuvo lugar el 15 y 17 de abril. En él, participaron Margarita Eva Rodríguez García, miembro del grupo Atlanrex, y nuestro miembro Pablo Hernández, que organizó junto con Mariana [&hellip;]</p>
