{"id":1845,"date":"2025-01-22T16:12:54","date_gmt":"2025-01-22T15:12:54","guid":{"rendered":"https:\/\/www.upo.es\/investiga\/UNTWIST\/?page_id=1845"},"modified":"2026-01-30T12:20:01","modified_gmt":"2026-01-30T11:20:01","slug":"our-contributions-magyarorszag","status":"publish","type":"page","link":"https:\/\/www.upo.es\/investiga\/UNTWIST\/our-contributions-magyarorszag\/","title":{"rendered":"Our contributions &#8211; MAGYARORSZ\u00c1G"},"content":{"rendered":"\n<div class=\"wp-block-group is-layout-constrained wp-block-group-is-layout-constrained\">\n<div class=\"wp-block-buttons is-content-justification-center is-layout-flex wp-container-core-buttons-is-layout-4071a5ec wp-block-buttons-is-layout-flex\" style=\"margin-bottom:70px\">\n<div class=\"wp-block-button\"><a class=\"wp-block-button__link has-primary-background-color has-background wp-element-button\" href=\"https:\/\/www.upo.es\/investiga\/UNTWIST\/about-untwist\/\">About UNTWIST<\/a><\/div>\n<\/div>\n\n\n\n<div class=\"wp-block-group contrib-block is-layout-constrained wp-block-group-is-layout-constrained\">\n<div class=\"wp-block-columns is-layout-flex wp-container-core-columns-is-layout-d05c7dfd wp-block-columns-is-layout-flex\">\n<div class=\"wp-block-column has-background-background-color has-background is-layout-flow wp-block-column-is-layout-flow\" style=\"padding-top:0;padding-right:0;padding-bottom:0;padding-left:0\">\n<div class=\"wp-block-group is-layout-constrained wp-container-core-group-is-layout-254f1302 wp-block-group-is-layout-constrained\" style=\"padding-top:0;padding-right:0;padding-bottom:0;padding-left:0\">\n<div class=\"wp-block-group block-accent-clr block-accent-clr-pink bg-icon bg-icon-video is-layout-constrained wp-container-core-group-is-layout-a788aded wp-block-group-is-layout-constrained\" style=\"padding-top:50px;padding-right:75px;padding-bottom:50px;padding-left:75px\">\n<div class=\"wp-block-group is-content-justification-space-between is-nowrap is-layout-flex wp-container-core-group-is-layout-4e2e7437 wp-block-group-is-layout-flex\">\n<div class=\"wp-block-group is-nowrap is-layout-flex wp-container-core-group-is-layout-f66f9956 wp-block-group-is-layout-flex\">\n<figure class=\"wp-block-image size-large\"><img loading=\"lazy\" decoding=\"async\" width=\"45\" height=\"45\" src=\"https:\/\/www.upo.es\/investiga\/UNTWIST\/wp-content\/uploads\/2023\/05\/video-icon.svg\" alt=\"\" class=\"wp-image-1003\"\/><\/figure>\n\n\n\n<h3 class=\"wp-block-heading has-title-color has-text-color\">VIDE\u00d3<\/h3>\n<\/div>\n\n\n\n<div class=\"wp-block-buttons is-layout-flex wp-block-buttons-is-layout-flex\">\n<div class=\"wp-block-button\"><a class=\"wp-block-button__link has-primary-background-color has-background has-medium-font-size has-custom-font-size wp-element-button\" href=\"https:\/\/www.upo.es\/investiga\/UNTWIST\/our-contributions\/video-spa-2\/\" style=\"padding-top:0;padding-bottom:0\">+<\/a><\/div>\n<\/div>\n<\/div>\n\n\n\n<p class=\"has-normal-font-size\">Vide\u00f3ink bemutatj\u00e1k az UNTWIST-et \u00e9s annak eredm\u00e9nyeit a szervezeteknek \u00e9s a politikai szerepl\u0151knek. Vide\u00f3inkat hat k\u00fcl\u00f6nb\u00f6z\u0151 nyelven k\u00e9sz\u00edtj\u00fck, hogy a k\u00fcl\u00f6nb\u00f6z\u0151 orsz\u00e1gok civil szervezetei \u00e9s politikai szerepl\u0151i k\u00f6nnyebben hozz\u00e1f\u00e9rhessenek javaslatunkhoz.<\/p>\n<\/div>\n<\/div>\n<\/div>\n\n\n\n<div class=\"wp-block-column has-background-background-color has-background is-layout-flow wp-block-column-is-layout-flow\">\n<div class=\"wp-block-group is-layout-constrained wp-block-group-is-layout-constrained\">\n<div class=\"wp-block-group block-accent-clr block-accent-clr-blue bg-icon bg-icon-media is-layout-constrained wp-container-core-group-is-layout-a788aded wp-block-group-is-layout-constrained\" style=\"padding-top:50px;padding-right:75px;padding-bottom:50px;padding-left:75px\">\n<div class=\"wp-block-group is-content-justification-space-between is-nowrap is-layout-flex wp-container-core-group-is-layout-4e2e7437 wp-block-group-is-layout-flex\">\n<div class=\"wp-block-group is-nowrap is-layout-flex wp-container-core-group-is-layout-f66f9956 wp-block-group-is-layout-flex\">\n<figure class=\"wp-block-image size-large\"><img loading=\"lazy\" decoding=\"async\" width=\"45\" height=\"36\" src=\"https:\/\/www.upo.es\/investiga\/UNTWIST\/wp-content\/uploads\/2023\/05\/notice-icon.svg\" alt=\"\" class=\"wp-image-1009\"\/><\/figure>\n\n\n\n<h3 class=\"wp-block-heading has-title-color has-text-color\">M\u00c9DIA\u00c9RTES\u00cdT\u00c9SEK<\/h3>\n<\/div>\n\n\n\n<div class=\"wp-block-buttons is-layout-flex wp-block-buttons-is-layout-flex\">\n<div class=\"wp-block-button\"><a class=\"wp-block-button__link has-primary-background-color has-background has-medium-font-size has-custom-font-size wp-element-button\" href=\"https:\/\/www.upo.es\/investiga\/UNTWIST\/our-contributions\/media-hu\/\" style=\"padding-top:0;padding-bottom:0\">+<\/a><\/div>\n<\/div>\n<\/div>\n\n\n\n<p class=\"has-normal-font-size\">Ezek a sajt\u00f3k\u00f6zlem\u00e9nyek vagy sajt\u00f3cikkek az UNTWIST vonatkoz\u00f3 eredm\u00e9nyeit \u00e9s szakpolitikai aj\u00e1nl\u00e1sait tartalmazz\u00e1k, amelyekr\u0151l a m\u00e9dia is besz\u00e1molt. Ezek az inform\u00e1ci\u00f3k felh\u00edvhatj\u00e1k a figyelm\u00e9t a legjelent\u0151sebb h\u00edr\u00e9rt\u00e9k\u0171, \u00f6sszefoglal\u00f3 m\u00f3don bemutatott tartalmainkra. Ezen t\u00falmen\u0151en demonstr\u00e1lhatj\u00e1k a szervezetek vagy politikai szerepl\u0151k \u00e9rdekl\u0151d\u00e9s\u00e9t az UNTWIST eredm\u00e9nyeinek felhaszn\u00e1l\u00e1sa ir\u00e1nt.<\/p>\n<\/div>\n<\/div>\n<\/div>\n<\/div>\n\n\n\n<div class=\"wp-block-columns is-layout-flex wp-container-core-columns-is-layout-d05c7dfd wp-block-columns-is-layout-flex\">\n<div class=\"wp-block-column has-background-background-color has-background is-layout-flow wp-block-column-is-layout-flow\">\n<div class=\"wp-block-group is-layout-constrained wp-block-group-is-layout-constrained\">\n<div class=\"wp-block-group block-accent-clr block-accent-clr-yellow bg-icon bg-icon-political is-layout-constrained wp-container-core-group-is-layout-a788aded wp-block-group-is-layout-constrained\" style=\"padding-top:50px;padding-right:75px;padding-bottom:50px;padding-left:75px\">\n<div class=\"wp-block-group is-content-justification-space-between is-nowrap is-layout-flex wp-container-core-group-is-layout-4e2e7437 wp-block-group-is-layout-flex\">\n<div class=\"wp-block-group is-nowrap is-layout-flex wp-container-core-group-is-layout-f66f9956 wp-block-group-is-layout-flex\">\n<figure class=\"wp-block-image size-large\"><img loading=\"lazy\" decoding=\"async\" width=\"45\" height=\"42\" src=\"https:\/\/www.upo.es\/investiga\/UNTWIST\/wp-content\/uploads\/2023\/05\/megaphone-icon.svg\" alt=\"\" class=\"wp-image-1012\"\/><\/figure>\n\n\n\n<h3 class=\"wp-block-heading has-title-color has-text-color\">UNTWIST ELIGAZ\u00cdT\u00c1SOK GY\u0170JTEM\u00c9NYE<\/h3>\n<\/div>\n\n\n\n<div class=\"wp-block-buttons is-layout-flex wp-block-buttons-is-layout-flex\">\n<div class=\"wp-block-button is-style-fill\"><a class=\"wp-block-button__link has-primary-background-color has-background has-medium-font-size has-custom-font-size wp-element-button\" href=\"https:\/\/www.upo.es\/investiga\/UNTWIST\/our-contributions\/untwist-briefings-collection-mag\/\" style=\"padding-top:0;padding-bottom:0\">+<\/a><\/div>\n<\/div>\n<\/div>\n\n\n\n<p class=\"has-normal-font-size\">T\u00e1j\u00e9koztat\u00f3ink t\u00e9nyeken alapul\u00f3 dokumentumok, amelyek c\u00e9lja, hogy a szervezetek \u00e9s a politikai szerepl\u0151k sz\u00e1m\u00e1ra aj\u00e1nl\u00e1sokat ny\u00fajtsanak a nemek k\u00f6z\u00f6tti k\u00e9pviselet jav\u00edt\u00e1s\u00e1ra. A szervezetek \u00e9s a politikai szerepl\u0151k \u00e1ltal k\u00f6zvetlen\u00fcl felhaszn\u00e1lhat\u00f3, k\u00f6nnyen \u00e9rthet\u0151 nyelven mutatj\u00e1k be a legfontosabb meg\u00e1llap\u00edt\u00e1sainkat. T\u00e1j\u00e9koztat\u00f3inkat hat k\u00fcl\u00f6nb\u00f6z\u0151 nyelven k\u00e9sz\u00edtj\u00fck, hogy seg\u00edts\u00fck a k\u00fcl\u00f6nb\u00f6z\u0151 orsz\u00e1gok civil t\u00e1rsadalmi szervezeteinek \u00e9s politikai szerepl\u0151inek, hogy hozz\u00e1f\u00e9rjenek javaslatunkhoz, \u00e9s \u00edgy kibontakoztathass\u00e1k \u00fatjaikat a nemek k\u00f6z\u00f6tti es\u00e9lyegyenl\u0151s\u00e9gi ig\u00e9nyek megv\u00e1laszol\u00e1sa \u00e9rdek\u00e9ben egy meg\u00fajult demokratikus t\u00e1rsadalomban. K\u00e9r\u00e9sre r\u00e9szletesen kifejtj\u00fck, hogy kutat\u00e1si eredm\u00e9nyeink hogyan kapcsol\u00f3dnak az \u00d6n priorit\u00e1saihoz, \u00e9s hogyan t\u00e1j\u00e9koztathatj\u00e1k azokat.<\/p>\n<\/div>\n<\/div>\n<\/div>\n\n\n\n<div class=\"wp-block-column has-background-background-color has-background is-layout-flow wp-block-column-is-layout-flow\">\n<div class=\"wp-block-group is-layout-constrained wp-block-group-is-layout-constrained\">\n<div class=\"wp-block-group block-accent-clr block-accent-clr-pink bg-icon bg-icon-infog is-layout-constrained wp-container-core-group-is-layout-a788aded wp-block-group-is-layout-constrained\" style=\"padding-top:50px;padding-right:75px;padding-bottom:50px;padding-left:75px\">\n<div class=\"wp-block-group is-content-justification-space-between is-nowrap is-layout-flex wp-container-core-group-is-layout-4e2e7437 wp-block-group-is-layout-flex\">\n<div class=\"wp-block-group is-nowrap is-layout-flex wp-container-core-group-is-layout-f66f9956 wp-block-group-is-layout-flex\">\n<figure class=\"wp-block-image size-large\"><img loading=\"lazy\" decoding=\"async\" width=\"45\" height=\"45\" src=\"https:\/\/www.upo.es\/investiga\/UNTWIST\/wp-content\/uploads\/2023\/05\/chart-icon.svg\" alt=\"\" class=\"wp-image-1014\"\/><\/figure>\n\n\n\n<h3 class=\"wp-block-heading has-title-color has-text-color\">INFOGRAPHICS<\/h3>\n<\/div>\n\n\n\n<div class=\"wp-block-buttons is-layout-flex wp-block-buttons-is-layout-flex\">\n<div class=\"wp-block-button\"><a class=\"wp-block-button__link has-primary-background-color has-background has-medium-font-size has-custom-font-size wp-element-button\" href=\"https:\/\/www.upo.es\/investiga\/UNTWIST\/our-contributions\/infographics-mag\/\" style=\"padding-top:0;padding-bottom:0\">+<\/a><\/div>\n<\/div>\n<\/div>\n\n\n\n<p class=\"has-normal-font-size\">Az infografik\u00e1ink a legszintetikusabb m\u00f3dja az UNTWIST meg\u00e1llap\u00edt\u00e1sainak bemutat\u00e1s\u00e1ra. Ide interakt\u00edv alkalmaz\u00e1sokat is mell\u00e9kel\u00fcnk a projekt\u00fcnkh\u00f6z el\u0151\u00e1ll\u00edtott hatalmas mennyis\u00e9g\u0171 adat felt\u00e1r\u00e1s\u00e1hoz \u00e9s kiakn\u00e1z\u00e1s\u00e1hoz. Ezek a vizu\u00e1lis term\u00e9kek c\u00e9lja a projekt\u00fcnk \u00e9s eredm\u00e9nyeink holisztikusabb meg\u00e9rt\u00e9se, valamint a felhaszn\u00e1l\u00f3k sz\u00e1m\u00e1ra az adataink felt\u00e1r\u00e1s\u00e1hoz \u00e9s kiakn\u00e1z\u00e1s\u00e1hoz sz\u00fcks\u00e9ges eszk\u00f6z\u00f6k.<\/p>\n<\/div>\n<\/div>\n<\/div>\n<\/div>\n\n\n\n<div class=\"wp-block-columns is-layout-flex wp-container-core-columns-is-layout-d05c7dfd wp-block-columns-is-layout-flex\"><\/div>\n<\/div>\n<\/div>\n\n\n\n<p><\/p>\n","protected":false},"excerpt":{"rendered":"<p>VIDE\u00d3 Vide\u00f3ink bemutatj\u00e1k az UNTWIST-et \u00e9s annak eredm\u00e9nyeit a szervezeteknek \u00e9s a politikai szerepl\u0151knek. Vide\u00f3inkat hat k\u00fcl\u00f6nb\u00f6z\u0151 nyelven k\u00e9sz\u00edtj\u00fck, hogy a k\u00fcl\u00f6nb\u00f6z\u0151 orsz\u00e1gok civil szervezetei \u00e9s politikai szerepl\u0151i k\u00f6nnyebben hozz\u00e1f\u00e9rhessenek javaslatunkhoz. M\u00c9DIA\u00c9RTES\u00cdT\u00c9SEK Ezek a sajt\u00f3k\u00f6zlem\u00e9nyek vagy sajt\u00f3cikkek az UNTWIST vonatkoz\u00f3 eredm\u00e9nyeit \u00e9s szakpolitikai aj\u00e1nl\u00e1sait tartalmazz\u00e1k, amelyekr\u0151l a m\u00e9dia is besz\u00e1molt. Ezek az inform\u00e1ci\u00f3k felh\u00edvhatj\u00e1k a [&hellip;]<\/p>\n","protected":false},"author":4,"featured_media":0,"parent":0,"menu_order":0,"comment_status":"closed","ping_status":"closed","template":"page-template-notitle","meta":{"inline_featured_image":false,"footnotes":""},"class_list":["post-1845","page","type-page","status-publish","hentry"],"nelio_popups_active_popup":"","yoast_head":"<!-- This site is optimized with the Yoast SEO plugin v26.3 - https:\/\/yoast.com\/wordpress\/plugins\/seo\/ -->\n<title>Our contributions - MAGYARORSZ\u00c1G - UNTWIST<\/title>\n<meta name=\"robots\" content=\"index, follow, max-snippet:-1, max-image-preview:large, max-video-preview:-1\" \/>\n<link rel=\"canonical\" href=\"https:\/\/www.upo.es\/investiga\/UNTWIST\/our-contributions-magyarorszag\/\" \/>\n<meta property=\"og:locale\" content=\"en_US\" \/>\n<meta property=\"og:type\" content=\"article\" \/>\n<meta property=\"og:title\" content=\"Our contributions - MAGYARORSZ\u00c1G - UNTWIST\" \/>\n<meta property=\"og:description\" content=\"VIDE\u00d3 Vide\u00f3ink bemutatj\u00e1k az UNTWIST-et \u00e9s annak eredm\u00e9nyeit a szervezeteknek \u00e9s a politikai szerepl\u0151knek. Vide\u00f3inkat hat k\u00fcl\u00f6nb\u00f6z\u0151 nyelven k\u00e9sz\u00edtj\u00fck, hogy a k\u00fcl\u00f6nb\u00f6z\u0151 orsz\u00e1gok civil szervezetei \u00e9s politikai szerepl\u0151i k\u00f6nnyebben hozz\u00e1f\u00e9rhessenek javaslatunkhoz. M\u00c9DIA\u00c9RTES\u00cdT\u00c9SEK Ezek a sajt\u00f3k\u00f6zlem\u00e9nyek vagy sajt\u00f3cikkek az UNTWIST vonatkoz\u00f3 eredm\u00e9nyeit \u00e9s szakpolitikai aj\u00e1nl\u00e1sait tartalmazz\u00e1k, amelyekr\u0151l a m\u00e9dia is besz\u00e1molt. Ezek az inform\u00e1ci\u00f3k felh\u00edvhatj\u00e1k a [&hellip;]\" \/>\n<meta property=\"og:url\" content=\"https:\/\/www.upo.es\/investiga\/UNTWIST\/our-contributions-magyarorszag\/\" \/>\n<meta property=\"og:site_name\" content=\"UNTWIST\" \/>\n<meta property=\"article:modified_time\" content=\"2026-01-30T11:20:01+00:00\" \/>\n<meta property=\"og:image\" content=\"https:\/\/www.upo.es\/investiga\/UNTWIST\/wp-content\/uploads\/2023\/12\/Untwist-logo.jpg\" \/>\n\t<meta property=\"og:image:width\" content=\"2480\" \/>\n\t<meta property=\"og:image:height\" content=\"1808\" \/>\n\t<meta property=\"og:image:type\" content=\"image\/jpeg\" \/>\n<meta name=\"twitter:card\" content=\"summary\" \/>\n<meta name=\"twitter:image\" content=\"https:\/\/www.upo.es\/investiga\/UNTWIST\/wp-content\/uploads\/2023\/12\/Untwist-logo.jpg\" \/>\n<meta name=\"twitter:site\" content=\"@UNTWISTproject\" \/>\n<meta name=\"twitter:label1\" content=\"Est. reading time\" \/>\n\t<meta name=\"twitter:data1\" content=\"2 minutes\" \/>\n<script type=\"application\/ld+json\" class=\"yoast-schema-graph\">{\"@context\":\"https:\/\/schema.org\",\"@graph\":[{\"@type\":\"WebPage\",\"@id\":\"https:\/\/www.upo.es\/investiga\/UNTWIST\/our-contributions-magyarorszag\/\",\"url\":\"https:\/\/www.upo.es\/investiga\/UNTWIST\/our-contributions-magyarorszag\/\",\"name\":\"Our contributions - MAGYARORSZ\u00c1G - UNTWIST\",\"isPartOf\":{\"@id\":\"https:\/\/www.upo.es\/investiga\/UNTWIST\/#website\"},\"primaryImageOfPage\":{\"@id\":\"https:\/\/www.upo.es\/investiga\/UNTWIST\/our-contributions-magyarorszag\/#primaryimage\"},\"image\":{\"@id\":\"https:\/\/www.upo.es\/investiga\/UNTWIST\/our-contributions-magyarorszag\/#primaryimage\"},\"thumbnailUrl\":\"https:\/\/www.upo.es\/investiga\/UNTWIST\/wp-content\/uploads\/2023\/05\/video-icon.svg\",\"datePublished\":\"2025-01-22T15:12:54+00:00\",\"dateModified\":\"2026-01-30T11:20:01+00:00\",\"breadcrumb\":{\"@id\":\"https:\/\/www.upo.es\/investiga\/UNTWIST\/our-contributions-magyarorszag\/#breadcrumb\"},\"inLanguage\":\"en-US\",\"potentialAction\":[{\"@type\":\"ReadAction\",\"target\":[\"https:\/\/www.upo.es\/investiga\/UNTWIST\/our-contributions-magyarorszag\/\"]}]},{\"@type\":\"ImageObject\",\"inLanguage\":\"en-US\",\"@id\":\"https:\/\/www.upo.es\/investiga\/UNTWIST\/our-contributions-magyarorszag\/#primaryimage\",\"url\":\"https:\/\/www.upo.es\/investiga\/UNTWIST\/wp-content\/uploads\/2023\/05\/video-icon.svg\",\"contentUrl\":\"https:\/\/www.upo.es\/investiga\/UNTWIST\/wp-content\/uploads\/2023\/05\/video-icon.svg\",\"width\":45,\"height\":45},{\"@type\":\"BreadcrumbList\",\"@id\":\"https:\/\/www.upo.es\/investiga\/UNTWIST\/our-contributions-magyarorszag\/#breadcrumb\",\"itemListElement\":[{\"@type\":\"ListItem\",\"position\":1,\"name\":\"Portada\",\"item\":\"https:\/\/www.upo.es\/investiga\/UNTWIST\/\"},{\"@type\":\"ListItem\",\"position\":2,\"name\":\"Our contributions &#8211; MAGYARORSZ\u00c1G\"}]},{\"@type\":\"WebSite\",\"@id\":\"https:\/\/www.upo.es\/investiga\/UNTWIST\/#website\",\"url\":\"https:\/\/www.upo.es\/investiga\/UNTWIST\/\",\"name\":\"UNTWIST\",\"description\":\"\",\"publisher\":{\"@id\":\"https:\/\/www.upo.es\/investiga\/UNTWIST\/#organization\"},\"potentialAction\":[{\"@type\":\"SearchAction\",\"target\":{\"@type\":\"EntryPoint\",\"urlTemplate\":\"https:\/\/www.upo.es\/investiga\/UNTWIST\/?s={search_term_string}\"},\"query-input\":{\"@type\":\"PropertyValueSpecification\",\"valueRequired\":true,\"valueName\":\"search_term_string\"}}],\"inLanguage\":\"en-US\"},{\"@type\":\"Organization\",\"@id\":\"https:\/\/www.upo.es\/investiga\/UNTWIST\/#organization\",\"name\":\"UNTWIST\",\"alternateName\":\"UNTWIST\",\"url\":\"https:\/\/www.upo.es\/investiga\/UNTWIST\/\",\"logo\":{\"@type\":\"ImageObject\",\"inLanguage\":\"en-US\",\"@id\":\"https:\/\/www.upo.es\/investiga\/UNTWIST\/#\/schema\/logo\/image\/\",\"url\":\"https:\/\/www.upo.es\/investiga\/UNTWIST\/wp-content\/uploads\/2023\/04\/untwitst-logo-large.png\",\"contentUrl\":\"https:\/\/www.upo.es\/investiga\/UNTWIST\/wp-content\/uploads\/2023\/04\/untwitst-logo-large.png\",\"width\":1000,\"height\":986,\"caption\":\"UNTWIST\"},\"image\":{\"@id\":\"https:\/\/www.upo.es\/investiga\/UNTWIST\/#\/schema\/logo\/image\/\"},\"sameAs\":[\"https:\/\/x.com\/UNTWISTproject\",\"https:\/\/www.youtube.com\/@UNTWIST_Project\"]}]}<\/script>\n<!-- \/ Yoast SEO plugin. -->","yoast_head_json":{"title":"Our contributions - MAGYARORSZ\u00c1G - UNTWIST","robots":{"index":"index","follow":"follow","max-snippet":"max-snippet:-1","max-image-preview":"max-image-preview:large","max-video-preview":"max-video-preview:-1"},"canonical":"https:\/\/www.upo.es\/investiga\/UNTWIST\/our-contributions-magyarorszag\/","og_locale":"en_US","og_type":"article","og_title":"Our contributions - MAGYARORSZ\u00c1G - UNTWIST","og_description":"VIDE\u00d3 Vide\u00f3ink bemutatj\u00e1k az UNTWIST-et \u00e9s annak eredm\u00e9nyeit a szervezeteknek \u00e9s a politikai szerepl\u0151knek. Vide\u00f3inkat hat k\u00fcl\u00f6nb\u00f6z\u0151 nyelven k\u00e9sz\u00edtj\u00fck, hogy a k\u00fcl\u00f6nb\u00f6z\u0151 orsz\u00e1gok civil szervezetei \u00e9s politikai szerepl\u0151i k\u00f6nnyebben hozz\u00e1f\u00e9rhessenek javaslatunkhoz. M\u00c9DIA\u00c9RTES\u00cdT\u00c9SEK Ezek a sajt\u00f3k\u00f6zlem\u00e9nyek vagy sajt\u00f3cikkek az UNTWIST vonatkoz\u00f3 eredm\u00e9nyeit \u00e9s szakpolitikai aj\u00e1nl\u00e1sait tartalmazz\u00e1k, amelyekr\u0151l a m\u00e9dia is besz\u00e1molt. Ezek az inform\u00e1ci\u00f3k felh\u00edvhatj\u00e1k a [&hellip;]","og_url":"https:\/\/www.upo.es\/investiga\/UNTWIST\/our-contributions-magyarorszag\/","og_site_name":"UNTWIST","article_modified_time":"2026-01-30T11:20:01+00:00","og_image":[{"width":2480,"height":1808,"url":"https:\/\/www.upo.es\/investiga\/UNTWIST\/wp-content\/uploads\/2023\/12\/Untwist-logo.jpg","type":"image\/jpeg"}],"twitter_card":"summary","twitter_image":"https:\/\/www.upo.es\/investiga\/UNTWIST\/wp-content\/uploads\/2023\/12\/Untwist-logo.jpg","twitter_site":"@UNTWISTproject","twitter_misc":{"Est. reading time":"2 minutes"},"schema":{"@context":"https:\/\/schema.org","@graph":[{"@type":"WebPage","@id":"https:\/\/www.upo.es\/investiga\/UNTWIST\/our-contributions-magyarorszag\/","url":"https:\/\/www.upo.es\/investiga\/UNTWIST\/our-contributions-magyarorszag\/","name":"Our contributions - MAGYARORSZ\u00c1G - UNTWIST","isPartOf":{"@id":"https:\/\/www.upo.es\/investiga\/UNTWIST\/#website"},"primaryImageOfPage":{"@id":"https:\/\/www.upo.es\/investiga\/UNTWIST\/our-contributions-magyarorszag\/#primaryimage"},"image":{"@id":"https:\/\/www.upo.es\/investiga\/UNTWIST\/our-contributions-magyarorszag\/#primaryimage"},"thumbnailUrl":"https:\/\/www.upo.es\/investiga\/UNTWIST\/wp-content\/uploads\/2023\/05\/video-icon.svg","datePublished":"2025-01-22T15:12:54+00:00","dateModified":"2026-01-30T11:20:01+00:00","breadcrumb":{"@id":"https:\/\/www.upo.es\/investiga\/UNTWIST\/our-contributions-magyarorszag\/#breadcrumb"},"inLanguage":"en-US","potentialAction":[{"@type":"ReadAction","target":["https:\/\/www.upo.es\/investiga\/UNTWIST\/our-contributions-magyarorszag\/"]}]},{"@type":"ImageObject","inLanguage":"en-US","@id":"https:\/\/www.upo.es\/investiga\/UNTWIST\/our-contributions-magyarorszag\/#primaryimage","url":"https:\/\/www.upo.es\/investiga\/UNTWIST\/wp-content\/uploads\/2023\/05\/video-icon.svg","contentUrl":"https:\/\/www.upo.es\/investiga\/UNTWIST\/wp-content\/uploads\/2023\/05\/video-icon.svg","width":45,"height":45},{"@type":"BreadcrumbList","@id":"https:\/\/www.upo.es\/investiga\/UNTWIST\/our-contributions-magyarorszag\/#breadcrumb","itemListElement":[{"@type":"ListItem","position":1,"name":"Portada","item":"https:\/\/www.upo.es\/investiga\/UNTWIST\/"},{"@type":"ListItem","position":2,"name":"Our contributions &#8211; MAGYARORSZ\u00c1G"}]},{"@type":"WebSite","@id":"https:\/\/www.upo.es\/investiga\/UNTWIST\/#website","url":"https:\/\/www.upo.es\/investiga\/UNTWIST\/","name":"UNTWIST","description":"","publisher":{"@id":"https:\/\/www.upo.es\/investiga\/UNTWIST\/#organization"},"potentialAction":[{"@type":"SearchAction","target":{"@type":"EntryPoint","urlTemplate":"https:\/\/www.upo.es\/investiga\/UNTWIST\/?s={search_term_string}"},"query-input":{"@type":"PropertyValueSpecification","valueRequired":true,"valueName":"search_term_string"}}],"inLanguage":"en-US"},{"@type":"Organization","@id":"https:\/\/www.upo.es\/investiga\/UNTWIST\/#organization","name":"UNTWIST","alternateName":"UNTWIST","url":"https:\/\/www.upo.es\/investiga\/UNTWIST\/","logo":{"@type":"ImageObject","inLanguage":"en-US","@id":"https:\/\/www.upo.es\/investiga\/UNTWIST\/#\/schema\/logo\/image\/","url":"https:\/\/www.upo.es\/investiga\/UNTWIST\/wp-content\/uploads\/2023\/04\/untwitst-logo-large.png","contentUrl":"https:\/\/www.upo.es\/investiga\/UNTWIST\/wp-content\/uploads\/2023\/04\/untwitst-logo-large.png","width":1000,"height":986,"caption":"UNTWIST"},"image":{"@id":"https:\/\/www.upo.es\/investiga\/UNTWIST\/#\/schema\/logo\/image\/"},"sameAs":["https:\/\/x.com\/UNTWISTproject","https:\/\/www.youtube.com\/@UNTWIST_Project"]}]}},"_links":{"self":[{"href":"https:\/\/www.upo.es\/investiga\/UNTWIST\/wp-json\/wp\/v2\/pages\/1845","targetHints":{"allow":["GET"]}}],"collection":[{"href":"https:\/\/www.upo.es\/investiga\/UNTWIST\/wp-json\/wp\/v2\/pages"}],"about":[{"href":"https:\/\/www.upo.es\/investiga\/UNTWIST\/wp-json\/wp\/v2\/types\/page"}],"author":[{"embeddable":true,"href":"https:\/\/www.upo.es\/investiga\/UNTWIST\/wp-json\/wp\/v2\/users\/4"}],"replies":[{"embeddable":true,"href":"https:\/\/www.upo.es\/investiga\/UNTWIST\/wp-json\/wp\/v2\/comments?post=1845"}],"version-history":[{"count":7,"href":"https:\/\/www.upo.es\/investiga\/UNTWIST\/wp-json\/wp\/v2\/pages\/1845\/revisions"}],"predecessor-version":[{"id":2585,"href":"https:\/\/www.upo.es\/investiga\/UNTWIST\/wp-json\/wp\/v2\/pages\/1845\/revisions\/2585"}],"wp:attachment":[{"href":"https:\/\/www.upo.es\/investiga\/UNTWIST\/wp-json\/wp\/v2\/media?parent=1845"}],"curies":[{"name":"wp","href":"https:\/\/api.w.org\/{rel}","templated":true}]}}