{"id":1863,"date":"2025-01-22T16:43:52","date_gmt":"2025-01-22T15:43:52","guid":{"rendered":"https:\/\/www.upo.es\/investiga\/UNTWIST\/?page_id=1863"},"modified":"2025-11-21T12:12:08","modified_gmt":"2025-11-21T11:12:08","slug":"infographics-esp","status":"publish","type":"page","link":"https:\/\/www.upo.es\/investiga\/UNTWIST\/our-contributions\/infographics-esp\/","title":{"rendered":"INFOGRAPHICS  -ESP"},"content":{"rendered":"\n<h2 class=\"wp-block-heading has-foreground-color has-text-color\">INFOGRAF\u00cdAS DIN\u00c1MICAS<\/h2>\n\n\n\n<p class=\"has-text-align-left has-background-background-color has-background\">Como primera parte del an\u00e1lisis de datos emp\u00edricos de UNTWIST, el equipo realiz\u00f3 una revisi\u00f3n meta-literaria transnacional de una colecci\u00f3n interdisciplinaria de 406 art\u00edculos de estudios feministas, queer y de masculinidad. La selecci\u00f3n se bas\u00f3 en un muestreo te\u00f3rico de los diferentes tipos de \u00abnecesidades basadas en el g\u00e9nero\u00bb analizados en la bibliograf\u00eda de los diferentes contextos nacionales. A partir de un an\u00e1lisis inductivo, UNTWIST desarroll\u00f3 una tipolog\u00eda de 24 tipos de necesidades basadas en el g\u00e9nero ubicadas en diferentes \u00e1mbitos pol\u00edticos y accesibles a trav\u00e9s de diferentes perspectivas de g\u00e9nero (conceptos).<br><strong>Visite el Observable que figura a continuaci\u00f3n, donde se ofrecen visualizaciones claras y accesibles de los datos para que las partes interesadas puedan interactuar con ellas y crear sus propias presentaciones gr\u00e1ficas.<\/strong><\/p>\n\n\n\n<div class=\"wp-block-columns is-layout-flex wp-container-core-columns-is-layout-28f84493 wp-block-columns-is-layout-flex\">\n<div class=\"wp-block-column is-layout-flow wp-block-column-is-layout-flow\" style=\"flex-basis:100%\">\n<div class=\"wp-block-buttons alignwide is-vertical is-content-justification-center is-layout-flex wp-container-core-buttons-is-layout-734eb2c2 wp-block-buttons-is-layout-flex\">\n<div class=\"wp-block-button has-custom-width wp-block-button__width-25\"><a class=\"wp-block-button__link has-primary-background-color has-background wp-element-button\" href=\"https:\/\/observablehq.com\/@untwist\/wp1\">WP1 OBSERVABLE<\/a><\/div>\n<\/div>\n<\/div>\n<\/div>\n\n\n\n<p class=\"has-foreground-color has-background-background-color has-text-color has-background has-link-color wp-elements-f08793ecf7699c91861a56212f231524\">Este cuaderno presenta los resultados de un an\u00e1lisis de contenido cuantitativo que cartografi\u00f3 la representaci\u00f3n de los conceptos y temas de sexo\/g\u00e9nero en 914 cuestionarios de encuestas pol\u00edticas y sociol\u00f3gicas a gran escala realizados a escala transnacional en Europa y en seis pa\u00edses europeos (Dinamarca, Alemania, Hungr\u00eda, Suiza y el Reino Unido) entre 2000 y 2023.<br><strong>Visite el Observable a continuaci\u00f3n, donde un buscador de preguntas de unidades de codificaci\u00f3n espec\u00edficas y herramientas para explorar la frecuencia y co-ocurrencia entre Conceptos de G\u00e9nero y Temas\/Cuestiones Pol\u00edticas est\u00e1n disponibles para que las partes interesadas interact\u00faen y creen sus propias presentaciones gr\u00e1ficas.<\/strong><\/p>\n\n\n\n<div class=\"wp-block-columns is-layout-flex wp-container-core-columns-is-layout-28f84493 wp-block-columns-is-layout-flex\">\n<div class=\"wp-block-column is-layout-flow wp-block-column-is-layout-flow\" style=\"flex-basis:100%\">\n<div class=\"wp-block-buttons is-content-justification-center is-layout-flex wp-container-core-buttons-is-layout-a89b3969 wp-block-buttons-is-layout-flex\">\n<div class=\"wp-block-button has-custom-width wp-block-button__width-25\"><a class=\"wp-block-button__link has-primary-background-color has-background wp-element-button\" href=\"https:\/\/observablehq.com\/@untwist\/wp3\">WP3 OBSERVABLE<\/a><\/div>\n<\/div>\n<\/div>\n<\/div>\n\n\n\n<p class=\"has-text-align-left has-foreground-color has-background-background-color has-text-color has-background has-link-color wp-elements-f4b7cc0535cb6eaa6560561d30d13ee0\">UNTWIST ha producido datos emp\u00edricos sobre c\u00f3mo la literatura feminista y los estudios sobre masculinidades conceptualizan las necesidades basadas en el g\u00e9nero, las cuestiones pol\u00edticas relacionadas y las soluciones para abordarlas, c\u00f3mo los votantes que cambian de la corriente dominante a los partidos populistas de derechas experimentan su identidad de g\u00e9nero (grupos focales), qu\u00e9 temas de g\u00e9nero se miden en las encuestas nacionales e internacionales (preguntas de encuesta existentes) y qu\u00e9 tipo de pol\u00edticas de g\u00e9nero representan los partidos pol\u00edticos (manifiestos de los partidos).<br><strong>Visite el Observable a continuaci\u00f3n, donde podr\u00e1 explorar c\u00f3mo concurren los diferentes temas en cada marco de datos.<\/strong><\/p>\n\n\n\n<div class=\"wp-block-buttons is-content-justification-center is-layout-flex wp-container-core-buttons-is-layout-a89b3969 wp-block-buttons-is-layout-flex\">\n<div class=\"wp-block-button has-custom-width wp-block-button__width-25\"><a class=\"wp-block-button__link has-primary-background-color has-background wp-element-button\" href=\"https:\/\/observablehq.com\/@untwist\/wp5\">WP5 OBSERVABLE<\/a><\/div>\n<\/div>\n\n\n\n<div class=\"wp-block-group is-layout-constrained wp-block-group-is-layout-constrained\">\n<h2 class=\"wp-block-heading\">INFOGRAF\u00cdAS EST\u00c1TICAS<\/h2>\n<\/div>\n\n\n\n<div class=\"wp-block-columns is-layout-flex wp-container-core-columns-is-layout-28f84493 wp-block-columns-is-layout-flex\">\n<div class=\"wp-block-column is-layout-flow wp-block-column-is-layout-flow\">\n<h4 class=\"wp-block-heading has-text-align-center has-background-background-color has-background\">WP 1<\/h4>\n\n\n\n<div class=\"wp-block-buttons has-background-background-color has-background is-layout-flex wp-block-buttons-is-layout-flex\">\n<div class=\"wp-block-button has-custom-width wp-block-button__width-100\"><a class=\"wp-block-button__link wp-element-button\" href=\"https:\/\/prezi.com\/i\/s1yhtdduavjn\/\"><strong>4 PERSPECTIVAS PARA FORMULACI\u00d3N DE POL\u00cdTICAS DE G\u00c9NERO<\/strong><\/a><\/div>\n\n\n\n<div class=\"wp-block-button has-custom-width wp-block-button__width-100\"><a class=\"wp-block-button__link wp-element-button\" href=\"https:\/\/prezi.com\/i\/btchvq4sdp4n\/\"><strong>an\u00e1lisis de datos &#8211; desarrollo de la tipolog\u00eda<\/strong><\/a><\/div>\n\n\n\n<div class=\"wp-block-button has-custom-width wp-block-button__width-100\"><a class=\"wp-block-button__link wp-element-button\" href=\"https:\/\/prezi.com\/i\/20a3dhws-nw3\/\"><strong>RECOLECCI\u00d3N DE DATOS &#8211; REVISI\u00d3N DE LA LITERATURA<\/strong><\/a><\/div>\n\n\n\n<div class=\"wp-block-button has-custom-width wp-block-button__width-100\"><a class=\"wp-block-button__link wp-element-button\" href=\"https:\/\/prezi.com\/i\/fewuwtww67m6\/\">                       <strong>METODOLOG\u00cdA<\/strong>                          <\/a><\/div>\n\n\n\n<div class=\"wp-block-button has-custom-width wp-block-button__width-100\"><a class=\"wp-block-button__link wp-element-button\" href=\"https:\/\/prezi.com\/i\/6e3orixizhif\/\"><strong>    visi\u00f3n general de los resultados   <\/strong><\/a><\/div>\n\n\n\n<div class=\"wp-block-button has-custom-width wp-block-button__width-100\"><a class=\"wp-block-button__link wp-element-button\" href=\"https:\/\/prezi.com\/i\/v3acxhv-uruf\/\"><strong><strong>CAJA DE HERRAMIENTAS DE LA TIPOLOG\u00cdA<\/strong><\/strong><\/a><\/div>\n\n\n\n<div class=\"wp-block-button has-custom-width wp-block-button__width-50\"><a class=\"wp-block-button__link wp-element-button\" href=\"https:\/\/prezi.com\/i\/h7aiyhgwroj0\/\"><strong><strong> TIPOS IDEALES I                  <\/strong><\/strong><\/a><\/div>\n\n\n\n<div class=\"wp-block-button has-custom-width wp-block-button__width-50\"><a class=\"wp-block-button__link wp-element-button\" href=\"https:\/\/prezi.com\/i\/sntu-tp2ks67\/\"><strong><strong>TIPOS IDEALES II                        <\/strong><\/strong><\/a><\/div>\n\n\n\n<div class=\"wp-block-button has-custom-width wp-block-button__width-100\"><a class=\"wp-block-button__link wp-element-button\" href=\"https:\/\/prezi.com\/i\/vuhop1-ytrsv\/\"><strong><strong>USOS, RELEVANCIA Y VALOR DE LA TIPOLOG\u00cdA          <\/strong><\/strong><\/a><\/div>\n<\/div>\n<\/div>\n\n\n\n<div class=\"wp-block-column is-layout-flow wp-block-column-is-layout-flow\">\n<h4 class=\"wp-block-heading has-text-align-center has-background-background-color has-background\">WP 2 <\/h4>\n\n\n\n<div class=\"wp-block-buttons has-background-background-color has-background is-content-justification-center is-layout-flex wp-container-core-buttons-is-layout-23a043ba wp-block-buttons-is-layout-flex\">\n<div class=\"wp-block-button has-custom-width wp-block-button__width-100\"><a class=\"wp-block-button__link wp-element-button\" href=\"https:\/\/prezi.com\/i\/sj4jp5swhjl6\/\"><strong>TEMAS TRANSVERSALES<\/strong> <strong>en los grupos de discusi\u00f3n<\/strong><\/a><\/div>\n\n\n\n<div class=\"wp-block-button has-custom-width wp-block-button__width-100\"><a class=\"wp-block-button__link wp-element-button\" href=\"https:\/\/prezi.com\/i\/7tbokiss7trj\/\"><strong>NARRATIVAS EN LOS GRUPOS DE DISCUSI\u00d3N: FATIGA DE EMANCIPACI\u00d3N<\/strong><\/a><\/div>\n\n\n\n<div class=\"wp-block-button has-custom-width wp-block-button__width-100\"><a class=\"wp-block-button__link wp-element-button\" href=\"https:\/\/prezi.com\/i\/qsmxge2kxwgb\/\"><strong>Narrativas en LOS GRUPOS DE DISCUSI\u00d3N: REINTERPRETACI\u00d3N DE ROLES<\/strong><\/a><\/div>\n\n\n\n<div class=\"wp-block-button has-custom-width wp-block-button__width-100\"><a class=\"wp-block-button__link wp-element-button\" href=\"https:\/\/prezi.com\/i\/lq2ll79mwirv\/\"><strong>NARRATIVAS en los grupos de discusi\u00f3n: incorporaci\u00f3n de la mujer al mercado de trabajo<\/strong><\/a><\/div>\n\n\n\n<div class=\"wp-block-button has-custom-width wp-block-button__width-100\"><a class=\"wp-block-button__link wp-element-button\" href=\"https:\/\/prezi.com\/i\/lhavppmloid9\/\"><strong>NARRATIVAS en los grupos de discusi\u00f3n: POSICIONAMIENTOS DIFERENTES ANTE LGTBI+<\/strong><\/a><\/div>\n\n\n\n<div class=\"wp-block-button has-custom-width wp-block-button__width-100\"><a class=\"wp-block-button__link wp-element-button\" href=\"https:\/\/prezi.com\/i\/a8c5fbduhofi\/\"><strong>NARRATIVAS en los grupos de discusi\u00f3n: <strong>DISONANCIAS EN TORNO AL FEMINISMO<\/strong><\/strong><\/a><\/div>\n\n\n\n<div class=\"wp-block-button has-custom-width wp-block-button__width-50\"><a class=\"wp-block-button__link wp-element-button\" href=\"https:\/\/prezi.com\/i\/i3eculvbagc-\/\"><strong>TEMAS ESPEC\u00cdFICOS NACIONALES: DINAMARCA<\/strong><\/a><\/div>\n\n\n\n<div class=\"wp-block-button has-custom-width wp-block-button__width-50\"><a class=\"wp-block-button__link wp-element-button\" href=\"https:\/\/prezi.com\/i\/rr261zfbs70c\/\"><strong>TEMAS ESPEC\u00cdFICOS NACIONALES: HUNGR\u00cdA<\/strong><\/a><\/div>\n\n\n\n<div class=\"wp-block-button has-custom-width wp-block-button__width-50\"><a class=\"wp-block-button__link wp-element-button\" href=\"https:\/\/prezi.com\/i\/4vqshdjzj1sc\/\"><strong>TEMAS ESPEC\u00cdFICOS NACIONALES: ESPA\u00d1A<\/strong><\/a><\/div>\n\n\n\n<div class=\"wp-block-button has-custom-width wp-block-button__width-50\"><a class=\"wp-block-button__link wp-element-button\" href=\"https:\/\/prezi.com\/i\/-0acap9gnqpw\/\"><strong>TEMAS ESPEC\u00cdFICOS NACIONALES: SUIZA<\/strong><\/a><\/div>\n\n\n\n<div class=\"wp-block-button has-custom-width wp-block-button__width-50\"><a class=\"wp-block-button__link wp-element-button\" href=\"https:\/\/prezi.com\/i\/e7cmpmi3zsre\/\"><strong>TEMAS ESPEC\u00cdFICOS NACIONALES: REINO UNIDO<\/strong><\/a><\/div>\n\n\n\n<div class=\"wp-block-button has-custom-width wp-block-button__width-50\"><a class=\"wp-block-button__link wp-element-button\" href=\"https:\/\/prezi.com\/i\/5rg9coekmw0y\/\"><strong>TEMAS ESPEC\u00cdFICOS NACIONALES: ALEMANIA<\/strong><\/a><\/div>\n<\/div>\n<\/div>\n\n\n\n<div class=\"wp-block-column is-layout-flow wp-block-column-is-layout-flow\">\n<h4 class=\"wp-block-heading has-text-align-center has-background-background-color has-background\">WP 3<\/h4>\n\n\n\n<div class=\"wp-block-buttons is-layout-flex wp-block-buttons-is-layout-flex\">\n<div class=\"wp-block-button has-custom-width wp-block-button__width-100\"><a class=\"wp-block-button__link wp-element-button\" href=\"https:\/\/prezi.com\/i\/view\/asghjGf38mw038xMv0ZD\/\"><strong>medici\u00f3n del g\u00e9nero en encuestas internacionales <\/strong><\/a><\/div>\n\n\n\n<div class=\"wp-block-button has-custom-width wp-block-button__width-100\"><a class=\"wp-block-button__link wp-element-button\" href=\"https:\/\/prezi.com\/i\/view\/ZS33egqncxp563BontFP\/\"><strong>medici\u00f3n del g\u00e9nero en encuestas nacionales <\/strong><\/a><\/div>\n\n\n\n<div class=\"wp-block-button has-custom-width wp-block-button__width-100\"><a class=\"wp-block-button__link wp-element-button\" href=\"https:\/\/prezi.com\/i\/view\/fVC1DExHvZBURUsiw19x\/\"><strong>Temas pol\u00edticos presentes en las encuestas internacionales en relaci\u00f3n al g\u00e9nero<\/strong><\/a><\/div>\n\n\n\n<div class=\"wp-block-button has-custom-width wp-block-button__width-100\"><a class=\"wp-block-button__link wp-element-button\" href=\"https:\/\/prezi.com\/i\/view\/HR9JOpxRmId13rXUaTed\/\"><strong>Temas pol\u00edticos presentes en las encuestas nacionales en relaci\u00f3n al g\u00e9nero<\/strong><\/a><\/div>\n<\/div>\n<\/div>\n<\/div>\n\n\n\n<p><\/p>\n","protected":false},"excerpt":{"rendered":"<p>INFOGRAF\u00cdAS DIN\u00c1MICAS Como primera parte del an\u00e1lisis de datos emp\u00edricos de UNTWIST, el equipo realiz\u00f3 una revisi\u00f3n meta-literaria transnacional de una colecci\u00f3n interdisciplinaria de 406 art\u00edculos de estudios feministas, queer y de masculinidad. La selecci\u00f3n se bas\u00f3 en un muestreo te\u00f3rico de los diferentes tipos de \u00abnecesidades basadas en el g\u00e9nero\u00bb analizados en la bibliograf\u00eda [&hellip;]<\/p>\n","protected":false},"author":4,"featured_media":0,"parent":14,"menu_order":0,"comment_status":"closed","ping_status":"closed","template":"page-template-notitle","meta":{"inline_featured_image":false,"footnotes":""},"class_list":["post-1863","page","type-page","status-publish","hentry"],"nelio_popups_active_popup":"","yoast_head":"<!-- This site is optimized with the Yoast SEO plugin v26.3 - https:\/\/yoast.com\/wordpress\/plugins\/seo\/ -->\n<title>INFOGRAPHICS -ESP - UNTWIST<\/title>\n<meta name=\"robots\" content=\"index, follow, max-snippet:-1, max-image-preview:large, max-video-preview:-1\" \/>\n<link rel=\"canonical\" href=\"https:\/\/www.upo.es\/investiga\/UNTWIST\/our-contributions\/infographics-esp\/\" \/>\n<meta property=\"og:locale\" content=\"en_US\" \/>\n<meta property=\"og:type\" content=\"article\" \/>\n<meta property=\"og:title\" content=\"INFOGRAPHICS -ESP - UNTWIST\" \/>\n<meta property=\"og:description\" content=\"INFOGRAF\u00cdAS DIN\u00c1MICAS Como primera parte del an\u00e1lisis de datos emp\u00edricos de UNTWIST, el equipo realiz\u00f3 una revisi\u00f3n meta-literaria transnacional de una colecci\u00f3n interdisciplinaria de 406 art\u00edculos de estudios feministas, queer y de masculinidad. La selecci\u00f3n se bas\u00f3 en un muestreo te\u00f3rico de los diferentes tipos de \u00abnecesidades basadas en el g\u00e9nero\u00bb analizados en la bibliograf\u00eda [&hellip;]\" \/>\n<meta property=\"og:url\" content=\"https:\/\/www.upo.es\/investiga\/UNTWIST\/our-contributions\/infographics-esp\/\" \/>\n<meta property=\"og:site_name\" content=\"UNTWIST\" \/>\n<meta property=\"article:modified_time\" content=\"2025-11-21T11:12:08+00:00\" \/>\n<meta property=\"og:image\" content=\"https:\/\/www.upo.es\/investiga\/UNTWIST\/wp-content\/uploads\/2023\/12\/Untwist-logo.jpg\" \/>\n\t<meta property=\"og:image:width\" content=\"2480\" \/>\n\t<meta property=\"og:image:height\" content=\"1808\" \/>\n\t<meta property=\"og:image:type\" content=\"image\/jpeg\" \/>\n<meta name=\"twitter:card\" content=\"summary\" \/>\n<meta name=\"twitter:image\" content=\"https:\/\/www.upo.es\/investiga\/UNTWIST\/wp-content\/uploads\/2023\/12\/Untwist-logo.jpg\" \/>\n<meta name=\"twitter:site\" content=\"@UNTWISTproject\" \/>\n<meta name=\"twitter:label1\" content=\"Est. reading time\" \/>\n\t<meta name=\"twitter:data1\" content=\"3 minutes\" \/>\n<script type=\"application\/ld+json\" class=\"yoast-schema-graph\">{\"@context\":\"https:\/\/schema.org\",\"@graph\":[{\"@type\":\"WebPage\",\"@id\":\"https:\/\/www.upo.es\/investiga\/UNTWIST\/our-contributions\/infographics-esp\/\",\"url\":\"https:\/\/www.upo.es\/investiga\/UNTWIST\/our-contributions\/infographics-esp\/\",\"name\":\"INFOGRAPHICS -ESP - UNTWIST\",\"isPartOf\":{\"@id\":\"https:\/\/www.upo.es\/investiga\/UNTWIST\/#website\"},\"datePublished\":\"2025-01-22T15:43:52+00:00\",\"dateModified\":\"2025-11-21T11:12:08+00:00\",\"breadcrumb\":{\"@id\":\"https:\/\/www.upo.es\/investiga\/UNTWIST\/our-contributions\/infographics-esp\/#breadcrumb\"},\"inLanguage\":\"en-US\",\"potentialAction\":[{\"@type\":\"ReadAction\",\"target\":[\"https:\/\/www.upo.es\/investiga\/UNTWIST\/our-contributions\/infographics-esp\/\"]}]},{\"@type\":\"BreadcrumbList\",\"@id\":\"https:\/\/www.upo.es\/investiga\/UNTWIST\/our-contributions\/infographics-esp\/#breadcrumb\",\"itemListElement\":[{\"@type\":\"ListItem\",\"position\":1,\"name\":\"Portada\",\"item\":\"https:\/\/www.upo.es\/investiga\/UNTWIST\/\"},{\"@type\":\"ListItem\",\"position\":2,\"name\":\"Our contributions\",\"item\":\"https:\/\/www.upo.es\/investiga\/UNTWIST\/our-contributions\/\"},{\"@type\":\"ListItem\",\"position\":3,\"name\":\"INFOGRAPHICS -ESP\"}]},{\"@type\":\"WebSite\",\"@id\":\"https:\/\/www.upo.es\/investiga\/UNTWIST\/#website\",\"url\":\"https:\/\/www.upo.es\/investiga\/UNTWIST\/\",\"name\":\"UNTWIST\",\"description\":\"\",\"publisher\":{\"@id\":\"https:\/\/www.upo.es\/investiga\/UNTWIST\/#organization\"},\"potentialAction\":[{\"@type\":\"SearchAction\",\"target\":{\"@type\":\"EntryPoint\",\"urlTemplate\":\"https:\/\/www.upo.es\/investiga\/UNTWIST\/?s={search_term_string}\"},\"query-input\":{\"@type\":\"PropertyValueSpecification\",\"valueRequired\":true,\"valueName\":\"search_term_string\"}}],\"inLanguage\":\"en-US\"},{\"@type\":\"Organization\",\"@id\":\"https:\/\/www.upo.es\/investiga\/UNTWIST\/#organization\",\"name\":\"UNTWIST\",\"alternateName\":\"UNTWIST\",\"url\":\"https:\/\/www.upo.es\/investiga\/UNTWIST\/\",\"logo\":{\"@type\":\"ImageObject\",\"inLanguage\":\"en-US\",\"@id\":\"https:\/\/www.upo.es\/investiga\/UNTWIST\/#\/schema\/logo\/image\/\",\"url\":\"https:\/\/www.upo.es\/investiga\/UNTWIST\/wp-content\/uploads\/2023\/04\/untwitst-logo-large.png\",\"contentUrl\":\"https:\/\/www.upo.es\/investiga\/UNTWIST\/wp-content\/uploads\/2023\/04\/untwitst-logo-large.png\",\"width\":1000,\"height\":986,\"caption\":\"UNTWIST\"},\"image\":{\"@id\":\"https:\/\/www.upo.es\/investiga\/UNTWIST\/#\/schema\/logo\/image\/\"},\"sameAs\":[\"https:\/\/x.com\/UNTWISTproject\",\"https:\/\/www.youtube.com\/@UNTWIST_Project\"]}]}<\/script>\n<!-- \/ Yoast SEO plugin. -->","yoast_head_json":{"title":"INFOGRAPHICS -ESP - UNTWIST","robots":{"index":"index","follow":"follow","max-snippet":"max-snippet:-1","max-image-preview":"max-image-preview:large","max-video-preview":"max-video-preview:-1"},"canonical":"https:\/\/www.upo.es\/investiga\/UNTWIST\/our-contributions\/infographics-esp\/","og_locale":"en_US","og_type":"article","og_title":"INFOGRAPHICS -ESP - UNTWIST","og_description":"INFOGRAF\u00cdAS DIN\u00c1MICAS Como primera parte del an\u00e1lisis de datos emp\u00edricos de UNTWIST, el equipo realiz\u00f3 una revisi\u00f3n meta-literaria transnacional de una colecci\u00f3n interdisciplinaria de 406 art\u00edculos de estudios feministas, queer y de masculinidad. La selecci\u00f3n se bas\u00f3 en un muestreo te\u00f3rico de los diferentes tipos de \u00abnecesidades basadas en el g\u00e9nero\u00bb analizados en la bibliograf\u00eda [&hellip;]","og_url":"https:\/\/www.upo.es\/investiga\/UNTWIST\/our-contributions\/infographics-esp\/","og_site_name":"UNTWIST","article_modified_time":"2025-11-21T11:12:08+00:00","og_image":[{"width":2480,"height":1808,"url":"https:\/\/www.upo.es\/investiga\/UNTWIST\/wp-content\/uploads\/2023\/12\/Untwist-logo.jpg","type":"image\/jpeg"}],"twitter_card":"summary","twitter_image":"https:\/\/www.upo.es\/investiga\/UNTWIST\/wp-content\/uploads\/2023\/12\/Untwist-logo.jpg","twitter_site":"@UNTWISTproject","twitter_misc":{"Est. reading time":"3 minutes"},"schema":{"@context":"https:\/\/schema.org","@graph":[{"@type":"WebPage","@id":"https:\/\/www.upo.es\/investiga\/UNTWIST\/our-contributions\/infographics-esp\/","url":"https:\/\/www.upo.es\/investiga\/UNTWIST\/our-contributions\/infographics-esp\/","name":"INFOGRAPHICS -ESP - UNTWIST","isPartOf":{"@id":"https:\/\/www.upo.es\/investiga\/UNTWIST\/#website"},"datePublished":"2025-01-22T15:43:52+00:00","dateModified":"2025-11-21T11:12:08+00:00","breadcrumb":{"@id":"https:\/\/www.upo.es\/investiga\/UNTWIST\/our-contributions\/infographics-esp\/#breadcrumb"},"inLanguage":"en-US","potentialAction":[{"@type":"ReadAction","target":["https:\/\/www.upo.es\/investiga\/UNTWIST\/our-contributions\/infographics-esp\/"]}]},{"@type":"BreadcrumbList","@id":"https:\/\/www.upo.es\/investiga\/UNTWIST\/our-contributions\/infographics-esp\/#breadcrumb","itemListElement":[{"@type":"ListItem","position":1,"name":"Portada","item":"https:\/\/www.upo.es\/investiga\/UNTWIST\/"},{"@type":"ListItem","position":2,"name":"Our contributions","item":"https:\/\/www.upo.es\/investiga\/UNTWIST\/our-contributions\/"},{"@type":"ListItem","position":3,"name":"INFOGRAPHICS -ESP"}]},{"@type":"WebSite","@id":"https:\/\/www.upo.es\/investiga\/UNTWIST\/#website","url":"https:\/\/www.upo.es\/investiga\/UNTWIST\/","name":"UNTWIST","description":"","publisher":{"@id":"https:\/\/www.upo.es\/investiga\/UNTWIST\/#organization"},"potentialAction":[{"@type":"SearchAction","target":{"@type":"EntryPoint","urlTemplate":"https:\/\/www.upo.es\/investiga\/UNTWIST\/?s={search_term_string}"},"query-input":{"@type":"PropertyValueSpecification","valueRequired":true,"valueName":"search_term_string"}}],"inLanguage":"en-US"},{"@type":"Organization","@id":"https:\/\/www.upo.es\/investiga\/UNTWIST\/#organization","name":"UNTWIST","alternateName":"UNTWIST","url":"https:\/\/www.upo.es\/investiga\/UNTWIST\/","logo":{"@type":"ImageObject","inLanguage":"en-US","@id":"https:\/\/www.upo.es\/investiga\/UNTWIST\/#\/schema\/logo\/image\/","url":"https:\/\/www.upo.es\/investiga\/UNTWIST\/wp-content\/uploads\/2023\/04\/untwitst-logo-large.png","contentUrl":"https:\/\/www.upo.es\/investiga\/UNTWIST\/wp-content\/uploads\/2023\/04\/untwitst-logo-large.png","width":1000,"height":986,"caption":"UNTWIST"},"image":{"@id":"https:\/\/www.upo.es\/investiga\/UNTWIST\/#\/schema\/logo\/image\/"},"sameAs":["https:\/\/x.com\/UNTWISTproject","https:\/\/www.youtube.com\/@UNTWIST_Project"]}]}},"_links":{"self":[{"href":"https:\/\/www.upo.es\/investiga\/UNTWIST\/wp-json\/wp\/v2\/pages\/1863","targetHints":{"allow":["GET"]}}],"collection":[{"href":"https:\/\/www.upo.es\/investiga\/UNTWIST\/wp-json\/wp\/v2\/pages"}],"about":[{"href":"https:\/\/www.upo.es\/investiga\/UNTWIST\/wp-json\/wp\/v2\/types\/page"}],"author":[{"embeddable":true,"href":"https:\/\/www.upo.es\/investiga\/UNTWIST\/wp-json\/wp\/v2\/users\/4"}],"replies":[{"embeddable":true,"href":"https:\/\/www.upo.es\/investiga\/UNTWIST\/wp-json\/wp\/v2\/comments?post=1863"}],"version-history":[{"count":9,"href":"https:\/\/www.upo.es\/investiga\/UNTWIST\/wp-json\/wp\/v2\/pages\/1863\/revisions"}],"predecessor-version":[{"id":2093,"href":"https:\/\/www.upo.es\/investiga\/UNTWIST\/wp-json\/wp\/v2\/pages\/1863\/revisions\/2093"}],"up":[{"embeddable":true,"href":"https:\/\/www.upo.es\/investiga\/UNTWIST\/wp-json\/wp\/v2\/pages\/14"}],"wp:attachment":[{"href":"https:\/\/www.upo.es\/investiga\/UNTWIST\/wp-json\/wp\/v2\/media?parent=1863"}],"curies":[{"name":"wp","href":"https:\/\/api.w.org\/{rel}","templated":true}]}}