{"id":187,"date":"2021-03-31T11:50:01","date_gmt":"2021-03-31T11:50:01","guid":{"rendered":"https:\/\/www.upo.es\/investiga\/capacesdecomunicar\/?page_id=187"},"modified":"2021-06-29T14:30:13","modified_gmt":"2021-06-29T14:30:13","slug":"extras","status":"publish","type":"page","link":"https:\/\/www.upo.es\/investiga\/capacesdecomunicar\/extras\/","title":{"rendered":"Extras"},"content":{"rendered":"\n<div class=\"wp-block-columns is-layout-flex wp-container-core-columns-is-layout-9d6595d7 wp-block-columns-is-layout-flex\">\n<div class=\"wp-block-column is-layout-flow wp-block-column-is-layout-flow\">\n<div class=\"wp-block-image is-style-rounded\"><figure class=\"aligncenter size-large is-resized\"><img loading=\"lazy\" decoding=\"async\" src=\"https:\/\/www.upo.es\/investiga\/capacesdecomunicar\/wp-content\/uploads\/2021\/06\/Iconos-Calendario.png\" alt=\"\" class=\"wp-image-2600\" width=\"256\" height=\"256\" srcset=\"https:\/\/www.upo.es\/investiga\/capacesdecomunicar\/wp-content\/uploads\/2021\/06\/Iconos-Calendario.png 512w, https:\/\/www.upo.es\/investiga\/capacesdecomunicar\/wp-content\/uploads\/2021\/06\/Iconos-Calendario-300x300.png 300w, https:\/\/www.upo.es\/investiga\/capacesdecomunicar\/wp-content\/uploads\/2021\/06\/Iconos-Calendario-150x150.png 150w\" sizes=\"auto, (max-width: 256px) 100vw, 256px\" \/><\/figure><\/div>\n\n\n\n<h2 class=\"has-text-align-center wp-block-heading\"><a href=\"https:\/\/www.upo.es\/investiga\/capacesdecomunicar\/calendario\/\" data-type=\"page\" data-id=\"2474\">Recordatorios para tu calendario<\/a><\/h2>\n\n\n\n<p class=\"has-text-align-center\">\u00bfQuieres guardar en tu calendario personal las fechas y horas de todas las entrevistas de <em>Capaces de Comunicar<\/em>? Desc\u00e1rgate el archivo aqu\u00ed.<\/p>\n<\/div>\n\n\n\n<div class=\"wp-block-column is-layout-flow wp-block-column-is-layout-flow\">\n<div class=\"wp-block-image is-style-rounded\"><figure class=\"aligncenter size-medium is-resized\"><img loading=\"lazy\" decoding=\"async\" src=\"https:\/\/www.upo.es\/investiga\/capacesdecomunicar\/wp-content\/uploads\/2021\/06\/Iconos-Notas-prensa-300x300.jpg\" alt=\"\" class=\"wp-image-2278\" width=\"256\" height=\"256\" srcset=\"https:\/\/www.upo.es\/investiga\/capacesdecomunicar\/wp-content\/uploads\/2021\/06\/Iconos-Notas-prensa-300x300.jpg 300w, https:\/\/www.upo.es\/investiga\/capacesdecomunicar\/wp-content\/uploads\/2021\/06\/Iconos-Notas-prensa-150x150.jpg 150w, https:\/\/www.upo.es\/investiga\/capacesdecomunicar\/wp-content\/uploads\/2021\/06\/Iconos-Notas-prensa.jpg 512w\" sizes=\"auto, (max-width: 256px) 100vw, 256px\" \/><\/figure><\/div>\n\n\n\n<h2 class=\"has-text-align-center wp-block-heading\"><a href=\"https:\/\/tinyletter.com\/capacesdecomunicar\" data-type=\"page\" target=\"_blank\" rel=\"noreferrer noopener\">Bolet\u00edn de Noticias<\/a><\/h2>\n\n\n\n<p class=\"has-text-align-center\">\u00bfQuieres estar al d\u00eda de las v\u00eddeo-entrevistas y del webinario de <em>Capaces de Comunicar<\/em> y que te mandemos recordatorios?<\/p>\n<\/div>\n\n\n\n<div class=\"wp-block-column is-layout-flow wp-block-column-is-layout-flow\">\n<div class=\"wp-block-image is-style-rounded\"><figure class=\"aligncenter size-large is-resized\"><img loading=\"lazy\" decoding=\"async\" src=\"https:\/\/www.upo.es\/investiga\/capacesdecomunicar\/wp-content\/uploads\/2021\/06\/Iconos-FAQ.png\" alt=\"\" class=\"wp-image-2597\" width=\"256\" height=\"256\" srcset=\"https:\/\/www.upo.es\/investiga\/capacesdecomunicar\/wp-content\/uploads\/2021\/06\/Iconos-FAQ.png 512w, https:\/\/www.upo.es\/investiga\/capacesdecomunicar\/wp-content\/uploads\/2021\/06\/Iconos-FAQ-300x300.png 300w, https:\/\/www.upo.es\/investiga\/capacesdecomunicar\/wp-content\/uploads\/2021\/06\/Iconos-FAQ-150x150.png 150w\" sizes=\"auto, (max-width: 256px) 100vw, 256px\" \/><\/figure><\/div>\n\n\n\n<h2 class=\"has-text-align-center wp-block-heading\"><a href=\"https:\/\/www.upo.es\/investiga\/capacesdecomunicar\/preguntas-y-respuestas-frecuentes\/\" data-type=\"post\" data-id=\"2646\">Preguntas y Respuestas Frecuentes<\/a><\/h2>\n\n\n\n<p class=\"has-text-align-center\">Consulta las preguntas y respuestas frecuentes de <em>Capaces de Comunicar<\/em><\/p>\n<\/div>\n<\/div>\n\n\n\n<div class=\"wp-block-columns is-layout-flex wp-container-core-columns-is-layout-9d6595d7 wp-block-columns-is-layout-flex\">\n<div class=\"wp-block-column is-layout-flow wp-block-column-is-layout-flow\">\n<div class=\"wp-block-image is-style-rounded\"><figure class=\"aligncenter size-large is-resized\"><img loading=\"lazy\" decoding=\"async\" src=\"https:\/\/www.upo.es\/investiga\/capacesdecomunicar\/wp-content\/uploads\/2021\/06\/Iconos-Dossier-prensa.jpg\" alt=\"Icono Archivo para descargar\" class=\"wp-image-2273\" width=\"256\" height=\"256\" srcset=\"https:\/\/www.upo.es\/investiga\/capacesdecomunicar\/wp-content\/uploads\/2021\/06\/Iconos-Dossier-prensa.jpg 512w, https:\/\/www.upo.es\/investiga\/capacesdecomunicar\/wp-content\/uploads\/2021\/06\/Iconos-Dossier-prensa-300x300.jpg 300w, https:\/\/www.upo.es\/investiga\/capacesdecomunicar\/wp-content\/uploads\/2021\/06\/Iconos-Dossier-prensa-150x150.jpg 150w\" sizes=\"auto, (max-width: 256px) 100vw, 256px\" \/><\/figure><\/div>\n\n\n\n<h2 class=\"has-text-align-center wp-block-heading\"><a href=\"https:\/\/www.upo.es\/investiga\/capacesdecomunicar\/prensa\/\" data-type=\"page\">Prensa<\/a><\/h2>\n\n\n\n<p class=\"has-text-align-center\">Toda la informaci\u00f3n necesaria para los medios de comunicaci\u00f3n<\/p>\n<\/div>\n\n\n\n<div class=\"wp-block-column is-layout-flow wp-block-column-is-layout-flow\">\n<div class=\"wp-block-image is-style-rounded\"><figure class=\"aligncenter size-large is-resized\"><img loading=\"lazy\" decoding=\"async\" src=\"https:\/\/www.upo.es\/investiga\/capacesdecomunicar\/wp-content\/uploads\/2021\/06\/Iconos-Formulario-Web.jpg\" alt=\"\" class=\"wp-image-2363\" width=\"256\" height=\"256\" srcset=\"https:\/\/www.upo.es\/investiga\/capacesdecomunicar\/wp-content\/uploads\/2021\/06\/Iconos-Formulario-Web.jpg 512w, https:\/\/www.upo.es\/investiga\/capacesdecomunicar\/wp-content\/uploads\/2021\/06\/Iconos-Formulario-Web-300x300.jpg 300w, https:\/\/www.upo.es\/investiga\/capacesdecomunicar\/wp-content\/uploads\/2021\/06\/Iconos-Formulario-Web-150x150.jpg 150w\" sizes=\"auto, (max-width: 256px) 100vw, 256px\" \/><\/figure><\/div>\n\n\n\n<h2 class=\"has-text-align-center wp-block-heading\"><a href=\"https:\/\/www.upo.es\/investiga\/capacesdecomunicar\/formulario\/\" data-type=\"post\">Formulario de contacto<\/a><\/h2>\n\n\n\n<p class=\"has-text-align-center\">\u00bfQuieres hacerle alguna pregunta concreta a los organizadores o a los ponentes de <em>Capaces de Comunicar<\/em>? Si es as\u00ed, rellena este formulario.<\/p>\n<\/div>\n\n\n\n<div class=\"wp-block-column is-layout-flow wp-block-column-is-layout-flow\">\n<div class=\"wp-block-image is-style-rounded\"><figure class=\"aligncenter size-large is-resized\"><img loading=\"lazy\" decoding=\"async\" src=\"https:\/\/www.upo.es\/investiga\/capacesdecomunicar\/wp-content\/uploads\/2021\/06\/Iconos-Certificados.jpg\" alt=\"Icono de Diploma\" class=\"wp-image-2359\" width=\"256\" height=\"256\" srcset=\"https:\/\/www.upo.es\/investiga\/capacesdecomunicar\/wp-content\/uploads\/2021\/06\/Iconos-Certificados.jpg 512w, https:\/\/www.upo.es\/investiga\/capacesdecomunicar\/wp-content\/uploads\/2021\/06\/Iconos-Certificados-300x300.jpg 300w, https:\/\/www.upo.es\/investiga\/capacesdecomunicar\/wp-content\/uploads\/2021\/06\/Iconos-Certificados-150x150.jpg 150w\" sizes=\"auto, (max-width: 256px) 100vw, 256px\" \/><\/figure><\/div>\n\n\n\n<h2 class=\"has-text-align-center wp-block-heading\"><a href=\"https:\/\/www.upo.es\/investiga\/capacesdecomunicar\/inscripciones-y-certificados\/\">Inscripciones y certificados<\/a><\/h2>\n\n\n\n<p class=\"has-text-align-center\">Consulta aqu\u00ed todo lo relativo a las inscripciones y certificados de <em>Capaces de Comunicar<\/em>.<\/p>\n<\/div>\n<\/div>\n\n\n\n<div style=\"height:77px\" aria-hidden=\"true\" class=\"wp-block-spacer\"><\/div>\n\n\n\n<p class=\"has-text-align-center\" style=\"font-size:28px\">Recibe actualizaciones del proyecto <em>Capaces de Comunicar<\/em> suscribi\u00e9ndote <strong><a rel=\"noreferrer noopener\" href=\"https:\/\/tinyletter.com\/capacesdecomunicar\" target=\"_blank\">aqu\u00ed<\/a> <\/strong>y sigue todos los contenidos en redes sociales usando el hashtag <strong><a href=\"https:\/\/www.upo.es\/investiga\/capacesdecomunicar\/wp-admin\/post.php?post=52&amp;action=edit#capacesdecomunicar\">#capacesdecomunicar<\/a><\/strong><\/p>\n","protected":false},"excerpt":{"rendered":"<p>Recordatorios para tu calendario \u00bfQuieres guardar en tu calendario personal las fechas y horas de todas las entrevistas de Capaces de Comunicar? Desc\u00e1rgate el archivo aqu\u00ed. Bolet\u00edn de&hellip;<\/p>\n","protected":false},"author":1,"featured_media":0,"parent":0,"menu_order":0,"comment_status":"closed","ping_status":"closed","template":"template-full-width.php","meta":{"_coblocks_attr":"","_coblocks_dimensions":"","_coblocks_responsive_height":"","_coblocks_accordion_ie_support":"","_uag_custom_page_level_css":"","footnotes":""},"class_list":["post-187","page","type-page","status-publish","has-post-thumbnail","hentry"],"uagb_featured_image_src":{"full":false,"thumbnail":false,"medium":false,"medium_large":false,"large":false,"1536x1536":false,"2048x2048":false,"post-thumbnail":false,"chaplin_preview_image_low_resolution":false,"chaplin_preview_image_high_resolution":false,"chaplin_fullscreen":false},"uagb_author_info":{"display_name":"capcom","author_link":"https:\/\/www.upo.es\/investiga\/capacesdecomunicar\/author\/capcom\/"},"uagb_comment_info":0,"uagb_excerpt":"Recordatorios para tu calendario \u00bfQuieres guardar en tu calendario personal las fechas y horas de todas las entrevistas de Capaces de Comunicar? Desc\u00e1rgate el archivo aqu\u00ed. Bolet\u00edn de&hellip;","_links":{"self":[{"href":"https:\/\/www.upo.es\/investiga\/capacesdecomunicar\/wp-json\/wp\/v2\/pages\/187","targetHints":{"allow":["GET"]}}],"collection":[{"href":"https:\/\/www.upo.es\/investiga\/capacesdecomunicar\/wp-json\/wp\/v2\/pages"}],"about":[{"href":"https:\/\/www.upo.es\/investiga\/capacesdecomunicar\/wp-json\/wp\/v2\/types\/page"}],"author":[{"embeddable":true,"href":"https:\/\/www.upo.es\/investiga\/capacesdecomunicar\/wp-json\/wp\/v2\/users\/1"}],"replies":[{"embeddable":true,"href":"https:\/\/www.upo.es\/investiga\/capacesdecomunicar\/wp-json\/wp\/v2\/comments?post=187"}],"version-history":[{"count":38,"href":"https:\/\/www.upo.es\/investiga\/capacesdecomunicar\/wp-json\/wp\/v2\/pages\/187\/revisions"}],"predecessor-version":[{"id":2922,"href":"https:\/\/www.upo.es\/investiga\/capacesdecomunicar\/wp-json\/wp\/v2\/pages\/187\/revisions\/2922"}],"wp:attachment":[{"href":"https:\/\/www.upo.es\/investiga\/capacesdecomunicar\/wp-json\/wp\/v2\/media?parent=187"}],"curies":[{"name":"wp","href":"https:\/\/api.w.org\/{rel}","templated":true}]}}