{"id":26,"date":"2021-03-30T13:37:04","date_gmt":"2021-03-30T13:37:04","guid":{"rendered":"https:\/\/www.upo.es\/investiga\/capacesdecomunicar\/?page_id=26"},"modified":"2021-06-30T16:07:41","modified_gmt":"2021-06-30T16:07:41","slug":"organizacion","status":"publish","type":"page","link":"https:\/\/www.upo.es\/investiga\/capacesdecomunicar\/organizacion\/","title":{"rendered":"Organizaci\u00f3n"},"content":{"rendered":"\n<div class=\"wp-block-media-text alignwide is-stacked-on-mobile is-vertically-aligned-top is-style-default has-primary-color has-buttons-text-background-color has-text-color has-background\"><figure class=\"wp-block-media-text__media\"><img loading=\"lazy\" decoding=\"async\" width=\"988\" height=\"1020\" src=\"https:\/\/www.upo.es\/investiga\/capacesdecomunicar\/wp-content\/uploads\/2021\/06\/Ana-Medina-Reguera.jpg\" alt=\"Investigadora Principal Ana Medina Reguera\" class=\"wp-image-2336 size-full\" srcset=\"https:\/\/www.upo.es\/investiga\/capacesdecomunicar\/wp-content\/uploads\/2021\/06\/Ana-Medina-Reguera.jpg 988w, https:\/\/www.upo.es\/investiga\/capacesdecomunicar\/wp-content\/uploads\/2021\/06\/Ana-Medina-Reguera-291x300.jpg 291w, https:\/\/www.upo.es\/investiga\/capacesdecomunicar\/wp-content\/uploads\/2021\/06\/Ana-Medina-Reguera-768x793.jpg 768w, https:\/\/www.upo.es\/investiga\/capacesdecomunicar\/wp-content\/uploads\/2021\/06\/Ana-Medina-Reguera-540x557.jpg 540w\" sizes=\"auto, (max-width: 988px) 100vw, 988px\" \/><\/figure><div class=\"wp-block-media-text__content\">\n<p style=\"font-size:25px\"><strong>Investigadora principal<\/strong><\/p>\n\n\n\n<p style=\"font-size:18px\"><strong>Ana Medina Reguera<\/strong> es Doctora en Filolog\u00eda Alemana por la Universidad de Sevilla y trabaja desde 2004 en la Universidad Pablo de Olavide, donde es Profesora Titular del Dpto. de Filolog\u00eda y Traducci\u00f3n. Dirige el Grupo de Investigaci\u00f3n <a href=\"https:\/\/www.comintrad.es\/\"><strong>COMINTRAD<\/strong><\/a> (C\u00f3d. HUM-995 del Plan Andaluz de Investigaci\u00f3n), con el que ha organizado tres ediciones de las Jornadas INCLUTRAD, sobre inclusi\u00f3n y accesibilidad a la comunicaci\u00f3n, as\u00ed como eventos espec\u00edficos sobre Lectura F\u00e1cil y Comunicaci\u00f3n Aumentativa y Alternativa (CAA). Una de las l\u00edneas de investigaci\u00f3n de esta ling\u00fcista es la Traducci\u00f3n e Interpretaci\u00f3n para la accesibilidad. Es socia fundadora de la Sociedad Espa\u00f1ola de Lenguas Modernas y de la asociaci\u00f3n AlfaSAAC, dedicada a dar a conocer los sistemas aumentativos y alternativos de la comunicaci\u00f3n y la alfabetizaci\u00f3n de personas que, por motivo de enfermedad o discapacidad, carecen de lenguaje oral. <\/p>\n<\/div><\/div>\n\n\n\n<div class=\"wp-block-media-text alignwide is-stacked-on-mobile is-vertically-aligned-top is-style-default has-primary-color has-buttons-text-background-color has-text-color has-background\"><figure class=\"wp-block-media-text__media\"><img loading=\"lazy\" decoding=\"async\" width=\"347\" height=\"1024\" src=\"https:\/\/www.upo.es\/investiga\/capacesdecomunicar\/wp-content\/uploads\/2021\/06\/Collage-Grupo-Comintrad-347x1024.jpg\" alt=\"\" class=\"wp-image-2213 size-full\" srcset=\"https:\/\/www.upo.es\/investiga\/capacesdecomunicar\/wp-content\/uploads\/2021\/06\/Collage-Grupo-Comintrad-347x1024.jpg 347w, https:\/\/www.upo.es\/investiga\/capacesdecomunicar\/wp-content\/uploads\/2021\/06\/Collage-Grupo-Comintrad-102x300.jpg 102w, https:\/\/www.upo.es\/investiga\/capacesdecomunicar\/wp-content\/uploads\/2021\/06\/Collage-Grupo-Comintrad-768x2268.jpg 768w, https:\/\/www.upo.es\/investiga\/capacesdecomunicar\/wp-content\/uploads\/2021\/06\/Collage-Grupo-Comintrad-520x1536.jpg 520w, https:\/\/www.upo.es\/investiga\/capacesdecomunicar\/wp-content\/uploads\/2021\/06\/Collage-Grupo-Comintrad-694x2048.jpg 694w, https:\/\/www.upo.es\/investiga\/capacesdecomunicar\/wp-content\/uploads\/2021\/06\/Collage-Grupo-Comintrad-540x1594.jpg 540w, https:\/\/www.upo.es\/investiga\/capacesdecomunicar\/wp-content\/uploads\/2021\/06\/Collage-Grupo-Comintrad-scaled.jpg 867w\" sizes=\"auto, (max-width: 347px) 100vw, 347px\" \/><\/figure><div class=\"wp-block-media-text__content\">\n<p style=\"font-size:25px\"><strong>Organizado por COMINTRAD<\/strong><\/p>\n\n\n\n<p style=\"font-size:18px\">El grupo de investigaci\u00f3n <strong><a href=\"https:\/\/www.comintrad.es\/\">COMINTRAD<\/a><\/strong>, con c\u00f3digo HUM-995 del PAIDI, est\u00e1 formado por un grupo de investigadores de la Universidad Pablo de Olavide de Sevilla: Christiane Limbach, Carmen \u00c1lvarez Garc\u00eda, Alice Stender, Cristina Ram\u00edrez Delgado, Clementina Persaud, Patricia Balaguer Gir\u00f3n, Olga Koreneva, Sergio Espa\u00f1a P\u00e9rez y Elena Romera. La mayor\u00eda de ellos posee un doctorado en TeI y trabajan en el departamento de Filolog\u00eda y Traducci\u00f3n de esta universidad, donde investigan en proyectos de ling\u00fc\u00edstica aplicada, traducci\u00f3n especializada, terminolog\u00eda, ling\u00fc\u00edstica de corpus, localizaci\u00f3n e interpretaci\u00f3n. <\/p>\n\n\n\n<p style=\"font-size:18px\">Una de las l\u00edneas de investigaci\u00f3n del grupo es la accesibilidad y la traducci\u00f3n accesible que se ocupa de la eliminaci\u00f3n de barreras para la interacci\u00f3n comunicativa, para el acceso a la informaci\u00f3n, al ocio y al conocimiento. Algunas de sus modalidades son la audiodescripci\u00f3n para ciegos o personas con baja visi\u00f3n, el subtitulado para sordos, la traducci\u00f3n a lectura f\u00e1cil, el lenguaje claro y la comunicaci\u00f3n aumentativa y alternativa. Con nuestros proyectos de transferencia y divulgaci\u00f3n, as\u00ed como a trav\u00e9s de las jornadas y conferencias que organizamos, ayudamos a visibilizar estas modalidades y garantizar el derecho de todas las personas a la informaci\u00f3n, la educaci\u00f3n y el ocio. Las tres Jornadas INCLUTRAD (inclusi\u00f3n y traducci\u00f3n), las Jornadas de Lectura F\u00e1cil o nuestra participaci\u00f3n en la Feria de la Ciencia son algunas de las actividades de transferencia de investigaci\u00f3n desarrolladas por el grupo y que pueden consultarse en su la web <a rel=\"noreferrer noopener\" href=\"http:\/\/www.comintrad.es\" target=\"_blank\"><strong>www.comintrad.es<\/strong><\/a>&nbsp;<\/p>\n\n\n\n<p style=\"font-size:18px\">La consecuci\u00f3n de los objetivos de este proyecto, concedido por la FECYT&nbsp;en la&nbsp;<em>Convocatoria de ayudas para el fomento de la cultura cient\u00edfica, tecnol\u00f3gica y de la innovaci\u00f3n<\/em>&nbsp;seg\u00fan ORDEN CNU\/250\/2019, de 04\/03 (BOE n\u00ba 57 de 07\/03), ha sido posible gracias a la implicaci\u00f3n de todos los miembros del grupo de investigaci\u00f3n. El proyecto tiene una elevada dimensi\u00f3n internacional, dado que m\u00e1s del cincuenta por ciento de los expertos entrevistados son&nbsp;ponentes de fuera de Espa\u00f1a, en concreto de Canad\u00e1, Bulgaria, Reino Unido, Alemania y Suecia. Las entrevistas a los especialistas en el tema objeto del trabajo se han preparado y grabado, por tanto, en tres idiomas. Los miembros de COMINTRAD se han ocupado de las traducciones, la interpretaci\u00f3n, los subt\u00edtulos y transcripciones de las mismas. A continuaci\u00f3n se detallan los responsables de las distintas tareas: <em>Christiane Limbach y Alice Stender<\/em> (traducci\u00f3n e interpretaci\u00f3n del alem\u00e1n); <em>Clementina Persaud<\/em> (traducci\u00f3n e interpretaci\u00f3n de ingl\u00e9s), <em>Carmen \u00c1lvarez, Cristina Ram\u00edrez <\/em>y<em> Javier Cabrera <\/em>(transcripciones en ingl\u00e9s y espa\u00f1ol); <em>Sergio Espa\u00f1a, Patricia Balaguer <\/em>y<em> Olga Koreneva<\/em> (administraci\u00f3n y log\u00edstica) y <em>Elena Romera<\/em> (traducci\u00f3n e interpretaci\u00f3n al ingl\u00e9s y responsable del desarrollo de este sitio web y de la comunicaci\u00f3n del proyecto). <\/p>\n\n\n\n<div style=\"height:22px\" aria-hidden=\"true\" class=\"wp-block-spacer\"><\/div>\n\n\n\n<p style=\"font-size:25px\"><strong>Colaboran en la ejecuci\u00f3n<\/strong><\/p>\n\n\n\n<p style=\"font-size:18px\">Entre otros colaboradores externos figuran <em>Ideas con Alma<\/em> (producci\u00f3n de las videoentrevistas), <em>Rodolfo Dominguez Petit<\/em> (dise\u00f1o del logo e ilustraci\u00f3n del cartel) e <em>ISTRAD<\/em> (colaboraci\u00f3n t\u00e9cnica para el subtitulado).<\/p>\n<\/div><\/div>\n\n\n\n<div class=\"wp-block-group alignwide\"><div class=\"wp-block-group__inner-container is-layout-flow wp-block-group-is-layout-flow\">\n<p class=\"has-text-align-center has-buttons-text-background-color has-background\" style=\"font-size:28px\">Recibe actualizaciones del proyecto <em>Capaces de Comunicar<\/em> suscribi\u00e9ndote <strong><a rel=\"noreferrer noopener\" href=\"https:\/\/tinyletter.com\/capacesdecomunicar\" target=\"_blank\">aqu\u00ed<\/a> <\/strong>y sigue todos los contenidos en redes sociales usando el hashtag <strong><a href=\"https:\/\/www.upo.es\/investiga\/capacesdecomunicar\/wp-admin\/post.php?post=52&amp;action=edit#capacesdecomunicar\">#capacesdecomunicar<\/a><\/strong><\/p>\n<\/div><\/div>\n","protected":false},"excerpt":{"rendered":"<p>Investigadora principal Ana Medina Reguera es Doctora en Filolog\u00eda Alemana por la Universidad de Sevilla y trabaja desde 2004 en la Universidad Pablo de Olavide, donde es Profesora&hellip;<\/p>\n","protected":false},"author":1,"featured_media":0,"parent":0,"menu_order":0,"comment_status":"closed","ping_status":"closed","template":"","meta":{"_coblocks_attr":"","_coblocks_dimensions":"","_coblocks_responsive_height":"","_coblocks_accordion_ie_support":"","_uag_custom_page_level_css":"","footnotes":""},"class_list":["post-26","page","type-page","status-publish","has-post-thumbnail","hentry"],"uagb_featured_image_src":{"full":false,"thumbnail":false,"medium":false,"medium_large":false,"large":false,"1536x1536":false,"2048x2048":false,"post-thumbnail":false,"chaplin_preview_image_low_resolution":false,"chaplin_preview_image_high_resolution":false,"chaplin_fullscreen":false},"uagb_author_info":{"display_name":"capcom","author_link":"https:\/\/www.upo.es\/investiga\/capacesdecomunicar\/author\/capcom\/"},"uagb_comment_info":0,"uagb_excerpt":"Investigadora principal Ana Medina Reguera es Doctora en Filolog\u00eda Alemana por la Universidad de Sevilla y trabaja desde 2004 en la Universidad Pablo de Olavide, donde es Profesora&hellip;","_links":{"self":[{"href":"https:\/\/www.upo.es\/investiga\/capacesdecomunicar\/wp-json\/wp\/v2\/pages\/26","targetHints":{"allow":["GET"]}}],"collection":[{"href":"https:\/\/www.upo.es\/investiga\/capacesdecomunicar\/wp-json\/wp\/v2\/pages"}],"about":[{"href":"https:\/\/www.upo.es\/investiga\/capacesdecomunicar\/wp-json\/wp\/v2\/types\/page"}],"author":[{"embeddable":true,"href":"https:\/\/www.upo.es\/investiga\/capacesdecomunicar\/wp-json\/wp\/v2\/users\/1"}],"replies":[{"embeddable":true,"href":"https:\/\/www.upo.es\/investiga\/capacesdecomunicar\/wp-json\/wp\/v2\/comments?post=26"}],"version-history":[{"count":82,"href":"https:\/\/www.upo.es\/investiga\/capacesdecomunicar\/wp-json\/wp\/v2\/pages\/26\/revisions"}],"predecessor-version":[{"id":3237,"href":"https:\/\/www.upo.es\/investiga\/capacesdecomunicar\/wp-json\/wp\/v2\/pages\/26\/revisions\/3237"}],"wp:attachment":[{"href":"https:\/\/www.upo.es\/investiga\/capacesdecomunicar\/wp-json\/wp\/v2\/media?parent=26"}],"curies":[{"name":"wp","href":"https:\/\/api.w.org\/{rel}","templated":true}]}}