{"id":142,"date":"2020-08-25T12:15:53","date_gmt":"2020-08-25T10:15:53","guid":{"rendered":"https:\/\/www.upo.es\/investiga\/comintrad\/?page_id=142"},"modified":"2021-03-23T12:49:58","modified_gmt":"2021-03-23T11:49:58","slug":"politica-de-privacidad","status":"publish","type":"page","link":"https:\/\/www.upo.es\/investiga\/comintrad\/politica-de-privacidad\/","title":{"rendered":"Pol\u00edtica de Privacidad"},"content":{"rendered":"\n<p>Esta Pol\u00edtica de Privacidad (\u00abPol\u00edtica\u00bb) describe c\u00f3mo el Operador de la Web (\u00abOperador de la Web\u00bb, \u00abnosotros\u00bb, \u00abnuestro\u00bb) recoge, protege y utiliza la informaci\u00f3n personal identificable (\u00abInformaci\u00f3n Personal\u00bb) que t\u00fa (\u00abUsuario\u00bb, \u00abt\u00fa\u00bb o \u00abtuyo\u00bb) puedas proporcionar en la web <a href=\"http:\/\/comintrad.com\" target=\"_blank\" rel=\"noreferrer noopener\">comintrad.es<\/a>&nbsp; o en cualquiera de sus productos o servicios (conjuntamente, \u201cWeb\u201d o \u201cServicios\u201d).<\/p>\n\n\n\n<p>Tambi\u00e9n describe las opciones disponibles que tienes en relaci\u00f3n a tu Informaci\u00f3n Personal y c\u00f3mo puedes acceder y actualizar la misma. Esta Pol\u00edtica no aplica las pr\u00e1cticas de empresas que no son nuestras o que no controlamos o individuos que no est\u00e1n contratados por nosotros.&nbsp;<\/p>\n\n\n\n<h2 class=\"wp-block-heading\">Recogida autom\u00e1tica de informaci\u00f3n<\/h2>\n\n\n\n<p>Nuestra principal prioridad es la seguridad de los datos del usuario y como tal ejercemos una pol\u00edtica de no registros. Podemos procesar s\u00f3lo datos m\u00ednimos de los usuarios, lo justo para el mantenimiento de la web o de los servicios. La informaci\u00f3n que se recoge autom\u00e1ticamente se utiliza solo para identifica casos potenciales de abuso y establecer informaci\u00f3n estad\u00edstica relativa al uso de la web. Esta informaci\u00f3n estad\u00edstica no se agrega de manera que pudiera identificarse ning\u00fan usuario particular del sistema.&nbsp;<\/p>\n\n\n\n<h2 class=\"wp-block-heading\">Recogida de informaci\u00f3n personal<\/h2>\n\n\n\n<p>Puedes visitar la web sin necesidad de decirnos qui\u00e9n eres o sin tener que revelar ninguna informaci\u00f3n a trav\u00e9s de la cual alguien pudiera identificarte como un individuo identificable o concreto. Si por el contrario, deseas usar algunas funcionalidades de la web, puede que tengas que proporcionar cierta informaci\u00f3n personal (por ejemplo, tu nombre y tu direcci\u00f3n de email). Recibimos y almacenamos la informaci\u00f3n que t\u00fa nos proporcionas cuando publicas informaci\u00f3n con nosotros o rellenas alg\u00fan formulario de la web. Cuando sea necesario, esta informaci\u00f3n puede incluir datos de contacto como una direcci\u00f3n de email, una direcci\u00f3n postal, etc. Puedes optar por no proporcionarnos informaci\u00f3n personal pero puede que no puedas tener acceso a ciertas funcionalidades de la web. Aquellos usuarios que no est\u00e9n seguros de qu\u00e9 informaci\u00f3n tienen que proporcionaros de forma obligatoria pueden contactar con nosotros.&nbsp;<\/p>\n\n\n\n<h2 class=\"wp-block-heading\">Utilizaci\u00f3n y procesamiento de la informaci\u00f3n recogida<\/h2>\n\n\n\n<p>Para que nuestra web y nuestros servicios est\u00e9n disponibles para ti, o para cumplir con una obligaci\u00f3n legal, necesitamos recopilar y usar cierta informaci\u00f3n personal. Si no proporcionas la informaci\u00f3n que solicitamos, es posible que no podamos proporcionarte los productos o servicios solicitados. Parte de la informaci\u00f3n que recopilamos viene directamente de ti a trav\u00e9s de nuestro sitio web. Sin embargo, tambi\u00e9n podemos recopilar informaci\u00f3n personal sobre ti de otras fuentes. Cualquier informaci\u00f3n que recopilemos de ti puede usarse para los siguientes prop\u00f3sitos:<\/p>\n\n\n\n<p>* Mejora la experiencia del usuario<\/p>\n\n\n\n<p>* Operar nuestra web y servicios<\/p>\n\n\n\n<p>El procesamiento de su informaci\u00f3n personal depende de c\u00f3mo interact\u00faa con nuestro sitio web, d\u00f3nde se encuentra y si se aplica uno de los siguientes casos: (i) ha dado su consentimiento para uno o m\u00e1s prop\u00f3sitos espec\u00edficos; esto, sin embargo, no se aplica, siempre que el procesamiento de la Informaci\u00f3n personal est\u00e9 sujeto a la Ley de privacidad del consumidor de California o la ley europea de protecci\u00f3n de datos; (ii) el suministro de informaci\u00f3n es necesario para el cumplimiento de un acuerdo contigo y \/ o para cualquier obligaci\u00f3n precontractual del mismo; (iii) el procesamiento es necesario para cumplir con la obligaci\u00f3n legal a la que est\u00e1 sujeto; (iv) el procesamiento se relaciona con una tarea que se lleva a cabo de inter\u00e9s p\u00fablico o en el ejercicio de la autoridad oficial que nos corresponde; (v) el procesamiento es necesario para&nbsp; los intereses leg\u00edtimos perseguidos por nosotros o por un tercero.<\/p>\n\n\n\n<p>Debes tener en cuenta que, seg\u00fan algunas legislaciones, es posible que se nos permita procesar informaci\u00f3n hasta que te opongas a dicho procesamiento (al optar por no participar), sin tener que depender del consentimiento ni de ninguna otra de las siguientes bases legales a continuaci\u00f3n. En cualquier caso, estaremos encantados de aclarar la base jur\u00eddica espec\u00edfica que se aplica al procesamiento y, en particular, si el suministro de informaci\u00f3n personal es un requisito legal o contractual, o un requisito necesario para un contrato.<\/p>\n\n\n\n<h2 class=\"wp-block-heading\">Revelaci\u00f3n de informaci\u00f3n<\/h2>\n\n\n\n<p>Dependiendo de los servicios solicitados o seg\u00fan sea necesario para completar cualquier transacci\u00f3n o proporcionar cualquier servicio que haya solicitado, podemos compartir su informaci\u00f3n con su consentimiento con nuestros terceros de confianza que trabajan con nosotros, cualquier otra filial y subsidiaria en la que confiamos para ayudar en funcionamiento del sitio web y los servicios disponibles para ti. No compartimos informaci\u00f3n personal con terceros no afiliados. Estos proveedores de servicios no est\u00e1n autorizados a usar o divulgar su informaci\u00f3n, excepto cuando sea necesario para realizar servicios en nuestro nombre o cumplir con los requisitos legales. Podemos compartir su informaci\u00f3n personal para estos fines solo con terceros cuyas pol\u00edticas de privacidad sean consistentes con las nuestras o que acepten cumplir nuestras pol\u00edticas con respecto a la informaci\u00f3n personal. A estos terceros se les proporciona la informaci\u00f3n personal que necesitan solo para realizar sus funciones designadas, y no los autorizamos a usar o divulgar informaci\u00f3n personal para su propio marketing u otros fines.<\/p>\n\n\n\n<h2 class=\"wp-block-heading\">Retenci\u00f3n de informaci\u00f3n<\/h2>\n\n\n\n<p>Retendremos y utilizaremos su informaci\u00f3n personal durante el per\u00edodo necesario para cumplir con nuestras obligaciones legales, resolver disputas y hacer cumplir nuestros acuerdos a menos que la ley exija o permita un per\u00edodo de retenci\u00f3n m\u00e1s largo. Podemos usar cualquier informaci\u00f3n agregada derivada o que incorpore su informaci\u00f3n personal despu\u00e9s de que la actualice o elimine, pero no de una manera que lo identifique personalmente. Una vez que caduque el per\u00edodo de retenci\u00f3n, se eliminar\u00e1 la informaci\u00f3n personal. Por lo tanto, el derecho de acceso, el derecho a ser borrado, el derecho de rectificaci\u00f3n y el derecho a la portabilidad de los datos no se pueden hacer cumplir una vez caducado el per\u00edodo de retenci\u00f3n.<\/p>\n\n\n\n<h2 class=\"wp-block-heading\">Transferencia de informaci\u00f3n<\/h2>\n\n\n\n<p>Dependiendo de su ubicaci\u00f3n, la transferencia de datos puede implicar la transferencia y el almacenamiento de su informaci\u00f3n en un pa\u00eds que no sea el suyo. Tiene derecho a conocer la base legal de la transferencia de informaci\u00f3n a un pa\u00eds fuera de la Uni\u00f3n Europea o cualquier organizaci\u00f3n internacional regida por el derecho internacional p\u00fablico o establecida por dos o m\u00e1s pa\u00edses, como las Naciones Unidas, y sobre las medidas de seguridad adoptadas por nosotros para salvaguardar su informaci\u00f3n. Si se lleva a cabo dicha transferencia, puede obtener m\u00e1s informaci\u00f3n al consultar las secciones relevantes de esta Pol\u00edtica de Privacidad o consultarnos utilizando la informaci\u00f3n provista en la secci\u00f3n de contacto.<\/p>\n\n\n\n<h2 class=\"wp-block-heading\">Los derechos de los usuarios<\/h2>\n\n\n\n<p>Puedes ejercer ciertos derechos con respecto a la informaci\u00f3n tuya que procesamos procesada nosotros. En particular, tienes derecho a hacer lo siguiente: (i) tienes derecho a revocar tu consentimiento donde lo hayas dado previamente para el procesamiento de tu informaci\u00f3n; (ii) tienes derecho a oponerte al procesamiento de tu informaci\u00f3n si el procesamiento se lleva a cabo sobre una base legal que no sea el consentimiento; (iii) tienes derecho a saber si la informaci\u00f3n est\u00e1 siendo procesada por nosotros, obtener divulgaci\u00f3n sobre ciertos aspectos del procesamiento y obtener una copia de la informaci\u00f3n en proceso; (iv) tienes derecho a verificar la exactitud de tu informaci\u00f3n y solicitar que se actualice o corrija; (v) tienes derecho, bajo ciertas circunstancias, de restringir el procesamiento de tu informaci\u00f3n, en cuyo caso, no procesaremos tu informaci\u00f3n para ning\u00fan otro prop\u00f3sito que no sea almacenarla; (vi) tienes derecho, bajo ciertas circunstancias, a que eliminemos tu informaci\u00f3n; (vii) tienes derecho a recibir tu informaci\u00f3n en un formato estructurado, de uso com\u00fan y legible y, si es t\u00e9cnicamente posible, a que se transmita a otro controlador sin ning\u00fan obst\u00e1culo. Esta disposici\u00f3n es aplicable siempre que tu informaci\u00f3n se procese por medios automatizados y que el procesamiento se base en su consentimiento, en un contrato del que forma parte o en obligaciones precontractuales del mismo.<\/p>\n\n\n\n<h2 class=\"wp-block-heading\">El derecho a oponerse al procesamiento<\/h2>\n\n\n\n<p>Cuando la Informaci\u00f3n personal se procesa para el inter\u00e9s p\u00fablico, en el ejercicio de una autoridad oficial conferida a nosotros o para los intereses leg\u00edtimos que perseguimos, puedes oponerte a dicho procesamiento proporcionando un motivo relacionado con tu situaci\u00f3n particular para justificar dicha objeci\u00f3n.<\/p>\n\n\n\n<h2 class=\"wp-block-heading\">Derechos de protecci\u00f3n de datos bajo RGPD<\/h2>\n\n\n\n<p>Si eres residente del Espacio Econ\u00f3mico Europeo (EEE), tienes ciertos derechos a la protecci\u00f3n de datos. El Operador del sitio web tiene como objetivo tomar medidas razonables para permitirle corregir, corregir, eliminar o limitar el uso de su Informaci\u00f3n personal. Si deseas que se le informe qu\u00e9 informaci\u00f3n personal tenemos sobre ti y si deseas que se elimine de nuestros sistemas, cont\u00e1ctenos. En determinadas circunstancias, tiene los siguientes derechos de protecci\u00f3n de datos:<\/p>\n\n\n\n<p>* Tienes derecho a solicitar acceso a la informaci\u00f3n personal que almacenamos de ti y tienes la capacidad de acceder a tu informaci\u00f3n personal<\/p>\n\n\n\n<p>* Tienes derecho a solicitar que corrijamos cualquier informaci\u00f3n personal que consideres inexacta. Tambi\u00e9n tienes derecho a solicitarnos que completemos la informaci\u00f3n personal que creas que est\u00e1 incompleta<\/p>\n\n\n\n<p>* Tienes derecho a solicitar el borrado de su Informaci\u00f3n personal bajo ciertas condiciones de esta Pol\u00edtica de Privacidad<\/p>\n\n\n\n<p>* Tienes derecho a oponerte a que procesemos su informaci\u00f3n personal<\/p>\n\n\n\n<p>* Tienes derecho a solicitar restricciones en el procesamiento de su informaci\u00f3n personal. Cuando restringe el procesamiento de su informaci\u00f3n personal, podemos almacenarla pero no la procesaremos m\u00e1s<\/p>\n\n\n\n<p>* Tienes derecho a recibir una copia de la informaci\u00f3n que tenemos sobre ti en un formato estructurado, legible y de uso com\u00fan<\/p>\n\n\n\n<p>* Tambi\u00e9n tienes derecho a retirar tu consentimiento en cualquier momento en que el Operador del sitio web conf\u00ede en tu consentimiento para procesar tu Informaci\u00f3n personal.<\/p>\n\n\n\n<p>Tienes derecho a presentar una queja ante una Autoridad de Protecci\u00f3n de Datos sobre nuestra recopilaci\u00f3n y uso de tu Informaci\u00f3n personal. Para obtener m\u00e1s informaci\u00f3n, p\u00f3ngase en contacto con su autoridad local de protecci\u00f3n de datos en el Espacio Econ\u00f3mico Europeo (EEE).<\/p>\n\n\n\n<h2 class=\"wp-block-heading\">C\u00f3mo ejercer estos derechos<\/h2>\n\n\n\n<p>Cualquier solicitud para ejercer tus derechos debe ir dirigida al Operador del sitio web a trav\u00e9s de los datos de contacto proporcionados en este documento. Tenga en cuenta que podemos solicitarte que verifiques tu identidad antes de responder a la solicitud. Tu solicitud debe proporcionar informaci\u00f3n suficiente que nos permita verificar que eres la persona que dice ser o que eres el representante autorizado de dicha persona. Debe incluir detalles suficientes para que podamos entender adecuadamente la solicitud y responder a ella. No podemos responder a su solicitud ni proporcionarle Informaci\u00f3n personal a menos que primero verifiquemos su identidad o autoridad para hacer dicha solicitud y confirmemos que la Informaci\u00f3n personal es tuya.<\/p>\n\n\n\n<h2 class=\"wp-block-heading\">Privacidad de los ni\u00f1os<\/h2>\n\n\n\n<p>No recopilamos a sabiendas ninguna informaci\u00f3n personal de ni\u00f1os menores de 18 a\u00f1os. Si eres menor de 18 a\u00f1os, no env\u00edes ninguna informaci\u00f3n personal a trav\u00e9s de nuestro sitio web o servicio. Alentamos a los padres y tutores legales a monitorear el uso de Internet de sus hijos y a ayudar a hacer cumplir esta Pol\u00edtica instruyendo a sus hijos a que nunca proporcionen informaci\u00f3n personal a trav\u00e9s de nuestro sitio web o servicio sin su permiso. Si tiene motivos para creer que un ni\u00f1o menor de 18 a\u00f1os nos ha proporcionado informaci\u00f3n personal a trav\u00e9s de nuestro sitio web o servicio, cont\u00e1ctenos. Tambi\u00e9n debe tener al menos 16 a\u00f1os de edad para consentir el procesamiento de su informaci\u00f3n personal en su pa\u00eds (en algunos pa\u00edses podemos permitir que sus padres o tutores lo hagan en su nombre).<\/p>\n\n\n\n<h2 class=\"wp-block-heading\">Cookies<\/h2>\n\n\n\n<p>El sitio web utiliza \u00abcookies\u00bb para personalizar tu experiencia. Una cookie es un archivo de texto que un servidor de p\u00e1ginas web coloca en su disco duro. Las cookies no se pueden usar para ejecutar programas o enviar virus a su ordenador. Las cookies se le asignan de forma exclusiva y solo pueden ser le\u00eddas por un servidor web en el dominio que le emiti\u00f3 la cookie.<\/p>\n\n\n\n<p>Podemos utilizar cookies para recopilar, almacenar y rastrear informaci\u00f3n con fines estad\u00edsticos para operar nuestro sitio web y nuestros servicios. Tienes la capacidad de aceptar o rechazar cookies. La mayor\u00eda de los navegadores web aceptan autom\u00e1ticamente las cookies, pero generalmente puede modificar la configuraci\u00f3n de su navegador para rechazar las cookies si lo prefieres. Si elige rechazar las cookies, no podr\u00e1s usar y hacer uso de todas las funcionalidades del sitio web y de los servicios. Para obtener m\u00e1s informaci\u00f3n sobre las cookies y c\u00f3mo administrarlas, visita <a href=\"http:\/\/internetcookies.org\">internetcookies.org<\/a><\/p>\n\n\n\n<h2 class=\"wp-block-heading\">Se\u00f1ales de No Rastreo<\/h2>\n\n\n\n<p>Algunos navegadores incorporan una funci\u00f3n de No rastrear que indica a los sitios web que visites que no deseas que se rastree tu actividad en la red. Rastrear no es lo mismo que usar o recopilar informaci\u00f3n en una web. Para estos fines, el rastreo se refiere a la recopilaci\u00f3n de informaci\u00f3n de identificaci\u00f3n personal de los consumidores que usan o visitan un sitio web o un servicio en l\u00ednea a medida que se mueven a trav\u00e9s de diferentes sitios web con el tiempo. Nuestro sitio web no rastrea a sus visitantes a lo largo del tiempo y en sitios web de terceros. Sin embargo, algunos sitios de terceros pueden realizar un seguimiento de sus actividades de navegaci\u00f3n cuando le ofrecen contenido, lo que les permite personalizar lo que le presentan.<\/p>\n\n\n\n<h2 class=\"wp-block-heading\">Enlaces a otros sitios web<\/h2>\n\n\n\n<p>Nuestro sitio web contiene enlaces a otros sitios web que no son de nuestra propiedad ni est\u00e1n controlados por nosotros. No somos responsables de las pr\u00e1cticas de privacidad de dichos sitios web o de terceros. Te recomendamos que est\u00e9s atento cuando abandones nuestro sitio web y que leas las declaraciones de privacidad de todos y cada uno de los sitios web que puedan recopilar informaci\u00f3n personal.<\/p>\n\n\n\n<h2 class=\"wp-block-heading\">Seguridad de la informaci\u00f3n<\/h2>\n\n\n\n<p>Protegemos la informaci\u00f3n que proporcionas en los servidores en un entorno controlado y seguro, protegido contra el acceso, uso o divulgaci\u00f3n no autorizados. Mantenemos salvaguardas administrativas, t\u00e9cnicas y f\u00edsicas razonables para protegernos contra el acceso no autorizado, uso, modificaci\u00f3n y divulgaci\u00f3n de informaci\u00f3n personal bajo su control y custodia. Sin embargo, no podemos garantizar la transmisi\u00f3n de datos a trav\u00e9s de Internet o red inal\u00e1mbrica. Por lo tanto, aunque nos esforzamos por proteger tu informaci\u00f3n personal, reconoces que (i) existen limitaciones de seguridad y privacidad de Internet que est\u00e1n fuera de nuestro control; (ii) no se puede garantizar la seguridad, integridad y privacidad de toda la informaci\u00f3n y los datos intercambiados entre tu y nuestro sitio web; y (iii) dicha informaci\u00f3n y datos pueden ser vistos o alterados en tr\u00e1nsito por un tercero, a pesar de los mejores esfuerzos.<\/p>\n\n\n\n<h2 class=\"wp-block-heading\">Filtraci\u00f3n de datos<\/h2>\n\n\n\n<p>En caso de que nos demos cuenta de que la seguridad del sitio web se ha visto comprometida o que la informaci\u00f3n personal de los usuarios se haya revelado a terceros no relacionados como resultado de una actividad externa, que incluye, entre otros, ataques de seguridad o fraude, nos reservamos el derecho a tomar medidas razonablemente apropiadas, que incluyen, entre otras, la investigaci\u00f3n y la presentaci\u00f3n de informes, as\u00ed como la notificaci\u00f3n y la cooperaci\u00f3n con las autoridades policiales. En el caso de una violaci\u00f3n de datos, haremos todos los esfuerzos razonables para notificar a las personas afectadas si creemos que existe un riesgo razonable de da\u00f1o para ti. Si esto sucediese, pondr\u00edamos una notificaci\u00f3n en la web.&nbsp;<\/p>\n\n\n\n<h2 class=\"wp-block-heading\">Cambios y modificaciones<\/h2>\n\n\n\n<p>Podemos actualizar esta Pol\u00edtica de Privacidad a nuestra discreci\u00f3n y en cualquier momento y te notificaremos de cualquier cambio material que podamos hacer al tratamiento de tu informaci\u00f3n personal. Cuando efectuemos dichos cambios lo anunciaremos en la p\u00e1gina principal de nuestra web. Podemos tambi\u00e9n notific\u00e1rtelo de otra manera, como por ejemplo a trav\u00e9s de la informaci\u00f3n de contacto que nos hayas proporcionado. Cualquier actualizaci\u00f3n a la Pol\u00edtica de Privacidad ser\u00e1 efectiva de forma inmediata al subir la versi\u00f3n revisada a la Pol\u00edtica de Privacidad, a menos que se especifique otra cosa. Si contin\u00faas usando la web o los servicios despu\u00e9s de la fecha efectiva de la \u00faltima revisi\u00f3n de la Pol\u00edtica de Privacidad estar\u00e1s dando consentimiento a dichos cambios. No obstante, no usaremos sin tu consentimiento informaci\u00f3n personal de una forma materialmente diferente a como se especificaba cuando recogimos tu informaci\u00f3n personal.&nbsp;<\/p>\n\n\n\n<h2 class=\"wp-block-heading\">Aceptaci\u00f3n de esta pol\u00edtica&nbsp;<\/h2>\n\n\n\n<p>Confirmas que has le\u00eddo esta Pol\u00edtica y que estas de acuerdo con todos sus t\u00e9rminos y condiciones. Al usar esta web o sus servicios est\u00e1s dando tu consentimiento con esta Pol\u00edtica. Si no est\u00e1s de acuerdo con los t\u00e9rminos y condiciones de esta Pol\u00edtica no est\u00e1s autorizado a usar o acceder a la web o sus servicios.<\/p>\n\n\n\n<h2 class=\"wp-block-heading\">Contacta con nosotros&nbsp;<\/h2>\n\n\n\n<p>Si quieres contactar con nosotros para saber m\u00e1s sobre esta Pol\u00edtica o deseas contactar con nosotros para expresar tu preocupaci\u00f3n en relaci\u00f3n a tus derechos individuales o a tu informaci\u00f3n personal, puedes hacerlo a trav\u00e9s del siguiente <a href=\"https:\/\/www.upo.es\/investiga\/comintrad\/contacto\/\" data-type=\"page\" data-id=\"138\">formulario<\/a> o enviando un email a <strong><a href=\"mailto:hola@comintrad.com\">comintrad@upo.es<\/a><\/strong><\/p>\n\n\n\n<p><\/p>\n\n\n\n<p>Este documento fue actualizado por \u00faltima vez el 1de septiembre de 2020.<\/p>\n\n\n\n<p>Esta Pol\u00edtica de Privacidad ha sido creada con <a rel=\"noreferrer noopener\" href=\"https:\/\/www.websitepolicies.com\/blog\/sample-privacy-policy-template\" target=\"_blank\">WebsitePolicies<\/a> y traducida al espa\u00f1ol por el grupo de investigaci\u00f3n Comintrad.<\/p>\n","protected":false},"excerpt":{"rendered":"<p>Esta Pol\u00edtica de Privacidad (\u00abPol\u00edtica\u00bb) describe c\u00f3mo el Operador de la Web (\u00abOperador de la Web\u00bb, \u00abnosotros\u00bb, \u00abnuestro\u00bb) recoge, protege y utiliza la informaci\u00f3n personal identificable (\u00abInformaci\u00f3n Personal\u00bb)&hellip;<\/p>\n","protected":false},"author":1,"featured_media":0,"parent":0,"menu_order":0,"comment_status":"closed","ping_status":"closed","template":"","meta":{"footnotes":""},"class_list":["post-142","page","type-page","status-publish","has-post-thumbnail","hentry"],"_links":{"self":[{"href":"https:\/\/www.upo.es\/investiga\/comintrad\/wp-json\/wp\/v2\/pages\/142"}],"collection":[{"href":"https:\/\/www.upo.es\/investiga\/comintrad\/wp-json\/wp\/v2\/pages"}],"about":[{"href":"https:\/\/www.upo.es\/investiga\/comintrad\/wp-json\/wp\/v2\/types\/page"}],"author":[{"embeddable":true,"href":"https:\/\/www.upo.es\/investiga\/comintrad\/wp-json\/wp\/v2\/users\/1"}],"replies":[{"embeddable":true,"href":"https:\/\/www.upo.es\/investiga\/comintrad\/wp-json\/wp\/v2\/comments?post=142"}],"version-history":[{"count":6,"href":"https:\/\/www.upo.es\/investiga\/comintrad\/wp-json\/wp\/v2\/pages\/142\/revisions"}],"predecessor-version":[{"id":4522,"href":"https:\/\/www.upo.es\/investiga\/comintrad\/wp-json\/wp\/v2\/pages\/142\/revisions\/4522"}],"wp:attachment":[{"href":"https:\/\/www.upo.es\/investiga\/comintrad\/wp-json\/wp\/v2\/media?parent=142"}],"curies":[{"name":"wp","href":"https:\/\/api.w.org\/{rel}","templated":true}]}}