{"id":52,"date":"2020-08-24T15:41:27","date_gmt":"2020-08-24T13:41:27","guid":{"rendered":"https:\/\/www.upo.es\/investiga\/comintrad\/?page_id=52"},"modified":"2024-10-22T16:39:51","modified_gmt":"2024-10-22T14:39:51","slug":"quienes-somos","status":"publish","type":"page","link":"https:\/\/www.upo.es\/investiga\/comintrad\/quienes-somos\/","title":{"rendered":"Qui\u00e9nes somos"},"content":{"rendered":"\n<figure class=\"wp-block-image size-large\"><img loading=\"lazy\" decoding=\"async\" width=\"1024\" height=\"740\" src=\"https:\/\/www.upo.es\/investiga\/comintrad\/wp-content\/uploads\/2020\/10\/IMG_6274-scaled-e1601570590212-1024x740.jpeg\" alt=\"Foto grupo\" class=\"wp-image-870\" srcset=\"https:\/\/www.upo.es\/investiga\/comintrad\/wp-content\/uploads\/2020\/10\/IMG_6274-scaled-e1601570590212-1024x740.jpeg 1024w, https:\/\/www.upo.es\/investiga\/comintrad\/wp-content\/uploads\/2020\/10\/IMG_6274-scaled-e1601570590212-300x217.jpeg 300w, https:\/\/www.upo.es\/investiga\/comintrad\/wp-content\/uploads\/2020\/10\/IMG_6274-scaled-e1601570590212-768x555.jpeg 768w, https:\/\/www.upo.es\/investiga\/comintrad\/wp-content\/uploads\/2020\/10\/IMG_6274-scaled-e1601570590212-1536x1109.jpeg 1536w, https:\/\/www.upo.es\/investiga\/comintrad\/wp-content\/uploads\/2020\/10\/IMG_6274-scaled-e1601570590212-2048x1479.jpeg 2048w, https:\/\/www.upo.es\/investiga\/comintrad\/wp-content\/uploads\/2020\/10\/IMG_6274-scaled-e1601570590212-540x390.jpeg 540w, https:\/\/www.upo.es\/investiga\/comintrad\/wp-content\/uploads\/2020\/10\/IMG_6274-scaled-e1601570590212-1080x780.jpeg 1080w, https:\/\/www.upo.es\/investiga\/comintrad\/wp-content\/uploads\/2020\/10\/IMG_6274-scaled-e1601570590212-1980x1430.jpeg 1980w\" sizes=\"(max-width: 1024px) 100vw, 1024px\" \/><\/figure>\n\n\n\n<p>El grupo COMINTRAD, dirigido por la Dra. Ana Medina Reguera, es un grupo de investigaci\u00f3n de la Junta de Andaluc\u00eda (c\u00f3d. HUM-995 del PAIDI) con sede en la Universidad Pablo de Olavide, de Sevilla.<\/p>\n\n\n\n<p>Est\u00e1 formado por investigadores consolidados en los \u00e1mbitos de la traducci\u00f3n, la interpretaci\u00f3n, la localizaci\u00f3n y la accesibilidad a la comunicaci\u00f3n. Tambi\u00e9n cuenta con una red de miembros y colaboradores profesionales y expertos de centros espa\u00f1oles y extranjeros. Tenemos una amplia experiencia en la traducci\u00f3n y la localizaci\u00f3n empresarial y econ\u00f3mica, la interpretaci\u00f3n de conferencias, as\u00ed como la audiodescripci\u00f3n y el subtitulado. Cubrimos un amplio n\u00famero de lenguas extranjeras (ingl\u00e9s, alem\u00e1n, franc\u00e9s, italiano y ruso) y trabajamos con metodolog\u00edas innovadoras en su ense\u00f1anza. Si quieres ver en detalle el perfil de todos los componentes del equipo pincha <a rel=\"noreferrer noopener\" href=\"https:\/\/www.upo.es\/investiga\/comintrad\/wp-admin\/post.php?post=52&amp;action=edit#\" target=\"_blank\">aqui.<\/a><\/p>\n\n\n\n<p>COMINTRAD nace en 2017 y toma su nombre del primer proyecto del grupo <em>\u00abCOMINTRAD: Localizaci\u00f3n de webs corporativas y e-marketing multiling\u00fce para fomentar la internacionalizaci\u00f3n de las pyme espa\u00f1olas\u00bb.<\/em>  <\/p>\n\n\n\n<p>Nuestro acr\u00f3nimo condensa en s\u00ed mismo m\u00faltiples conceptos en el \u00e1mbito de la comunicaci\u00f3n y la traducci\u00f3n accesibles que reflejan nuestra identidad, as\u00ed como la transdisciplinariedad propia de nuestro grupo de investigaci\u00f3n.<\/p>\n\n\n\n<h2 class=\"wp-block-heading\">COMINTRAD es&#8230;<\/h2>\n\n\n<div class=\"wp-block-image\">\n<figure class=\"alignleft size-large is-resized\"><img loading=\"lazy\" decoding=\"async\" width=\"1024\" height=\"691\" src=\"https:\/\/www.upo.es\/investiga\/comintrad\/wp-content\/uploads\/2021\/02\/nube-comintrad-1024x691.png\" alt=\"\" class=\"wp-image-2666\" style=\"width:492px;height:332px\" srcset=\"https:\/\/www.upo.es\/investiga\/comintrad\/wp-content\/uploads\/2021\/02\/nube-comintrad-1024x691.png 1024w, https:\/\/www.upo.es\/investiga\/comintrad\/wp-content\/uploads\/2021\/02\/nube-comintrad-300x203.png 300w, https:\/\/www.upo.es\/investiga\/comintrad\/wp-content\/uploads\/2021\/02\/nube-comintrad-768x518.png 768w, https:\/\/www.upo.es\/investiga\/comintrad\/wp-content\/uploads\/2021\/02\/nube-comintrad-540x365.png 540w, https:\/\/www.upo.es\/investiga\/comintrad\/wp-content\/uploads\/2021\/02\/nube-comintrad.png 1080w\" sizes=\"(max-width: 1024px) 100vw, 1024px\" \/><\/figure><\/div>","protected":false},"excerpt":{"rendered":"<p>El grupo COMINTRAD, dirigido por la Dra. Ana Medina Reguera, es un grupo de investigaci\u00f3n de la Junta de Andaluc\u00eda (c\u00f3d. HUM-995 del PAIDI) con sede en la&hellip;<\/p>\n","protected":false},"author":1,"featured_media":0,"parent":0,"menu_order":0,"comment_status":"closed","ping_status":"closed","template":"","meta":{"footnotes":""},"class_list":["post-52","page","type-page","status-publish","has-post-thumbnail","hentry"],"_links":{"self":[{"href":"https:\/\/www.upo.es\/investiga\/comintrad\/wp-json\/wp\/v2\/pages\/52"}],"collection":[{"href":"https:\/\/www.upo.es\/investiga\/comintrad\/wp-json\/wp\/v2\/pages"}],"about":[{"href":"https:\/\/www.upo.es\/investiga\/comintrad\/wp-json\/wp\/v2\/types\/page"}],"author":[{"embeddable":true,"href":"https:\/\/www.upo.es\/investiga\/comintrad\/wp-json\/wp\/v2\/users\/1"}],"replies":[{"embeddable":true,"href":"https:\/\/www.upo.es\/investiga\/comintrad\/wp-json\/wp\/v2\/comments?post=52"}],"version-history":[{"count":95,"href":"https:\/\/www.upo.es\/investiga\/comintrad\/wp-json\/wp\/v2\/pages\/52\/revisions"}],"predecessor-version":[{"id":6571,"href":"https:\/\/www.upo.es\/investiga\/comintrad\/wp-json\/wp\/v2\/pages\/52\/revisions\/6571"}],"wp:attachment":[{"href":"https:\/\/www.upo.es\/investiga\/comintrad\/wp-json\/wp\/v2\/media?parent=52"}],"curies":[{"name":"wp","href":"https:\/\/api.w.org\/{rel}","templated":true}]}}