{"id":755,"date":"2022-05-16T10:33:54","date_gmt":"2022-05-16T10:33:54","guid":{"rendered":"https:\/\/www.upo.es\/investiga\/comvence\/?page_id=755"},"modified":"2022-05-16T11:20:56","modified_gmt":"2022-05-16T11:20:56","slug":"politica-de-cookies","status":"publish","type":"page","link":"https:\/\/www.upo.es\/investiga\/comvence\/politica-de-cookies\/","title":{"rendered":"Pol\u00edtica de cookies"},"content":{"rendered":"\n<p>La presente Pol\u00edtica de Cookies (\u00abPol\u00edtica\u00bb) te informa de qu\u00e9 son las cookies y c\u00f3mo la propietaria de esta web las utiliza en la web\u00a0<a href=\"https:\/\/www.upo.es\/investiga\/comvence\/\">upo.es\/investiga\/comvence\/<\/a> o en cualquiera de sus productos o servicios (referidos en la presente pol\u00edtica como web o servicios).<\/p>\n\n\n\n<p>Deber\u00edas leer esta Pol\u00edtica para entender qu\u00e9 tipo de cookies usamos, la informaci\u00f3n que recopilamos a trav\u00e9s de las cookies y c\u00f3mo se utiliza dicha informaci\u00f3n. Tambi\u00e9n incluye cu\u00e1les son tus opciones para aceptar o declinar las cookies. Para m\u00e1s informaci\u00f3n sobre c\u00f3mo usamos, almacenamos y garantizamos la seguridad de tus datos personales, por favor visita nuestra\u00a0<a href=\"https:\/\/www.upo.es\/investiga\/comvence\/politica-privacidad\/\">Pol\u00edtica de Privacidad<\/a>. <\/p>\n\n\n\n<h2>\u00bfQu\u00e9 son las cookies?<\/h2>\n\n\n\n<p>Las cookies son peque\u00f1os fragmentos de texto que se guardan en tu ordenador o en otros dispositivos electr\u00f3nicos cuando una web es abierta por un navegador. Se usan ampliamente para recordarte y recordar tus preferencias tanto para una visita \u00fanica (\u00aba trav\u00e9s de una sesi\u00f3n de cookie\u00bb) o para visitas m\u00faltiples (usando una \u00abcookie persistente\u00bb).<\/p>\n\n\n\n<p>Las cookies de sesi\u00f3n son temporales y se usan durante el curso de su visita a esta web y caducan cuando se cierra sesi\u00f3n de la web.<\/p>\n\n\n\n<p>Las cookies persistentes se usan para recordar tus preferencias en la web y se quedan en tu ordenador o en tu dispositivo m\u00f3vil incluso despu\u00e9s de cerrar la sesi\u00f3n del navegador o incluso despu\u00e9s de reiniciarlo. Aseguran una experiencia coherente y eficiente mientras visitas nuestra web o usas nuestros servicios.&nbsp;<\/p>\n\n\n\n<p>Las cookies pueden estar configuradas por esta web (\u00abcookies de origen\u00bb), o por terceros, como por ejemplo los servicios anal\u00edticos de la web (\u00abcookies de terceros\u00bb). These third parties can recognize you when you visit our website and also when you visit certain other websites.<\/p>\n\n\n\n<h2>\u00bfQu\u00e9 tipos de cookies usamos?<\/h2>\n\n\n\n<h3>Cookies necesarias<\/h3>\n\n\n\n<p>Las cookies necesarias nos permiten ofrecerte la mejor experiencia posible cuando accedes y naegas a trav\u00e9s de esta web y usas sus distintas funcionalides. Por ejemplo, estas cookies nos permiten reconocer si has creado una cuenta y te has logueado para acceder a contenido.<\/p>\n\n\n\n<h2>\u00bfCu\u00e1les son las opciones de cookies?<\/h2>\n\n\n\n<p>Si no te gusta la idea de usar cookies o ciertos tipos de cookies, puedes configurar tu navegador para que elimine las cookies y no aceptar nuevas. Si quieres saber sobre esto o quieres saber m\u00e1s de las cookies m\u00e1s puedes visitar la web&nbsp;<a href=\"https:\/\/www.internetcookies.org\/\">internetcookies.org<\/a><\/p>\n\n\n\n<p>Sin embargo, ten en cuenta, que si borras cookies o no las aceptas, puedes no tener acceso a todas las funcionalidades de la web y a sus servicios.<\/p>\n\n\n\n<h2>Cambios y modificaciones<\/h2>\n\n\n\n<p>Nos reservamos el derecho a modificar en cualquier momento esta Pol\u00edtica en relaci\u00f3n a la web o los servicios, desde el momento en el que se sube una nueva actualizaci\u00f3n a la web. En caso de actualizaci\u00f3n de la Pol\u00edtica lo anunciaremos en la web a trav\u00e9s de una notificaci\u00f3n. Si contin\u00faas usando la web despu\u00e9s de dichos cambios est\u00e1s dando consentimiento a los mismos.<\/p>\n\n\n\n<h2>Aceptaci\u00f3n de esta pol\u00edtica<\/h2>\n\n\n\n<p>Confirmas que has le\u00eddo esta Pol\u00edtica y que estas de acuerdo con todos sus t\u00e9rminos y condiciones. Al usar esta web o sus servicios est\u00e1s dando tu consentimiento con esta Pol\u00edtica. Si no est\u00e1s de acuerdo con los t\u00e9rminos y condiciones de esta Pol\u00edtica no est\u00e1s autorizado a usar o acceder a la web o sus servicios.<\/p>\n\n\n\n<h2>Contacta con nosotros<\/h2>\n\n\n\n<p>Si quieres ponerte en contacto con nosotros para entender m\u00e1s sobre nuestra Pol\u00edtica o deseas contactar para expresar tu preocupaci\u00f3n con alg\u00fan aspecto relacionado con las cookies, puedes hacerlo a trav\u00e9s de nuestro formulario en <a href=\"https:\/\/www.upo.es\/investiga\/comvence\/contacto\/\">upo.es\/investiga\/comvence\/contacto\/<\/a><\/p>\n","protected":false},"excerpt":{"rendered":"<p>La presente Pol\u00edtica de Cookies (\u00abPol\u00edtica\u00bb) te informa de qu\u00e9 son las cookies y c\u00f3mo la propietaria de esta web las utiliza en la web\u00a0upo.es\/investiga\/comvence\/ o en cualquiera de sus productos o servicios (referidos en la presente pol\u00edtica como web o servicios). Deber\u00edas leer esta Pol\u00edtica para entender qu\u00e9 tipo de cookies usamos, la informaci\u00f3n [&hellip;]<\/p>\n","protected":false},"author":1,"featured_media":0,"parent":0,"menu_order":0,"comment_status":"closed","ping_status":"open","template":"","meta":{"_et_pb_use_builder":"","_et_pb_old_content":"","_et_gb_content_width":""},"_links":{"self":[{"href":"https:\/\/www.upo.es\/investiga\/comvence\/wp-json\/wp\/v2\/pages\/755"}],"collection":[{"href":"https:\/\/www.upo.es\/investiga\/comvence\/wp-json\/wp\/v2\/pages"}],"about":[{"href":"https:\/\/www.upo.es\/investiga\/comvence\/wp-json\/wp\/v2\/types\/page"}],"author":[{"embeddable":true,"href":"https:\/\/www.upo.es\/investiga\/comvence\/wp-json\/wp\/v2\/users\/1"}],"replies":[{"embeddable":true,"href":"https:\/\/www.upo.es\/investiga\/comvence\/wp-json\/wp\/v2\/comments?post=755"}],"version-history":[{"count":2,"href":"https:\/\/www.upo.es\/investiga\/comvence\/wp-json\/wp\/v2\/pages\/755\/revisions"}],"predecessor-version":[{"id":788,"href":"https:\/\/www.upo.es\/investiga\/comvence\/wp-json\/wp\/v2\/pages\/755\/revisions\/788"}],"wp:attachment":[{"href":"https:\/\/www.upo.es\/investiga\/comvence\/wp-json\/wp\/v2\/media?parent=755"}],"curies":[{"name":"wp","href":"https:\/\/api.w.org\/{rel}","templated":true}]}}