{"id":146,"date":"2023-10-27T11:22:24","date_gmt":"2023-10-27T11:22:24","guid":{"rendered":"https:\/\/www.upo.es\/investiga\/demospain\/?page_id=146"},"modified":"2024-02-16T11:40:14","modified_gmt":"2024-02-16T11:40:14","slug":"identidad-andaluza","status":"publish","type":"page","link":"https:\/\/www.upo.es\/investiga\/demospain\/lineas\/identidad-andaluza\/","title":{"rendered":"Identidad andaluza"},"content":{"rendered":"\n<div class=\"wp-block-group alignwide has-dark-green-color has-text-color is-layout-flow wp-block-group-is-layout-flow\" style=\"border-left-width:8px;margin-top:var(--wp--preset--spacing--50);margin-bottom:var(--wp--preset--spacing--50);padding-right:0;padding-left:var(--wp--preset--spacing--30)\">\n<h2 class=\"wp-block-heading has-oswald-font-family has-large-font-size\" style=\"margin-top:0;margin-bottom:0;font-style:normal;font-weight:800;text-transform:uppercase\">Identidad y Cultura Andaluza. Nacionalismo Andaluz<\/h2>\n<\/div>\n\n\n\n<div class=\"wp-block-cover alignwide\" style=\"min-height:200px;aspect-ratio:unset;\"><span aria-hidden=\"true\" class=\"wp-block-cover__background has-background-dim-0 has-background-dim\"><\/span><img loading=\"lazy\" decoding=\"async\" width=\"1920\" height=\"1440\" class=\"wp-block-cover__image-background wp-image-509\" alt=\"\" src=\"https:\/\/www.upo.es\/investiga\/demospain\/wp-content\/uploads\/2023\/11\/portada-estatuto-andalucia.jpg\" style=\"object-position:51% 35%\" data-object-fit=\"cover\" data-object-position=\"51% 35%\" srcset=\"https:\/\/www.upo.es\/investiga\/demospain\/wp-content\/uploads\/2023\/11\/portada-estatuto-andalucia.jpg 1920w, https:\/\/www.upo.es\/investiga\/demospain\/wp-content\/uploads\/2023\/11\/portada-estatuto-andalucia-300x225.jpg 300w, https:\/\/www.upo.es\/investiga\/demospain\/wp-content\/uploads\/2023\/11\/portada-estatuto-andalucia-1024x768.jpg 1024w, https:\/\/www.upo.es\/investiga\/demospain\/wp-content\/uploads\/2023\/11\/portada-estatuto-andalucia-768x576.jpg 768w, https:\/\/www.upo.es\/investiga\/demospain\/wp-content\/uploads\/2023\/11\/portada-estatuto-andalucia-1536x1152.jpg 1536w\" sizes=\"auto, (max-width: 1920px) 100vw, 1920px\" \/><div class=\"wp-block-cover__inner-container has-global-padding is-layout-constrained wp-block-cover-is-layout-constrained\">\n<p class=\"has-text-align-center has-large-font-size\"><\/p>\n<\/div><\/div>\n\n\n\n<div class=\"wp-block-group alignwide is-layout-flow wp-block-group-is-layout-flow\">\n<p><strong>Coordinador\/a:<\/strong> <a href=\"https:\/\/www.upo.es\/investiga\/demospain\/miembro\/antonia-maria-ruiz-jimenez\/\" data-type=\"miembro\" data-id=\"244\">Antonia Mar\u00eda Ruiz Jim\u00e9nez<\/a><\/p>\n\n\n\n<p>Esta l\u00ednea se centra en analizar c\u00f3mo nos vemos a nosotros mismos los andaluces, c\u00f3mo nos proyectamos en el futuro, y c\u00f3mo nos ven los dem\u00e1s. Se trata de salir de los discursos recurrentes sobre la identidad andaluza que emergen desde planteamientos m\u00e1s inductivos y puramente cualitativistas, y cuestionar estereotipos y mitos sobre Andaluc\u00eda y la identidad andaluza. Esta l\u00ednea trata de profundizar en las implicaciones la identidad andaluza sobre los comportamientos individuales y colectivos del pueblo andaluz, as\u00ed como comprender mejor sus mecanismos&nbsp;<\/p>\n\n\n\n<p>La identidad social, incluidas la identidad nacional y\/o territorial\/regional, est\u00e1 en la base de los comportamientos solidarios, normalmente dirigidos a aquellos que identificamos como parte de \u201cnuestro grupo\u201d (in-group). Al contrario de lo que ocurre en otras regiones, la identidad en Andaluc\u00eda se ha caracterizado (en los estudios de encuesta fundamentalmente) por el sentimiento de su ciudadan\u00eda de pertenecer tanto al conjunto de la naci\u00f3n espa\u00f1ola, como a la de la Comunidad Aut\u00f3noma Andaluza. Simult\u00e1neamente, al ser una de las regiones comparativamente m\u00e1s pobres dentro del Estado espa\u00f1ol, es una CCAA que demanda solidaridad de otros territorios. De este modo, desde fuera de la regi\u00f3n, se pueden plantear dudas sobre el sentido en que esta identidad andaluza, que se siente tambi\u00e9n espa\u00f1ola, es, hasta cierto punto, instrumental.&nbsp;<\/p>\n\n\n\n<p>Una dimensi\u00f3n destacada dentro de esta l\u00ednea es la profundizaci\u00f3n en una las din\u00e1micas m\u00e1s importantes para la creaci\u00f3n de las identidades colectivas: la socializaci\u00f3n a trav\u00e9s de la escuela, particularmente en la etapa de la educaci\u00f3n secundaria en Andaluc\u00eda, por su importancia fundamental en la cristalizaci\u00f3n de identidades pol\u00edticas en los j\u00f3venes, incluida la identidad nacional, que una vez \u201caprendidas\u201d tienden mantenerse estables durante la adultez.&nbsp;<\/p>\n<\/div>\n\n\n\n<hr class=\"wp-block-separator has-text-color has-light-grey-color has-alpha-channel-opacity has-light-grey-background-color has-background is-style-wide\"\/>\n","protected":false},"excerpt":{"rendered":"<p>Identidad y Cultura Andaluza. Nacionalismo Andaluz Coordinador\/a: Antonia Mar\u00eda Ruiz Jim\u00e9nez Esta l\u00ednea se centra en analizar c\u00f3mo nos vemos a nosotros mismos los andaluces, c\u00f3mo nos proyectamos en el futuro, y c\u00f3mo nos ven los dem\u00e1s. Se trata de salir de los discursos recurrentes sobre la identidad andaluza que emergen desde planteamientos m\u00e1s inductivos [&hellip;]<\/p>\n","protected":false},"author":1,"featured_media":0,"parent":22,"menu_order":0,"comment_status":"closed","ping_status":"closed","template":"lines-page-template","meta":{"inline_featured_image":false,"footnotes":""},"class_list":["post-146","page","type-page","status-publish","hentry"],"_links":{"self":[{"href":"https:\/\/www.upo.es\/investiga\/demospain\/wp-json\/wp\/v2\/pages\/146","targetHints":{"allow":["GET"]}}],"collection":[{"href":"https:\/\/www.upo.es\/investiga\/demospain\/wp-json\/wp\/v2\/pages"}],"about":[{"href":"https:\/\/www.upo.es\/investiga\/demospain\/wp-json\/wp\/v2\/types\/page"}],"author":[{"embeddable":true,"href":"https:\/\/www.upo.es\/investiga\/demospain\/wp-json\/wp\/v2\/users\/1"}],"replies":[{"embeddable":true,"href":"https:\/\/www.upo.es\/investiga\/demospain\/wp-json\/wp\/v2\/comments?post=146"}],"version-history":[{"count":13,"href":"https:\/\/www.upo.es\/investiga\/demospain\/wp-json\/wp\/v2\/pages\/146\/revisions"}],"predecessor-version":[{"id":4750,"href":"https:\/\/www.upo.es\/investiga\/demospain\/wp-json\/wp\/v2\/pages\/146\/revisions\/4750"}],"up":[{"embeddable":true,"href":"https:\/\/www.upo.es\/investiga\/demospain\/wp-json\/wp\/v2\/pages\/22"}],"wp:attachment":[{"href":"https:\/\/www.upo.es\/investiga\/demospain\/wp-json\/wp\/v2\/media?parent=146"}],"curies":[{"name":"wp","href":"https:\/\/api.w.org\/{rel}","templated":true}]}}

<div class="wp-block-group alignwide has-dark-green-color has-text-color is-layout-flow wp-block-group-is-layout-flow" style="border-left-width:8px;margin-top:var(--wp--preset--spacing--50);margin-bottom:var(--wp--preset--spacing--50);padding-right:0;padding-left:var(--wp--preset--spacing--30)">
<h2 class="wp-block-heading has-oswald-font-family has-large-font-size" style="margin-top:0;margin-bottom:0;font-style:normal;font-weight:800;text-transform:uppercase">Identidad y Cultura Andaluza. Nacionalismo Andaluz</h2>
</div>



<div class="wp-block-cover alignwide" style="min-height:200px;aspect-ratio:unset;"><span aria-hidden="true" class="wp-block-cover__background has-background-dim-0 has-background-dim"></span><img loading="lazy" decoding="async" width="1920" height="1440" class="wp-block-cover__image-background wp-image-509" alt="" src="https://www.upo.es/investiga/demospain/wp-content/uploads/2023/11/portada-estatuto-andalucia.jpg" style="object-position:51% 35%" data-object-fit="cover" data-object-position="51% 35%" srcset="https://www.upo.es/investiga/demospain/wp-content/uploads/2023/11/portada-estatuto-andalucia.jpg 1920w, https://www.upo.es/investiga/demospain/wp-content/uploads/2023/11/portada-estatuto-andalucia-300x225.jpg 300w, https://www.upo.es/investiga/demospain/wp-content/uploads/2023/11/portada-estatuto-andalucia-1024x768.jpg 1024w, https://www.upo.es/investiga/demospain/wp-content/uploads/2023/11/portada-estatuto-andalucia-768x576.jpg 768w, https://www.upo.es/investiga/demospain/wp-content/uploads/2023/11/portada-estatuto-andalucia-1536x1152.jpg 1536w" sizes="auto, (max-width: 1920px) 100vw, 1920px" /><div class="wp-block-cover__inner-container has-global-padding is-layout-constrained wp-block-cover-is-layout-constrained">
<p class="has-text-align-center has-large-font-size"></p>
</div></div>



<div class="wp-block-group alignwide is-layout-flow wp-block-group-is-layout-flow">
<p><strong>Coordinador/a:</strong> <a href="https://www.upo.es/investiga/demospain/miembro/antonia-maria-ruiz-jimenez/" data-type="miembro" data-id="244">Antonia María Ruiz Jiménez</a></p>



<p>Esta línea se centra en analizar cómo nos vemos a nosotros mismos los andaluces, cómo nos proyectamos en el futuro, y cómo nos ven los demás. Se trata de salir de los discursos recurrentes sobre la identidad andaluza que emergen desde planteamientos más inductivos y puramente cualitativistas, y cuestionar estereotipos y mitos sobre Andalucía y la identidad andaluza. Esta línea trata de profundizar en las implicaciones la identidad andaluza sobre los comportamientos individuales y colectivos del pueblo andaluz, así como comprender mejor sus mecanismos&nbsp;</p>



<p>La identidad social, incluidas la identidad nacional y/o territorial/regional, está en la base de los comportamientos solidarios, normalmente dirigidos a aquellos que identificamos como parte de “nuestro grupo” (in-group). Al contrario de lo que ocurre en otras regiones, la identidad en Andalucía se ha caracterizado (en los estudios de encuesta fundamentalmente) por el sentimiento de su ciudadanía de pertenecer tanto al conjunto de la nación española, como a la de la Comunidad Autónoma Andaluza. Simultáneamente, al ser una de las regiones comparativamente más pobres dentro del Estado español, es una CCAA que demanda solidaridad de otros territorios. De este modo, desde fuera de la región, se pueden plantear dudas sobre el sentido en que esta identidad andaluza, que se siente también española, es, hasta cierto punto, instrumental.&nbsp;</p>



<p>Una dimensión destacada dentro de esta línea es la profundización en una las dinámicas más importantes para la creación de las identidades colectivas: la socialización a través de la escuela, particularmente en la etapa de la educación secundaria en Andalucía, por su importancia fundamental en la cristalización de identidades políticas en los jóvenes, incluida la identidad nacional, que una vez “aprendidas” tienden mantenerse estables durante la adultez.&nbsp;</p>
</div>



<hr class="wp-block-separator has-text-color has-light-grey-color has-alpha-channel-opacity has-light-grey-background-color has-background is-style-wide"/>

<p>Identidad y Cultura Andaluza. Nacionalismo Andaluz Coordinador/a: Antonia María Ruiz Jiménez Esta línea se centra en analizar cómo nos vemos a nosotros mismos los andaluces, cómo nos proyectamos en el futuro, y cómo nos ven los demás. Se trata de salir de los discursos recurrentes sobre la identidad andaluza que emergen desde planteamientos más inductivos [&hellip;]</p>
