{"id":148,"date":"2023-10-27T11:22:37","date_gmt":"2023-10-27T11:22:37","guid":{"rendered":"https:\/\/www.upo.es\/investiga\/demospain\/?page_id=148"},"modified":"2024-02-16T11:40:06","modified_gmt":"2024-02-16T11:40:06","slug":"divulgacion","status":"publish","type":"page","link":"https:\/\/www.upo.es\/investiga\/demospain\/lineas\/divulgacion\/","title":{"rendered":"Divulgaci\u00f3n"},"content":{"rendered":"\n<div class=\"wp-block-group alignwide has-dark-green-color has-text-color is-layout-flow wp-block-group-is-layout-flow\" style=\"border-left-width:8px;margin-top:var(--wp--preset--spacing--50);margin-bottom:var(--wp--preset--spacing--50);padding-right:0;padding-left:var(--wp--preset--spacing--30)\">\n<h2 class=\"wp-block-heading has-oswald-font-family has-large-font-size\" style=\"margin-top:0;margin-bottom:0;font-style:normal;font-weight:800;text-transform:uppercase\">Investigaci\u00f3n en Divulgaci\u00f3n de la Sociolog\u00eda y del Conocimiento Social<\/h2>\n<\/div>\n\n\n\n<div class=\"wp-block-cover alignwide\" style=\"min-height:200px;aspect-ratio:unset;\"><span aria-hidden=\"true\" class=\"wp-block-cover__background has-background-dim-0 has-background-dim\"><\/span><img loading=\"lazy\" decoding=\"async\" width=\"1920\" height=\"960\" class=\"wp-block-cover__image-background wp-image-4458\" alt=\"\" src=\"https:\/\/www.upo.es\/investiga\/demospain\/wp-content\/uploads\/2023\/12\/grupo-personas-ciudad.jpg\" style=\"object-position:79% 100%\" data-object-fit=\"cover\" data-object-position=\"79% 100%\" srcset=\"https:\/\/www.upo.es\/investiga\/demospain\/wp-content\/uploads\/2023\/12\/grupo-personas-ciudad.jpg 1920w, https:\/\/www.upo.es\/investiga\/demospain\/wp-content\/uploads\/2023\/12\/grupo-personas-ciudad-300x150.jpg 300w, https:\/\/www.upo.es\/investiga\/demospain\/wp-content\/uploads\/2023\/12\/grupo-personas-ciudad-1024x512.jpg 1024w, https:\/\/www.upo.es\/investiga\/demospain\/wp-content\/uploads\/2023\/12\/grupo-personas-ciudad-768x384.jpg 768w, https:\/\/www.upo.es\/investiga\/demospain\/wp-content\/uploads\/2023\/12\/grupo-personas-ciudad-1536x768.jpg 1536w\" sizes=\"auto, (max-width: 1920px) 100vw, 1920px\" \/><div class=\"wp-block-cover__inner-container has-global-padding is-layout-constrained wp-block-cover-is-layout-constrained\">\n<p class=\"has-text-align-center has-large-font-size\"><\/p>\n<\/div><\/div>\n\n\n\n<div class=\"wp-block-group alignwide is-layout-flow wp-block-group-is-layout-flow\">\n<p><strong>Coordinador\/a:<\/strong> <a href=\"https:\/\/www.upo.es\/investiga\/demospain\/miembro\/luis-navarro-ardoy\/\" data-type=\"miembro\" data-id=\"253\">Luis Navarro Ardoy<\/a><\/p>\n\n\n\n<p>Esta l\u00ednea parte del inter\u00e9s por conocer el estado de la cuesti\u00f3n de la divulgaci\u00f3n de la sociolog\u00eda, pr\u00e1ctica da vez m\u00e1s importante para mejorar la transferencia de conocimiento y el impacto social de los resultados de la investigaci\u00f3n, como puede verse en iniciativas tan importantes como, entre otras, el programa <em>Impact of Social Sciences<\/em> de la <em>London School of Economics and Political Science<\/em>.&nbsp;<\/p>\n\n\n\n<p>Dentro de esta l\u00ednea se analizan acciones y productos de divulgaci\u00f3n (v\u00eddeos, podcast, redes sociales\u2026) con el objetivo de identificar fortalezas y debilidades para mejorar las estrategias de divulgaci\u00f3n en el campo de la sociolog\u00eda. Tambi\u00e9n interesa conocer las opiniones de personas expertas de diferentes perfiles profesionales y \u00e1mbitos de actuaci\u00f3n, y el de las personas consumidoras de esas acciones y productos de divulgaci\u00f3n. A partir de estos an\u00e1lisis es posible discutir de manera m\u00e1s precisa las din\u00e1micas de comunicaci\u00f3n y obtener algunas recomendaciones para las personas interesadas en la comunicaci\u00f3n p\u00fablica de la ciencia. Adem\u00e1s, las estrategias de an\u00e1lisis utilizadas permiten su replicaci\u00f3n en otros contextos y otras ramas de conocimiento.&nbsp;<\/p>\n\n\n\n<p>A pesar de la importancia que se atribuye a las estrategias para la comunicaci\u00f3n y transferencia de conocimiento, existe un importante d\u00e9ficit de investigaci\u00f3n sobre su utilizaci\u00f3n por parte de la sociolog\u00eda y, en consecuencia, existe poca evidencia para guiar el uso efectivo de los productos de divulgaci\u00f3n para transmitir los saberes y las pr\u00e1cticas sociol\u00f3gicas y para comprender c\u00f3mo utilizarlos mejor para una comunicaci\u00f3n efectiva con los p\u00fablicos no necesariamente especializados.&nbsp;<\/p>\n\n\n\n<p>La divulgaci\u00f3n es el proceso mediante el cual los conocimientos, hallazgos o resultados de investigaci\u00f3n dejan de estar reservados a la comunidad cient\u00edfica o audiencia especializada y pasan a ser comunicados al p\u00fablico general utilizando un lenguaje claro y conciso de forma asequible, pero no distorsionador ni simplificador. La clave de la divulgaci\u00f3n est\u00e1 en conseguir interesar a ese p\u00fablico general y, si es posible, entusiasmarlo. El dise\u00f1o de acciones de divulgaci\u00f3n exitosas es necesario m\u00e1s que nunca en estos tiempos de \u201cposverdad\u201d o de cuestionamiento de la ciencia (como se ve en diversos movimientos negacionistas de la pandemia, de la crisis social a causa del cambio clim\u00e1tico, de la violencia de g\u00e9nero, de la desigualdad social, de los genocidios de la guerra, etc.).&nbsp;<\/p>\n<\/div>\n\n\n\n<hr class=\"wp-block-separator has-text-color has-light-grey-color has-alpha-channel-opacity has-light-grey-background-color has-background is-style-wide\"\/>\n","protected":false},"excerpt":{"rendered":"<p>Investigaci\u00f3n en Divulgaci\u00f3n de la Sociolog\u00eda y del Conocimiento Social Coordinador\/a: Luis Navarro Ardoy Esta l\u00ednea parte del inter\u00e9s por conocer el estado de la cuesti\u00f3n de la divulgaci\u00f3n de la sociolog\u00eda, pr\u00e1ctica da vez m\u00e1s importante para mejorar la transferencia de conocimiento y el impacto social de los resultados de la investigaci\u00f3n, como puede [&hellip;]<\/p>\n","protected":false},"author":1,"featured_media":0,"parent":22,"menu_order":0,"comment_status":"closed","ping_status":"closed","template":"lines-page-template","meta":{"inline_featured_image":false,"footnotes":""},"class_list":["post-148","page","type-page","status-publish","hentry"],"_links":{"self":[{"href":"https:\/\/www.upo.es\/investiga\/demospain\/wp-json\/wp\/v2\/pages\/148","targetHints":{"allow":["GET"]}}],"collection":[{"href":"https:\/\/www.upo.es\/investiga\/demospain\/wp-json\/wp\/v2\/pages"}],"about":[{"href":"https:\/\/www.upo.es\/investiga\/demospain\/wp-json\/wp\/v2\/types\/page"}],"author":[{"embeddable":true,"href":"https:\/\/www.upo.es\/investiga\/demospain\/wp-json\/wp\/v2\/users\/1"}],"replies":[{"embeddable":true,"href":"https:\/\/www.upo.es\/investiga\/demospain\/wp-json\/wp\/v2\/comments?post=148"}],"version-history":[{"count":14,"href":"https:\/\/www.upo.es\/investiga\/demospain\/wp-json\/wp\/v2\/pages\/148\/revisions"}],"predecessor-version":[{"id":4749,"href":"https:\/\/www.upo.es\/investiga\/demospain\/wp-json\/wp\/v2\/pages\/148\/revisions\/4749"}],"up":[{"embeddable":true,"href":"https:\/\/www.upo.es\/investiga\/demospain\/wp-json\/wp\/v2\/pages\/22"}],"wp:attachment":[{"href":"https:\/\/www.upo.es\/investiga\/demospain\/wp-json\/wp\/v2\/media?parent=148"}],"curies":[{"name":"wp","href":"https:\/\/api.w.org\/{rel}","templated":true}]}}