{"id":152,"date":"2023-10-27T11:23:12","date_gmt":"2023-10-27T11:23:12","guid":{"rendered":"https:\/\/www.upo.es\/investiga\/demospain\/?page_id=152"},"modified":"2024-02-16T11:40:33","modified_gmt":"2024-02-16T11:40:33","slug":"nacionalismo-espanol","status":"publish","type":"page","link":"https:\/\/www.upo.es\/investiga\/demospain\/lineas\/nacionalismo-espanol\/","title":{"rendered":"Nacionalismo espa\u00f1ol"},"content":{"rendered":"\n<div class=\"wp-block-group alignwide has-dark-green-color has-text-color is-layout-flow wp-block-group-is-layout-flow\" style=\"border-left-width:8px;margin-top:var(--wp--preset--spacing--50);margin-bottom:var(--wp--preset--spacing--50);padding-right:0;padding-left:var(--wp--preset--spacing--30)\">\n<h2 class=\"wp-block-heading has-oswald-font-family has-large-font-size\" style=\"margin-top:0;margin-bottom:0;font-style:normal;font-weight:800;text-transform:uppercase\">Nacionalismo Espa\u00f1ol<\/h2>\n<\/div>\n\n\n\n<div class=\"wp-block-cover alignwide is-light\" style=\"min-height:200px;aspect-ratio:unset;\"><span aria-hidden=\"true\" class=\"wp-block-cover__background has-background-dim-0 has-background-dim\"><\/span><img loading=\"lazy\" decoding=\"async\" width=\"1920\" height=\"746\" class=\"wp-block-cover__image-background wp-image-4452\" alt=\"\" src=\"https:\/\/www.upo.es\/investiga\/demospain\/wp-content\/uploads\/2023\/12\/nacionalismo-espanol.jpg\" data-object-fit=\"cover\" srcset=\"https:\/\/www.upo.es\/investiga\/demospain\/wp-content\/uploads\/2023\/12\/nacionalismo-espanol.jpg 1920w, https:\/\/www.upo.es\/investiga\/demospain\/wp-content\/uploads\/2023\/12\/nacionalismo-espanol-300x117.jpg 300w, https:\/\/www.upo.es\/investiga\/demospain\/wp-content\/uploads\/2023\/12\/nacionalismo-espanol-1024x398.jpg 1024w, https:\/\/www.upo.es\/investiga\/demospain\/wp-content\/uploads\/2023\/12\/nacionalismo-espanol-768x298.jpg 768w, https:\/\/www.upo.es\/investiga\/demospain\/wp-content\/uploads\/2023\/12\/nacionalismo-espanol-1536x597.jpg 1536w\" sizes=\"auto, (max-width: 1920px) 100vw, 1920px\" \/><div class=\"wp-block-cover__inner-container has-global-padding is-layout-constrained wp-block-cover-is-layout-constrained\">\n<p class=\"has-text-align-center has-large-font-size\"><\/p>\n<\/div><\/div>\n\n\n\n<div class=\"wp-block-group alignwide is-layout-flow wp-block-group-is-layout-flow\">\n<p><strong>Coordinador\/a:<\/strong> <a href=\"https:\/\/www.upo.es\/investiga\/demospain\/miembro\/antonia-maria-ruiz-jimenez\/\" data-type=\"miembro\" data-id=\"244\">Antonia Mar\u00eda Ruiz Jim\u00e9nez<\/a><\/p>\n\n\n\n<p>Esta l\u00ednea parte del inter\u00e9s por conocer las razones de la debilidad de un nacionalismo espa\u00f1ol incluyente y trasversal al territorio en Espa\u00f1a y la relativa ausencia paralela de investigaciones sociol\u00f3gicas y politol\u00f3gicas sobre el nacionalismo espa\u00f1ol en comparaci\u00f3n con los nacionalismos perif\u00e9ricos. Dentro de esta l\u00ednea de investigaci\u00f3n se investiga c\u00f3mo se comportan los actores pol\u00edticos de \u00e1mbito estatal en las democracias multinacionales (como la espa\u00f1ola) en contextos de politizaci\u00f3n identitaria y de escalada de demandas de los nacionalismos perif\u00e9ricos.&nbsp;&nbsp;<\/p>\n\n\n\n<p>Para muchos autores, las identidades duales constituyen un factor clave para garantizar la estabilidad pol\u00edtica en democracias multinacionales; lo que a su vez descansa sobre la existencia de l\u00edderes que optan por conciliar, en lugar de polarizar, dichas identidades pol\u00edticas duales. Sin embargo, precisamente en los contextos multinacionales, la politizaci\u00f3n de las identidades se ha convertido tradicionalmente en la base de los nacionalismos perif\u00e9ricos y sus demandas de autogobierno, de autodeterminaci\u00f3n y hasta de independencia pol\u00edtica.&nbsp;&nbsp;<\/p>\n\n\n\n<p>Especialmente relevante dentro de esta l\u00ednea de investigaci\u00f3n es el estudio de la relaci\u00f3n entre partidos de izquierda y nacionalismo. Hist\u00f3ricamente esta relaci\u00f3n ha sido dif\u00edcil y contradictoria, tanto por razones estructurales como coyunturales. Entre las primeras, debido a la oposici\u00f3n que existe en sus fundamentos ideol\u00f3gicos. En tanto que las ideolog\u00edas de izquierda son universalistas, el nacionalismo se fundamenta en la distinci\u00f3n y en los derechos \u00fanicamente de un grupo particular de personas, del que se excluye al resto. Desde un punto de vista coyuntural, esta incomodidad tiene mucho que ver con el \u00e9xito de la derecha para ocupar el concepto de nacionalismo y, en \u00faltima instancia, su alianza con el fascismo y el racismo nacionalista.&nbsp;<\/p>\n\n\n\n<p>De forma m\u00e1s espec\u00edfica, dentro de esta l\u00ednea se explora el concepto de patriotismo social, una versi\u00f3n populista del nacionalismo del bienestar que parece ajustarse bien a los principios filos\u00f3ficos y \u00e9ticos de la izquierda: se inspira en los valores de justicia social e igualdad, tiene un impacto m\u00e1s directo en mejorar la condiciones de vida de las clases trabajadoras y es una clase de nacionalismo banal que no implica, de forma general, discursos grandilocuentes ni grandes movilizaci\u00f3n de masas.&nbsp;<\/p>\n<\/div>\n\n\n\n<hr class=\"wp-block-separator has-text-color has-light-grey-color has-alpha-channel-opacity has-light-grey-background-color has-background is-style-wide\"\/>\n","protected":false},"excerpt":{"rendered":"<p>Nacionalismo Espa\u00f1ol Coordinador\/a: Antonia Mar\u00eda Ruiz Jim\u00e9nez Esta l\u00ednea parte del inter\u00e9s por conocer las razones de la debilidad de un nacionalismo espa\u00f1ol incluyente y trasversal al territorio en Espa\u00f1a y la relativa ausencia paralela de investigaciones sociol\u00f3gicas y politol\u00f3gicas sobre el nacionalismo espa\u00f1ol en comparaci\u00f3n con los nacionalismos perif\u00e9ricos. Dentro de esta l\u00ednea de [&hellip;]<\/p>\n","protected":false},"author":1,"featured_media":0,"parent":22,"menu_order":0,"comment_status":"closed","ping_status":"closed","template":"lines-page-template","meta":{"inline_featured_image":false,"footnotes":""},"class_list":["post-152","page","type-page","status-publish","hentry"],"_links":{"self":[{"href":"https:\/\/www.upo.es\/investiga\/demospain\/wp-json\/wp\/v2\/pages\/152","targetHints":{"allow":["GET"]}}],"collection":[{"href":"https:\/\/www.upo.es\/investiga\/demospain\/wp-json\/wp\/v2\/pages"}],"about":[{"href":"https:\/\/www.upo.es\/investiga\/demospain\/wp-json\/wp\/v2\/types\/page"}],"author":[{"embeddable":true,"href":"https:\/\/www.upo.es\/investiga\/demospain\/wp-json\/wp\/v2\/users\/1"}],"replies":[{"embeddable":true,"href":"https:\/\/www.upo.es\/investiga\/demospain\/wp-json\/wp\/v2\/comments?post=152"}],"version-history":[{"count":11,"href":"https:\/\/www.upo.es\/investiga\/demospain\/wp-json\/wp\/v2\/pages\/152\/revisions"}],"predecessor-version":[{"id":4753,"href":"https:\/\/www.upo.es\/investiga\/demospain\/wp-json\/wp\/v2\/pages\/152\/revisions\/4753"}],"up":[{"embeddable":true,"href":"https:\/\/www.upo.es\/investiga\/demospain\/wp-json\/wp\/v2\/pages\/22"}],"wp:attachment":[{"href":"https:\/\/www.upo.es\/investiga\/demospain\/wp-json\/wp\/v2\/media?parent=152"}],"curies":[{"name":"wp","href":"https:\/\/api.w.org\/{rel}","templated":true}]}}

Nacionalismo español

<div class="wp-block-group alignwide has-dark-green-color has-text-color is-layout-flow wp-block-group-is-layout-flow" style="border-left-width:8px;margin-top:var(--wp--preset--spacing--50);margin-bottom:var(--wp--preset--spacing--50);padding-right:0;padding-left:var(--wp--preset--spacing--30)">
<h2 class="wp-block-heading has-oswald-font-family has-large-font-size" style="margin-top:0;margin-bottom:0;font-style:normal;font-weight:800;text-transform:uppercase">Nacionalismo Español</h2>
</div>



<div class="wp-block-cover alignwide is-light" style="min-height:200px;aspect-ratio:unset;"><span aria-hidden="true" class="wp-block-cover__background has-background-dim-0 has-background-dim"></span><img loading="lazy" decoding="async" width="1920" height="746" class="wp-block-cover__image-background wp-image-4452" alt="" src="https://www.upo.es/investiga/demospain/wp-content/uploads/2023/12/nacionalismo-espanol.jpg" data-object-fit="cover" srcset="https://www.upo.es/investiga/demospain/wp-content/uploads/2023/12/nacionalismo-espanol.jpg 1920w, https://www.upo.es/investiga/demospain/wp-content/uploads/2023/12/nacionalismo-espanol-300x117.jpg 300w, https://www.upo.es/investiga/demospain/wp-content/uploads/2023/12/nacionalismo-espanol-1024x398.jpg 1024w, https://www.upo.es/investiga/demospain/wp-content/uploads/2023/12/nacionalismo-espanol-768x298.jpg 768w, https://www.upo.es/investiga/demospain/wp-content/uploads/2023/12/nacionalismo-espanol-1536x597.jpg 1536w" sizes="auto, (max-width: 1920px) 100vw, 1920px" /><div class="wp-block-cover__inner-container has-global-padding is-layout-constrained wp-block-cover-is-layout-constrained">
<p class="has-text-align-center has-large-font-size"></p>
</div></div>



<div class="wp-block-group alignwide is-layout-flow wp-block-group-is-layout-flow">
<p><strong>Coordinador/a:</strong> <a href="https://www.upo.es/investiga/demospain/miembro/antonia-maria-ruiz-jimenez/" data-type="miembro" data-id="244">Antonia María Ruiz Jiménez</a></p>



<p>Esta línea parte del interés por conocer las razones de la debilidad de un nacionalismo español incluyente y trasversal al territorio en España y la relativa ausencia paralela de investigaciones sociológicas y politológicas sobre el nacionalismo español en comparación con los nacionalismos periféricos. Dentro de esta línea de investigación se investiga cómo se comportan los actores políticos de ámbito estatal en las democracias multinacionales (como la española) en contextos de politización identitaria y de escalada de demandas de los nacionalismos periféricos.&nbsp;&nbsp;</p>



<p>Para muchos autores, las identidades duales constituyen un factor clave para garantizar la estabilidad política en democracias multinacionales; lo que a su vez descansa sobre la existencia de líderes que optan por conciliar, en lugar de polarizar, dichas identidades políticas duales. Sin embargo, precisamente en los contextos multinacionales, la politización de las identidades se ha convertido tradicionalmente en la base de los nacionalismos periféricos y sus demandas de autogobierno, de autodeterminación y hasta de independencia política.&nbsp;&nbsp;</p>



<p>Especialmente relevante dentro de esta línea de investigación es el estudio de la relación entre partidos de izquierda y nacionalismo. Históricamente esta relación ha sido difícil y contradictoria, tanto por razones estructurales como coyunturales. Entre las primeras, debido a la oposición que existe en sus fundamentos ideológicos. En tanto que las ideologías de izquierda son universalistas, el nacionalismo se fundamenta en la distinción y en los derechos únicamente de un grupo particular de personas, del que se excluye al resto. Desde un punto de vista coyuntural, esta incomodidad tiene mucho que ver con el éxito de la derecha para ocupar el concepto de nacionalismo y, en última instancia, su alianza con el fascismo y el racismo nacionalista.&nbsp;</p>



<p>De forma más específica, dentro de esta línea se explora el concepto de patriotismo social, una versión populista del nacionalismo del bienestar que parece ajustarse bien a los principios filosóficos y éticos de la izquierda: se inspira en los valores de justicia social e igualdad, tiene un impacto más directo en mejorar la condiciones de vida de las clases trabajadoras y es una clase de nacionalismo banal que no implica, de forma general, discursos grandilocuentes ni grandes movilización de masas.&nbsp;</p>
</div>



<hr class="wp-block-separator has-text-color has-light-grey-color has-alpha-channel-opacity has-light-grey-background-color has-background is-style-wide"/>

<p>Nacionalismo Español Coordinador/a: Antonia María Ruiz Jiménez Esta línea parte del interés por conocer las razones de la debilidad de un nacionalismo español incluyente y trasversal al territorio en España y la relativa ausencia paralela de investigaciones sociológicas y politológicas sobre el nacionalismo español en comparación con los nacionalismos periféricos. Dentro de esta línea de [&hellip;]</p>
