{"id":30,"date":"2023-10-27T09:10:05","date_gmt":"2023-10-27T09:10:05","guid":{"rendered":"https:\/\/www.upo.es\/investiga\/demospain\/?page_id=30"},"modified":"2024-02-16T11:39:30","modified_gmt":"2024-02-16T11:39:30","slug":"conciencia-medioambiental","status":"publish","type":"page","link":"https:\/\/www.upo.es\/investiga\/demospain\/lineas\/conciencia-medioambiental\/","title":{"rendered":"Conciencia medioambiental"},"content":{"rendered":"\n<div class=\"wp-block-group alignwide has-dark-green-color has-text-color is-layout-flow wp-block-group-is-layout-flow\" style=\"border-left-width:8px;margin-top:var(--wp--preset--spacing--50);margin-bottom:var(--wp--preset--spacing--50);padding-right:0;padding-left:var(--wp--preset--spacing--30)\">\n<h2 class=\"wp-block-heading has-oswald-font-family has-large-font-size\" style=\"margin-top:0;margin-bottom:0;font-style:normal;font-weight:800;text-transform:uppercase\">Conciencia Medioambiental y Mediambientalismo<\/h2>\n<\/div>\n\n\n\n<div class=\"wp-block-cover alignwide\" style=\"min-height:200px;aspect-ratio:unset;\"><span aria-hidden=\"true\" class=\"wp-block-cover__background has-background-dim-0 has-background-dim\"><\/span><img loading=\"lazy\" decoding=\"async\" width=\"2560\" height=\"1492\" class=\"wp-block-cover__image-background wp-image-136\" alt=\"\" src=\"https:\/\/www.upo.es\/investiga\/demospain\/wp-content\/uploads\/2023\/10\/pexels-the-lazy-artist-gallery-3432223-scaled-1.jpg\" data-object-fit=\"cover\" srcset=\"https:\/\/www.upo.es\/investiga\/demospain\/wp-content\/uploads\/2023\/10\/pexels-the-lazy-artist-gallery-3432223-scaled-1.jpg 2560w, https:\/\/www.upo.es\/investiga\/demospain\/wp-content\/uploads\/2023\/10\/pexels-the-lazy-artist-gallery-3432223-scaled-1-300x175.jpg 300w, https:\/\/www.upo.es\/investiga\/demospain\/wp-content\/uploads\/2023\/10\/pexels-the-lazy-artist-gallery-3432223-scaled-1-1024x597.jpg 1024w, https:\/\/www.upo.es\/investiga\/demospain\/wp-content\/uploads\/2023\/10\/pexels-the-lazy-artist-gallery-3432223-scaled-1-768x448.jpg 768w, https:\/\/www.upo.es\/investiga\/demospain\/wp-content\/uploads\/2023\/10\/pexels-the-lazy-artist-gallery-3432223-scaled-1-1536x895.jpg 1536w, https:\/\/www.upo.es\/investiga\/demospain\/wp-content\/uploads\/2023\/10\/pexels-the-lazy-artist-gallery-3432223-scaled-1-2048x1194.jpg 2048w\" sizes=\"auto, (max-width: 2560px) 100vw, 2560px\" \/><div class=\"wp-block-cover__inner-container has-global-padding is-layout-constrained wp-block-cover-is-layout-constrained\">\n<p class=\"has-text-align-center has-large-font-size\"><\/p>\n<\/div><\/div>\n\n\n\n<div class=\"wp-block-group alignwide is-layout-flow wp-block-group-is-layout-flow\">\n<p><strong>Coordinador\/a:<\/strong> <a href=\"https:\/\/www.upo.es\/investiga\/demospain\/miembro\/jose-manuel-echavarren\/\" data-type=\"miembro\" data-id=\"252\">Jos\u00e9 Manuel Echavarren Fern\u00e1ndez<\/a><\/p>\n\n\n\n<p>En esta l\u00ednea de investigaci\u00f3n se estudia c\u00f3mo medir y cu\u00e1les son los factores que generan y mantienen la conciencia pro-ambiental de las personas en la actualidad. Para el fundador de la Sociolog\u00eda Ambiental, Riley Dunlap, la conciencia ambiental se define como \u201cel grado en el cual las personas son conscientes de los problemas concernientes al medio ambiente y apoyan esfuerzos para solventarlos y\/o la voluntad de implicaci\u00f3n para contribuir personalmente a su soluci\u00f3n\u201d (Dunlap &amp; Jones 2002: 485).<\/p>\n\n\n\n<p>La l\u00ednea tiene una vocaci\u00f3n internacionalista, buscando diferencias, similitudes, causas y mecanismos siempre en el \u00e1mbito internacional en lugar de estudios de caso locales. Tambi\u00e9n se utilizan m\u00e9todos de investigaci\u00f3n cuantitativos, desde regresiones a an\u00e1lisis factoriales y t\u00e9cnicas multinivel. La l\u00ednea de investigaci\u00f3n se plantea en suma qu\u00e9 es la conciencia ambiental, c\u00f3mo se mide, c\u00f3mo se extiende entre la poblaci\u00f3n y cu\u00e1les son los principales marcadores sociales y mecanismos que la impulsan.<\/p>\n<\/div>\n\n\n\n<hr class=\"wp-block-separator has-text-color has-light-grey-color has-alpha-channel-opacity has-light-grey-background-color has-background is-style-wide\"\/>\n","protected":false},"excerpt":{"rendered":"<p>Conciencia Medioambiental y Mediambientalismo Coordinador\/a: Jos\u00e9 Manuel Echavarren Fern\u00e1ndez En esta l\u00ednea de investigaci\u00f3n se estudia c\u00f3mo medir y cu\u00e1les son los factores que generan y mantienen la conciencia pro-ambiental de las personas en la actualidad. Para el fundador de la Sociolog\u00eda Ambiental, Riley Dunlap, la conciencia ambiental se define como \u201cel grado en el [&hellip;]<\/p>\n","protected":false},"author":1,"featured_media":0,"parent":22,"menu_order":0,"comment_status":"closed","ping_status":"closed","template":"lines-page-template","meta":{"inline_featured_image":false,"footnotes":""},"class_list":["post-30","page","type-page","status-publish","hentry"],"_links":{"self":[{"href":"https:\/\/www.upo.es\/investiga\/demospain\/wp-json\/wp\/v2\/pages\/30","targetHints":{"allow":["GET"]}}],"collection":[{"href":"https:\/\/www.upo.es\/investiga\/demospain\/wp-json\/wp\/v2\/pages"}],"about":[{"href":"https:\/\/www.upo.es\/investiga\/demospain\/wp-json\/wp\/v2\/types\/page"}],"author":[{"embeddable":true,"href":"https:\/\/www.upo.es\/investiga\/demospain\/wp-json\/wp\/v2\/users\/1"}],"replies":[{"embeddable":true,"href":"https:\/\/www.upo.es\/investiga\/demospain\/wp-json\/wp\/v2\/comments?post=30"}],"version-history":[{"count":21,"href":"https:\/\/www.upo.es\/investiga\/demospain\/wp-json\/wp\/v2\/pages\/30\/revisions"}],"predecessor-version":[{"id":4747,"href":"https:\/\/www.upo.es\/investiga\/demospain\/wp-json\/wp\/v2\/pages\/30\/revisions\/4747"}],"up":[{"embeddable":true,"href":"https:\/\/www.upo.es\/investiga\/demospain\/wp-json\/wp\/v2\/pages\/22"}],"wp:attachment":[{"href":"https:\/\/www.upo.es\/investiga\/demospain\/wp-json\/wp\/v2\/media?parent=30"}],"curies":[{"name":"wp","href":"https:\/\/api.w.org\/{rel}","templated":true}]}}

<div class="wp-block-group alignwide has-dark-green-color has-text-color is-layout-flow wp-block-group-is-layout-flow" style="border-left-width:8px;margin-top:var(--wp--preset--spacing--50);margin-bottom:var(--wp--preset--spacing--50);padding-right:0;padding-left:var(--wp--preset--spacing--30)">
<h2 class="wp-block-heading has-oswald-font-family has-large-font-size" style="margin-top:0;margin-bottom:0;font-style:normal;font-weight:800;text-transform:uppercase">Conciencia Medioambiental y Mediambientalismo</h2>
</div>



<div class="wp-block-cover alignwide" style="min-height:200px;aspect-ratio:unset;"><span aria-hidden="true" class="wp-block-cover__background has-background-dim-0 has-background-dim"></span><img loading="lazy" decoding="async" width="2560" height="1492" class="wp-block-cover__image-background wp-image-136" alt="" src="https://www.upo.es/investiga/demospain/wp-content/uploads/2023/10/pexels-the-lazy-artist-gallery-3432223-scaled-1.jpg" data-object-fit="cover" srcset="https://www.upo.es/investiga/demospain/wp-content/uploads/2023/10/pexels-the-lazy-artist-gallery-3432223-scaled-1.jpg 2560w, https://www.upo.es/investiga/demospain/wp-content/uploads/2023/10/pexels-the-lazy-artist-gallery-3432223-scaled-1-300x175.jpg 300w, https://www.upo.es/investiga/demospain/wp-content/uploads/2023/10/pexels-the-lazy-artist-gallery-3432223-scaled-1-1024x597.jpg 1024w, https://www.upo.es/investiga/demospain/wp-content/uploads/2023/10/pexels-the-lazy-artist-gallery-3432223-scaled-1-768x448.jpg 768w, https://www.upo.es/investiga/demospain/wp-content/uploads/2023/10/pexels-the-lazy-artist-gallery-3432223-scaled-1-1536x895.jpg 1536w, https://www.upo.es/investiga/demospain/wp-content/uploads/2023/10/pexels-the-lazy-artist-gallery-3432223-scaled-1-2048x1194.jpg 2048w" sizes="auto, (max-width: 2560px) 100vw, 2560px" /><div class="wp-block-cover__inner-container has-global-padding is-layout-constrained wp-block-cover-is-layout-constrained">
<p class="has-text-align-center has-large-font-size"></p>
</div></div>



<div class="wp-block-group alignwide is-layout-flow wp-block-group-is-layout-flow">
<p><strong>Coordinador/a:</strong> <a href="https://www.upo.es/investiga/demospain/miembro/jose-manuel-echavarren/" data-type="miembro" data-id="252">José Manuel Echavarren Fernández</a></p>



<p>En esta línea de investigación se estudia cómo medir y cuáles son los factores que generan y mantienen la conciencia pro-ambiental de las personas en la actualidad. Para el fundador de la Sociología Ambiental, Riley Dunlap, la conciencia ambiental se define como “el grado en el cual las personas son conscientes de los problemas concernientes al medio ambiente y apoyan esfuerzos para solventarlos y/o la voluntad de implicación para contribuir personalmente a su solución” (Dunlap &amp; Jones 2002: 485).</p>



<p>La línea tiene una vocación internacionalista, buscando diferencias, similitudes, causas y mecanismos siempre en el ámbito internacional en lugar de estudios de caso locales. También se utilizan métodos de investigación cuantitativos, desde regresiones a análisis factoriales y técnicas multinivel. La línea de investigación se plantea en suma qué es la conciencia ambiental, cómo se mide, cómo se extiende entre la población y cuáles son los principales marcadores sociales y mecanismos que la impulsan.</p>
</div>



<hr class="wp-block-separator has-text-color has-light-grey-color has-alpha-channel-opacity has-light-grey-background-color has-background is-style-wide"/>

<p>Conciencia Medioambiental y Mediambientalismo Coordinador/a: José Manuel Echavarren Fernández En esta línea de investigación se estudia cómo medir y cuáles son los factores que generan y mantienen la conciencia pro-ambiental de las personas en la actualidad. Para el fundador de la Sociología Ambiental, Riley Dunlap, la conciencia ambiental se define como “el grado en el [&hellip;]</p>
