{"id":1114,"date":"2019-06-19T09:16:06","date_gmt":"2019-06-19T09:16:06","guid":{"rendered":"https:\/\/www.upo.es\/investiga\/enredars\/?page_id=1114"},"modified":"2023-12-30T15:50:50","modified_gmt":"2023-12-30T14:50:50","slug":"hey-chicas-donde-estan-poeticas-de-accion-y-reaccion-del-genero-femenino-en-el-arte-colombiano-1980-2015","status":"publish","type":"page","link":"https:\/\/www.upo.es\/investiga\/enredars\/?page_id=1114","title":{"rendered":"Hey chicas! \u00bfD\u00f3nde est\u00e1n? Po\u00e9ticas de acci\u00f3n y reacci\u00f3n del g\u00e9nero femenino en el arte colombiano. 1980-2015."},"content":{"rendered":"<p>Bautista Santos, Sandra Patricia.\u00a0<em><a href=\"http:\/\/hdl.handle.net\/10433\/6529\">Hey chicas! \u00bfD\u00f3nde est\u00e1n? Po\u00e9ticas de acci\u00f3n y reacci\u00f3n del g\u00e9nero femenino en el arte colombiano. 1980-2015.<\/a><\/em>, Sevilla, Cuadernos del Aula, 2019.<\/p>\n","protected":false},"excerpt":{"rendered":"<p>Bautista Santos, Sandra Patricia.\u00a0Hey chicas! \u00bfD\u00f3nde est\u00e1n? Po\u00e9ticas de acci\u00f3n y reacci\u00f3n del g\u00e9nero femenino en el arte colombiano. 1980-2015.,[&#8230;]<\/p>\n","protected":false},"author":1,"featured_media":0,"parent":50,"menu_order":1,"comment_status":"closed","ping_status":"closed","template":"template-fullwidth.php","meta":{"footnotes":""},"_links":{"self":[{"href":"https:\/\/www.upo.es\/investiga\/enredars\/index.php?rest_route=\/wp\/v2\/pages\/1114"}],"collection":[{"href":"https:\/\/www.upo.es\/investiga\/enredars\/index.php?rest_route=\/wp\/v2\/pages"}],"about":[{"href":"https:\/\/www.upo.es\/investiga\/enredars\/index.php?rest_route=\/wp\/v2\/types\/page"}],"author":[{"embeddable":true,"href":"https:\/\/www.upo.es\/investiga\/enredars\/index.php?rest_route=\/wp\/v2\/users\/1"}],"replies":[{"embeddable":true,"href":"https:\/\/www.upo.es\/investiga\/enredars\/index.php?rest_route=%2Fwp%2Fv2%2Fcomments&post=1114"}],"version-history":[{"count":4,"href":"https:\/\/www.upo.es\/investiga\/enredars\/index.php?rest_route=\/wp\/v2\/pages\/1114\/revisions"}],"predecessor-version":[{"id":2717,"href":"https:\/\/www.upo.es\/investiga\/enredars\/index.php?rest_route=\/wp\/v2\/pages\/1114\/revisions\/2717"}],"up":[{"embeddable":true,"href":"https:\/\/www.upo.es\/investiga\/enredars\/index.php?rest_route=\/wp\/v2\/pages\/50"}],"wp:attachment":[{"href":"https:\/\/www.upo.es\/investiga\/enredars\/index.php?rest_route=%2Fwp%2Fv2%2Fmedia&parent=1114"}],"curies":[{"name":"wp","href":"https:\/\/api.w.org\/{rel}","templated":true}]}}