{"id":2793,"date":"2024-03-07T16:10:25","date_gmt":"2024-03-07T15:10:25","guid":{"rendered":"https:\/\/www.upo.es\/investiga\/enredars\/?page_id=2793"},"modified":"2024-03-07T16:13:39","modified_gmt":"2024-03-07T15:13:39","slug":"alarifes-ruiz-florindo-arquitectura-barroca-desde-fuentes-de-andalucia","status":"publish","type":"page","link":"https:\/\/www.upo.es\/investiga\/enredars\/?page_id=2793","title":{"rendered":"Alarifes Ruiz Florindo. Arquitectura barroca desde Fuentes de Andaluc\u00eda"},"content":{"rendered":"\n<h2 class=\"wp-block-heading\">Alarifes Ruiz Florindo. Arquitectura barroca desde Fuentes de Andaluc\u00eda<\/h2>\n\n\n\n<div class=\"wp-block-media-text is-stacked-on-mobile\" style=\"grid-template-columns:28% auto\"><figure class=\"wp-block-media-text__media\"><a href=\"https:\/\/rio.upo.es\/collections\/050a0f7e-bfef-43fd-818f-40adfcb5fc9e\"><img loading=\"lazy\" decoding=\"async\" width=\"591\" height=\"857\" src=\"https:\/\/www.upo.es\/investiga\/enredars\/wp-content\/uploads\/2024\/03\/Alarifes_portada.png\" alt=\"\" class=\"wp-image-2794 size-full\" srcset=\"https:\/\/www.upo.es\/investiga\/enredars\/wp-content\/uploads\/2024\/03\/Alarifes_portada.png 591w, https:\/\/www.upo.es\/investiga\/enredars\/wp-content\/uploads\/2024\/03\/Alarifes_portada-207x300.png 207w\" sizes=\"(max-width: 591px) 100vw, 591px\" \/><\/a><\/figure><div class=\"wp-block-media-text__content\">\n<p>Detalles del libro<\/p>\n\n\n\n<ul>\n<li>Autores: Andrea D\u00edaz Mattei, Francisco Ollero Lobato y Fernando Quiles Garc\u00eda<\/li>\n\n\n\n<li>Editoriales: Enredars Publicaciones y Diputaci\u00f3n de Sevilla<\/li>\n\n\n\n<li>2.\u00ba volumen de la colecci\u00f3n Visibilia<\/li>\n\n\n\n<li>ISBN: 978-84-7798-518-1<\/li>\n\n\n\n<li>A\u00f1o de publicaci\u00f3n: 2023\n<ul>\n<li><a href=\"https:\/\/rio.upo.es\/collections\/050a0f7e-bfef-43fd-818f-40adfcb5fc9e\">Acceder ahora al libro<\/a><\/li>\n<\/ul>\n<\/li>\n<\/ul>\n<\/div><\/div>\n\n\n\n<p><\/p>\n\n\n\n<p>D\u00edaz Mattei, Andrea, Ollero Lobato,  Francisco y  Quiles Garc\u00eda, Fernando.&nbsp;<em><a href=\"https:\/\/rio.upo.es\/collections\/050a0f7e-bfef-43fd-818f-40adfcb5fc9e\">Alarifes Ruiz Florindo. Arquitectura barroca desde Fuentes de Andaluc\u00eda<\/a><\/em>. Vol. 2. Sevilla, Enredars, Universidad Pablo de Olavide, y Diputaci\u00f3n de Sevilla, 2023. ISBN: 978-84-7798-518-1.<\/p>\n","protected":false},"excerpt":{"rendered":"<p>Alarifes Ruiz Florindo. Arquitectura barroca desde Fuentes de Andaluc\u00eda D\u00edaz Mattei, Andrea, Ollero Lobato, Francisco y Quiles Garc\u00eda, Fernando.&nbsp;Alarifes Ruiz[&#8230;]<\/p>\n","protected":false},"author":1,"featured_media":0,"parent":0,"menu_order":0,"comment_status":"closed","ping_status":"closed","template":"elementor_header_footer","meta":{"footnotes":""},"_links":{"self":[{"href":"https:\/\/www.upo.es\/investiga\/enredars\/index.php?rest_route=\/wp\/v2\/pages\/2793"}],"collection":[{"href":"https:\/\/www.upo.es\/investiga\/enredars\/index.php?rest_route=\/wp\/v2\/pages"}],"about":[{"href":"https:\/\/www.upo.es\/investiga\/enredars\/index.php?rest_route=\/wp\/v2\/types\/page"}],"author":[{"embeddable":true,"href":"https:\/\/www.upo.es\/investiga\/enredars\/index.php?rest_route=\/wp\/v2\/users\/1"}],"replies":[{"embeddable":true,"href":"https:\/\/www.upo.es\/investiga\/enredars\/index.php?rest_route=%2Fwp%2Fv2%2Fcomments&post=2793"}],"version-history":[{"count":7,"href":"https:\/\/www.upo.es\/investiga\/enredars\/index.php?rest_route=\/wp\/v2\/pages\/2793\/revisions"}],"predecessor-version":[{"id":2803,"href":"https:\/\/www.upo.es\/investiga\/enredars\/index.php?rest_route=\/wp\/v2\/pages\/2793\/revisions\/2803"}],"wp:attachment":[{"href":"https:\/\/www.upo.es\/investiga\/enredars\/index.php?rest_route=%2Fwp%2Fv2%2Fmedia&parent=2793"}],"curies":[{"name":"wp","href":"https:\/\/api.w.org\/{rel}","templated":true}]}}

Alarifes Ruiz Florindo. Arquitectura barroca desde Fuentes de Andalucía

<h2 class="wp-block-heading">Alarifes Ruiz Florindo. Arquitectura barroca desde Fuentes de Andalucía</h2>



<div class="wp-block-media-text is-stacked-on-mobile" style="grid-template-columns:28% auto"><figure class="wp-block-media-text__media"><a href="https://rio.upo.es/collections/050a0f7e-bfef-43fd-818f-40adfcb5fc9e"><img loading="lazy" decoding="async" width="591" height="857" src="https://www.upo.es/investiga/enredars/wp-content/uploads/2024/03/Alarifes_portada.png" alt="" class="wp-image-2794 size-full" srcset="https://www.upo.es/investiga/enredars/wp-content/uploads/2024/03/Alarifes_portada.png 591w, https://www.upo.es/investiga/enredars/wp-content/uploads/2024/03/Alarifes_portada-207x300.png 207w" sizes="(max-width: 591px) 100vw, 591px" /></a></figure><div class="wp-block-media-text__content">
<p>Detalles del libro</p>



<ul>
<li>Autores: Andrea Díaz Mattei, Francisco Ollero Lobato y Fernando Quiles García</li>



<li>Editoriales: Enredars Publicaciones y Diputación de Sevilla</li>



<li>2.º volumen de la colección Visibilia</li>



<li>ISBN: 978-84-7798-518-1</li>



<li>Año de publicación: 2023
<ul>
<li><a href="https://rio.upo.es/collections/050a0f7e-bfef-43fd-818f-40adfcb5fc9e">Acceder ahora al libro</a></li>
</ul>
</li>
</ul>
</div></div>



<p></p>



<p>Díaz Mattei, Andrea, Ollero Lobato,  Francisco y  Quiles García, Fernando.&nbsp;<em><a href="https://rio.upo.es/collections/050a0f7e-bfef-43fd-818f-40adfcb5fc9e">Alarifes Ruiz Florindo. Arquitectura barroca desde Fuentes de Andalucía</a></em>. Vol. 2. Sevilla, Enredars, Universidad Pablo de Olavide, y Diputación de Sevilla, 2023. ISBN: 978-84-7798-518-1.</p>

<p>Alarifes Ruiz Florindo. Arquitectura barroca desde Fuentes de Andalucía Díaz Mattei, Andrea, Ollero Lobato, Francisco y Quiles García, Fernando.&nbsp;Alarifes Ruiz[&#8230;]</p>
