{"id":304,"date":"2017-04-01T13:56:04","date_gmt":"2017-04-01T13:56:04","guid":{"rendered":"https:\/\/www.upo.es\/investiga\/enredars\/?page_id=304"},"modified":"2024-11-08T12:00:01","modified_gmt":"2024-11-08T11:00:01","slug":"matriz-enredars","status":"publish","type":"page","link":"https:\/\/www.upo.es\/investiga\/enredars\/?page_id=304","title":{"rendered":"Matriz Enredars"},"content":{"rendered":"<p><a href=\"https:\/\/www.upo.es\/investiga\/enredars\/wp-content\/uploads\/2017\/04\/Enredars_presentaci\u00f3n.pdf\"><img loading=\"lazy\" decoding=\"async\" class=\"alignnone  wp-image-313\" src=\"https:\/\/www.upo.es\/investiga\/enredars\/wp-content\/uploads\/2017\/02\/Matriz-Enredars-300x233.png\" alt=\"\" width=\"382\" height=\"296\" srcset=\"https:\/\/www.upo.es\/investiga\/enredars\/wp-content\/uploads\/2017\/02\/Matriz-Enredars-300x233.png 300w, https:\/\/www.upo.es\/investiga\/enredars\/wp-content\/uploads\/2017\/02\/Matriz-Enredars-768x597.png 768w, https:\/\/www.upo.es\/investiga\/enredars\/wp-content\/uploads\/2017\/02\/Matriz-Enredars-1024x796.png 1024w, https:\/\/www.upo.es\/investiga\/enredars\/wp-content\/uploads\/2017\/02\/Matriz-Enredars.png 1387w\" sizes=\"(max-width: 382px) 100vw, 382px\" \/><img loading=\"lazy\" decoding=\"async\" class=\"alignnone  wp-image-316\" src=\"https:\/\/www.upo.es\/investiga\/enredars\/wp-content\/uploads\/2017\/04\/Matriz-Enredars-2-300x231.png\" alt=\"\" width=\"401\" height=\"309\" srcset=\"https:\/\/www.upo.es\/investiga\/enredars\/wp-content\/uploads\/2017\/04\/Matriz-Enredars-2-300x231.png 300w, https:\/\/www.upo.es\/investiga\/enredars\/wp-content\/uploads\/2017\/04\/Matriz-Enredars-2-768x591.png 768w, https:\/\/www.upo.es\/investiga\/enredars\/wp-content\/uploads\/2017\/04\/Matriz-Enredars-2-1024x789.png 1024w, https:\/\/www.upo.es\/investiga\/enredars\/wp-content\/uploads\/2017\/04\/Matriz-Enredars-2.png 1405w\" sizes=\"(max-width: 401px) 100vw, 401px\" \/><\/a><\/p>\n\n\n<p>La matriz de proyectos&nbsp;<em>En-Red-Ars<\/em>&nbsp;se ha creado atendiendo a una necesidad, la de concentrar bajo una marca \u00fanica un&nbsp;conjunto de iniciativas surgidas en el seno de la Universidad Pablo de Olavide, Sevilla (Espa\u00f1a). Primero fue el<em>&nbsp;Portal de Patrimonio Art\u00edstico Andaluz, \u201cVisibilia\u201d<\/em>, que se ha estado construyendo bajo los auspicios del gobierno aut\u00f3nomo. El segundo la&nbsp;<em>Red de Arquitectura Vern\u00e1cula Iberoamericana<\/em>, que se inici\u00f3 con la financiaci\u00f3n de la AECID. La gesti\u00f3n eficaz de ambos proyectos y su&nbsp;proyecci\u00f3n en las redes sociales nos llev\u00f3 a la puesta en marcha&nbsp;de la estructura en<em>&nbsp;cluster<\/em>.<\/p>\n\n\n\n<p>La plataforma web&nbsp;<em>Enredars<\/em>, como escaparate de la matriz y todos su desarrollo, tiene un cometido eminentemente informativo. Existe un plan de futuro con una amplia oferta de productos culturales, tal como puede verse en la web (http:\/\/enredars.org\/). Por el momento se trabaja en el dise\u00f1o de un programa editorial, del que a continuaci\u00f3n damos noticia.<\/p>\n","protected":false},"excerpt":{"rendered":"<p>La matriz de proyectos&nbsp;En-Red-Ars&nbsp;se ha creado atendiendo a una necesidad, la de concentrar bajo una marca \u00fanica un&nbsp;conjunto de iniciativas[&#8230;]<\/p>\n","protected":false},"author":1,"featured_media":0,"parent":30,"menu_order":0,"comment_status":"closed","ping_status":"closed","template":"template-centered.php","meta":{"footnotes":""},"_links":{"self":[{"href":"https:\/\/www.upo.es\/investiga\/enredars\/index.php?rest_route=\/wp\/v2\/pages\/304"}],"collection":[{"href":"https:\/\/www.upo.es\/investiga\/enredars\/index.php?rest_route=\/wp\/v2\/pages"}],"about":[{"href":"https:\/\/www.upo.es\/investiga\/enredars\/index.php?rest_route=\/wp\/v2\/types\/page"}],"author":[{"embeddable":true,"href":"https:\/\/www.upo.es\/investiga\/enredars\/index.php?rest_route=\/wp\/v2\/users\/1"}],"replies":[{"embeddable":true,"href":"https:\/\/www.upo.es\/investiga\/enredars\/index.php?rest_route=%2Fwp%2Fv2%2Fcomments&post=304"}],"version-history":[{"count":6,"href":"https:\/\/www.upo.es\/investiga\/enredars\/index.php?rest_route=\/wp\/v2\/pages\/304\/revisions"}],"predecessor-version":[{"id":2911,"href":"https:\/\/www.upo.es\/investiga\/enredars\/index.php?rest_route=\/wp\/v2\/pages\/304\/revisions\/2911"}],"up":[{"embeddable":true,"href":"https:\/\/www.upo.es\/investiga\/enredars\/index.php?rest_route=\/wp\/v2\/pages\/30"}],"wp:attachment":[{"href":"https:\/\/www.upo.es\/investiga\/enredars\/index.php?rest_route=%2Fwp%2Fv2%2Fmedia&parent=304"}],"curies":[{"name":"wp","href":"https:\/\/api.w.org\/{rel}","templated":true}]}}