{"id":3161,"date":"2025-12-19T08:57:52","date_gmt":"2025-12-19T07:57:52","guid":{"rendered":"https:\/\/www.upo.es\/investiga\/enredars\/?page_id=3161"},"modified":"2026-01-14T15:21:31","modified_gmt":"2026-01-14T14:21:31","slug":"cartografia-de-palabras-los-territorios-sublimes-de-las-culturas-originarias","status":"publish","type":"page","link":"https:\/\/www.upo.es\/investiga\/enredars\/?page_id=3161","title":{"rendered":"Cartograf\u00eda de palabras: Los territorios sublimes de las culturas originarias"},"content":{"rendered":"\n<h2 class=\"wp-block-heading\">Cartograf\u00eda de palabras: Los territorios sublimes de las culturas originarias<\/h2>\n\n\n\n<div class=\"wp-block-media-text is-stacked-on-mobile\" style=\"grid-template-columns:26% auto\"><figure class=\"wp-block-media-text__media\"><a href=\"https:\/\/rio.upo.es\/collections\/d00211f1-7e8a-4af2-9cf6-948942ec17f2\"><img loading=\"lazy\" decoding=\"async\" width=\"436\" height=\"618\" src=\"https:\/\/www.upo.es\/investiga\/enredars\/wp-content\/uploads\/2025\/12\/Cartografia_portada.jpg\" alt=\"\" class=\"wp-image-3160 size-full\" srcset=\"https:\/\/www.upo.es\/investiga\/enredars\/wp-content\/uploads\/2025\/12\/Cartografia_portada.jpg 436w, https:\/\/www.upo.es\/investiga\/enredars\/wp-content\/uploads\/2025\/12\/Cartografia_portada-212x300.jpg 212w\" sizes=\"(max-width: 436px) 100vw, 436px\" \/><\/a><\/figure><div class=\"wp-block-media-text__content\">\n<p>Detalles del libro<\/p>\n\n\n\n<ul>\n<li>Coordinadores: Miriam Reyes Tovar e Isa\u00edas Daniel Hinojosa Flores<\/li>\n\n\n\n<li>Editoriales: Enredars Publicaciones y Ediciones Universidad Aut\u00f3noma de Chile<\/li>\n\n\n\n<li>14.\u00ba volumen de la colecci\u00f3n Culturas originarias<\/li>\n\n\n\n<li>ISBN: 978-84-09-75439-7<\/li>\n\n\n\n<li>A\u00f1o de publicaci\u00f3n: 2025<\/li>\n\n\n\n<li>N\u00famero de p\u00e1ginas: 253<\/li>\n<\/ul>\n\n\n\n<p><a href=\"https:\/\/rio.upo.es\/collections\/d00211f1-7e8a-4af2-9cf6-948942ec17f2\">Acceder ahora al libro<\/a><\/p>\n<\/div><\/div>\n\n\n\n<p><strong>El pensar, sentir y significar el territorio como elementos singulares de los pueblos originarios<\/strong><\/p>\n\n\n\n<p><a href=\"https:\/\/rio.upo.es\/entities\/publication\/0a4532a9-924b-43ac-8498-16c66ae926fa\">El sentir de una historia viva: Wirik\u00fata, el territorio sagrado de los Wixarit\u00e1ri<\/a>. Zulaica V\u00e1zquez, Alejandra; Cobilt Cruz, Elizabeth Cristina (Ediciones Universidad Aut\u00f3noma de Chile \/ Enredars-Universidad Pablo de Olavide, 2025).<\/p>\n\n\n\n<p><a href=\"https:\/\/rio.upo.es\/entities\/publication\/556ce367-95d3-491b-9af8-7f8302dc64f3\">La palabra y lo sublime en el valor territorial de la comunidad de San Jer\u00f3nimo Purench\u00e9cuaro, Michoac\u00e1n<\/a>. Reyes Tovar, Miriam (Ediciones Universidad Aut\u00f3noma de Chile \/ Enredars-Universidad Pablo de Olavide, 2025).<\/p>\n\n\n\n<p><a href=\"https:\/\/rio.upo.es\/entities\/publication\/fcc16c56-b725-4684-a9ea-4fec2b156867\">La comunidad como ente formativo m\u00e1s all\u00e1 de los espacios escolares tradicionales en localidades ind\u00edgenas<\/a>. \u00c1ngeles Mercado, Yuri (Ediciones Universidad Aut\u00f3noma de Chile \/ Enredars-Universidad Pablo de Olavide, 2025).<\/p>\n\n\n\n<p><strong>Simbolismos alternos: la comunidad como elemento de sinergias en la otredad<\/strong><\/p>\n\n\n\n<p><a href=\"https:\/\/rio.upo.es\/entities\/publication\/07a4d3a6-e2e1-4e9f-83a1-b30ec3fa277d\">El lenguaje ritual de los santos: geograf\u00eda de resistencia y reafirmaci\u00f3n E\u2019zar<\/a>. Ferro Vidal, Luis Enrique (Ediciones Universidad Aut\u00f3noma de Chile \/ Enredars-Universidad Pablo de Olavide, 2025).<\/p>\n\n\n\n<p><a href=\"https:\/\/rio.upo.es\/entities\/publication\/d4f178fa-9f97-46bf-a6c3-5df6f6e75d89\">Patrimonio en contextos urbanos y construcci\u00f3n de narrativas identitarias de la nostalgia y la fragmentaci\u00f3n en Tlalnepantla, M\u00e9xico<\/a>. Mu\u00f1oz Ar\u00e9yzaga, Er\u00e9ndira (Ediciones Universidad Aut\u00f3noma de Chile \/ Enredars-Universidad Pablo de Olavide, 2025).<\/p>\n\n\n\n<p><a href=\"https:\/\/rio.upo.es\/entities\/publication\/d4fed632-9dd0-47b7-a445-0de0ffa60685\">Continuidades historiogr\u00e1ficas y procesos identitarios en im\u00e1genes del territorio ral\u00e1muli en Chihuahua, M\u00e9xico: Di\u00e1logos entre fotograf\u00edas de Carl Lumholtz y registros visuales de inicios del siglo XXI<\/a>. Mac\u00edas, Eugenia (Ediciones Universidad Aut\u00f3noma de Chile \/ Enredars-Universidad Pablo de Olavide, 2025).<\/p>\n\n\n\n<p><strong>Cartograf\u00edas sublimes de la agricultura en la vida cotidiana del territorio de las culturas originarias<\/strong><\/p>\n\n\n\n<p><a href=\"https:\/\/rio.upo.es\/entities\/publication\/1647db32-38bf-48ba-8cec-e2af45302fa7\">Los Solares: espacios para lograr la soberan\u00eda alimentaria en la Pen\u00ednsula de Yucat\u00e1n, M\u00e9xico<\/a>. Chi Quej, Jes\u00fas (Ediciones Universidad Aut\u00f3noma de Chile \/ Enredars-Universidad Pablo de Olavide, 2025).<\/p>\n\n\n\n<p><a href=\"https:\/\/rio.upo.es\/entities\/publication\/0bedf8d3-7410-4f6d-bcf0-77b489049d74\">El Territorio del Totonacapan Poblano y su devenir hist\u00f3rico a partir de la producci\u00f3n cafetalera<\/a>. Ortega Hern\u00e1ndez, Alejandro; Le\u00f3n Andrade, Maril\u00fa; Reyes Tovar, Miriam (Ediciones Universidad Aut\u00f3noma de Chile \/ Enredars-Universidad Pablo de Olavide, 2025).<\/p>\n\n\n\n<p><a href=\"https:\/\/rio.upo.es\/entities\/publication\/3b8a6a93-65ed-4ad9-b044-3705549a94e1\">Desarrollo de la empresa forestal comunitaria en Pueblos Mancomunados: g\u00e9nesis y desaf\u00edos organizacionales en los pueblos originarios en torno al manejo forestal<\/a>. Hinojosa Flores, Isa\u00edas Daniel; Paz Frayre, Miguel \u00c1ngel (Ediciones Universidad Aut\u00f3noma de Chile \/ Enredars-Universidad Pablo de Olavide, 2025).<\/p>\n\n\n\n<p><strong>La importancia del valor comunitario como sentido de pervivencia y defensa del territorio<\/strong><\/p>\n\n\n\n<p><a href=\"https:\/\/rio.upo.es\/entities\/publication\/22aa6c8d-e823-4453-97ee-8f5ccf7fbd85\">El desplazamiento forzado de las comunidades ind\u00edgenas en M\u00e9xico: la importancia del territorio ante el impacto de empresas de energ\u00eda renovable<\/a>. Rodr\u00edguez Cruz, Luis Alejandro (Ediciones Universidad Aut\u00f3noma de Chile \/ Enredars-Universidad Pablo de Olavide, 2025).<\/p>\n\n\n\n<p><a href=\"https:\/\/rio.upo.es\/entities\/publication\/3c14ca32-a6ae-44c2-92c5-75c96167dd01\">Apropiaci\u00f3n social del territorio por los habitantes de Huehuetlan, el Grande, en el Tentzo Puebla<\/a>. Blanco Jaspeado, Juan Arturo; Ortega Hern\u00e1ndez, Alejandro; Le\u00f3n Andrade, Maril\u00fa (Ediciones Universidad Aut\u00f3noma de Chile \/ Enredars-Universidad Pablo de Olavide, 2025).<\/p>\n\n\n\n<p><a href=\"https:\/\/rio.upo.es\/entities\/publication\/1c25013d-9d21-4ebf-901c-9ebb303f3df9\">El uso del suelo desde el conocimiento ecol\u00f3gico tradicional en una comunidad zoque de Chiapas M\u00e9xico<\/a>. Elihu-Arriola, Atzin; G\u00f3mez Galindo, Alma Adrianna; Olalde Portugal, V\u00edctor (Ediciones Universidad Aut\u00f3noma de Chile \/ Enredars-Universidad Pablo de Olavide, 2025).<\/p>\n\n\n\n<p><\/p>\n\n\n\n<p><\/p>\n\n\n\n<p>Reyes Tovar, Miriam; Hinojosa Flores, Isa\u00edas Daniel (coords.). <em><a href=\"https:\/\/rio.upo.es\/entities\/publication\/ada88057-da88-48ab-ab3e-03d8cdcfb627\">Cartograf\u00eda de palabras, sentidos y vida: Los territorios sublimes de las culturas originarias<\/a><\/em>. Vol. XIV. Santiago de Chile: Ediciones Universidad Aut\u00f3noma de Chile; Sevilla: Enredars-Universidad Pablo de Olavide, 2025. ISBN: 978-84-09-75439-7.<\/p>\n","protected":false},"excerpt":{"rendered":"<p>Cartograf\u00eda de palabras: Los territorios sublimes de las culturas originarias El pensar, sentir y significar el territorio como elementos singulares[&#8230;]<\/p>\n","protected":false},"author":1,"featured_media":0,"parent":0,"menu_order":0,"comment_status":"closed","ping_status":"closed","template":"elementor_header_footer","meta":{"footnotes":""},"_links":{"self":[{"href":"https:\/\/www.upo.es\/investiga\/enredars\/index.php?rest_route=\/wp\/v2\/pages\/3161"}],"collection":[{"href":"https:\/\/www.upo.es\/investiga\/enredars\/index.php?rest_route=\/wp\/v2\/pages"}],"about":[{"href":"https:\/\/www.upo.es\/investiga\/enredars\/index.php?rest_route=\/wp\/v2\/types\/page"}],"author":[{"embeddable":true,"href":"https:\/\/www.upo.es\/investiga\/enredars\/index.php?rest_route=\/wp\/v2\/users\/1"}],"replies":[{"embeddable":true,"href":"https:\/\/www.upo.es\/investiga\/enredars\/index.php?rest_route=%2Fwp%2Fv2%2Fcomments&post=3161"}],"version-history":[{"count":2,"href":"https:\/\/www.upo.es\/investiga\/enredars\/index.php?rest_route=\/wp\/v2\/pages\/3161\/revisions"}],"predecessor-version":[{"id":3191,"href":"https:\/\/www.upo.es\/investiga\/enredars\/index.php?rest_route=\/wp\/v2\/pages\/3161\/revisions\/3191"}],"wp:attachment":[{"href":"https:\/\/www.upo.es\/investiga\/enredars\/index.php?rest_route=%2Fwp%2Fv2%2Fmedia&parent=3161"}],"curies":[{"name":"wp","href":"https:\/\/api.w.org\/{rel}","templated":true}]}}