{"id":3168,"date":"2026-01-07T17:19:13","date_gmt":"2026-01-07T16:19:13","guid":{"rendered":"https:\/\/www.upo.es\/investiga\/enredars\/?page_id=3168"},"modified":"2026-01-07T17:19:13","modified_gmt":"2026-01-07T16:19:13","slug":"tardes-de-historia-en-el-archivo-historico-provincial-de-sevilla-2022-2023","status":"publish","type":"page","link":"https:\/\/www.upo.es\/investiga\/enredars\/?page_id=3168","title":{"rendered":"Tardes de Historia en el Archivo Hist\u00f3rico Provincial de Sevilla (2022-2023)"},"content":{"rendered":"\n<h2 class=\"wp-block-heading\">Tardes de Historia en el Archivo Hist\u00f3rico Provincial de Sevilla (2022-2023)<\/h2>\n\n\n\n<div class=\"wp-block-media-text is-stacked-on-mobile\" style=\"grid-template-columns:32% auto\"><figure class=\"wp-block-media-text__media\"><a href=\"https:\/\/rio.upo.es\/collections\/6b7e88ff-1d81-487c-8b4b-66afdf1e17ca\"><img loading=\"lazy\" decoding=\"async\" width=\"440\" height=\"641\" src=\"https:\/\/www.upo.es\/investiga\/enredars\/wp-content\/uploads\/2026\/01\/Tardes_portada.jpg\" alt=\"\" class=\"wp-image-3167 size-full\" srcset=\"https:\/\/www.upo.es\/investiga\/enredars\/wp-content\/uploads\/2026\/01\/Tardes_portada.jpg 440w, https:\/\/www.upo.es\/investiga\/enredars\/wp-content\/uploads\/2026\/01\/Tardes_portada-206x300.jpg 206w\" sizes=\"(max-width: 440px) 100vw, 440px\" \/><\/a><\/figure><div class=\"wp-block-media-text__content\">\n<p>Detalles del libro<\/p>\n\n\n\n<ul>\n<li>Coordinador: Braulio V\u00e1zquez Campos<\/li>\n\n\n\n<li>Editoriales: Enredars Publicaciones y Roma Tre Press<\/li>\n\n\n\n<li>1.\u00ba volumen de la colecci\u00f3n Archivo Abierto<\/li>\n\n\n\n<li>ISBN: 978-84-09-73242-5<\/li>\n\n\n\n<li>A\u00f1o de publicaci\u00f3n: 2025<\/li>\n\n\n\n<li>N\u00famero de p\u00e1ginas: 180<\/li>\n<\/ul>\n\n\n\n<p><a href=\"https:\/\/rio.upo.es\/collections\/6b7e88ff-1d81-487c-8b4b-66afdf1e17ca\">Acceder ahora al libro<\/a><\/p>\n<\/div><\/div>\n\n\n\n<p><\/p>\n\n\n\n<p><a href=\"https:\/\/rio.upo.es\/entities\/publication\/25343a4e-285e-4655-a42b-4afbc724ac82\">\u00abHa dicho e publicado que me ha de matar\u00bb: Violencia contra la mujer y divorcio en la Sevilla del siglo XVI<\/a>. Tinajero M\u00e1rquez, Laura (Roma Tre Press \/ Enredars &#8211; UPO, 2025).<\/p>\n\n\n\n<p><a href=\"https:\/\/rio.upo.es\/entities\/publication\/6743aa3d-fb40-4965-9a64-95cfaac63112\">La exploraci\u00f3n ib\u00e9rica de Australia a trav\u00e9s de sus mapas y documentos (siglos XVI-XVIII)<\/a>. Font Gavira, Carlos A. (Roma Tre Press \/ Enredars &#8211; UPO, 2025).<\/p>\n\n\n\n<p><a href=\"https:\/\/rio.upo.es\/entities\/publication\/ddf4d87b-6dfe-4f37-91c0-0e59a83ab214\">La Gran Peste de 1649 en Dos Hermanas a trav\u00e9s de los protocolos notariales<\/a>. Barbero Rodr\u00edguez, Jes\u00fas (Roma Tre Press \/ Enredars &#8211; UPO, 2025).<\/p>\n\n\n\n<p><a href=\"https:\/\/rio.upo.es\/entities\/publication\/049d7796-7b8f-4366-9036-baa31361b4d7\">Las fundaciones de mayorazgos y los procesos judiciales custodiados en el Archivo Hist\u00f3rico Provincial de Sevilla. Una ventana a las relaciones y tensiones sociofamiliares en la Edad Moderna<\/a>. Melero Mu\u00f1oz, Isabel M.\u00aa (Roma Tre Press \/ Enredars &#8211; UPO, 2025)<\/p>\n\n\n\n<p><a href=\"https:\/\/rio.upo.es\/entities\/publication\/4e5adc76-4448-47c8-8d8f-b9b04739d1db\">Posesi\u00f3n y consumo de bienes asi\u00e1ticos en Sevilla a inicios del siglo XVII a trav\u00e9s de fuentes notariales<\/a>. Molero Garc\u00eda, Jes\u00fas (Roma Tre Press \/ Enredars &#8211; UPO, 2025).<\/p>\n\n\n\n<p><a href=\"https:\/\/rio.upo.es\/entities\/publication\/5933dff3-4b6f-46a4-8d78-fe74e240b142\">Pan y conflicto: los panaderos de Alcal\u00e1 de Guada\u00edra y el abastecimiento de Sevilla en el siglo XVII<\/a>. Jim\u00e9nez S\u00e1nchez, Juan Jos\u00e9 (Roma Tre Press \/ Enredars &#8211; UPO, 2025).<\/p>\n\n\n\n<p><\/p>\n\n\n\n<p><\/p>\n\n\n\n<p>V\u00e1zquez Campos, Braulio (coord.). <em><a href=\"https:\/\/rio.upo.es\/entities\/publication\/ec3dedf5-a5ae-410d-b56a-079d5092d580\">Tardes de Historia en el Archivo Hist\u00f3rico Provincial de Sevilla (2022-2023)<\/a><\/em>. Roma: Roma Tre Press; Sevilla: Enredars &#8211; UPO, 2025.<\/p>\n","protected":false},"excerpt":{"rendered":"<p>Tardes de Historia en el Archivo Hist\u00f3rico Provincial de Sevilla (2022-2023) \u00abHa dicho e publicado que me ha de matar\u00bb:[&#8230;]<\/p>\n","protected":false},"author":1,"featured_media":0,"parent":0,"menu_order":0,"comment_status":"closed","ping_status":"closed","template":"elementor_header_footer","meta":{"footnotes":""},"_links":{"self":[{"href":"https:\/\/www.upo.es\/investiga\/enredars\/index.php?rest_route=\/wp\/v2\/pages\/3168"}],"collection":[{"href":"https:\/\/www.upo.es\/investiga\/enredars\/index.php?rest_route=\/wp\/v2\/pages"}],"about":[{"href":"https:\/\/www.upo.es\/investiga\/enredars\/index.php?rest_route=\/wp\/v2\/types\/page"}],"author":[{"embeddable":true,"href":"https:\/\/www.upo.es\/investiga\/enredars\/index.php?rest_route=\/wp\/v2\/users\/1"}],"replies":[{"embeddable":true,"href":"https:\/\/www.upo.es\/investiga\/enredars\/index.php?rest_route=%2Fwp%2Fv2%2Fcomments&post=3168"}],"version-history":[{"count":1,"href":"https:\/\/www.upo.es\/investiga\/enredars\/index.php?rest_route=\/wp\/v2\/pages\/3168\/revisions"}],"predecessor-version":[{"id":3170,"href":"https:\/\/www.upo.es\/investiga\/enredars\/index.php?rest_route=\/wp\/v2\/pages\/3168\/revisions\/3170"}],"wp:attachment":[{"href":"https:\/\/www.upo.es\/investiga\/enredars\/index.php?rest_route=%2Fwp%2Fv2%2Fmedia&parent=3168"}],"curies":[{"name":"wp","href":"https:\/\/api.w.org\/{rel}","templated":true}]}}