{"id":424,"date":"2018-01-19T17:52:15","date_gmt":"2018-01-19T17:52:15","guid":{"rendered":"https:\/\/www.upo.es\/investiga\/enredars\/?page_id=424"},"modified":"2023-12-30T17:17:44","modified_gmt":"2023-12-30T16:17:44","slug":"acervo-mexicano-legado-de-culturas","status":"publish","type":"page","link":"https:\/\/www.upo.es\/investiga\/enredars\/?page_id=424","title":{"rendered":"Acervo Mexicano &#8211; Legado de culturas"},"content":{"rendered":"<p><a href=\"http:\/\/hdl.handle.net\/10433\/5410\">Pr\u00f3logo: Invitaci\u00f3n al lector. Legado de culturas.<\/a><br \/>\nFrancisco Vidargas (Direcci\u00f3n de Patrimonio Mundial, INAH, M\u00e9xico)<\/p>\n<p><a href=\"http:\/\/hdl.handle.net\/10433\/5197\">Al maestro Jorge Alberto Manrique.<\/a><br \/>\nRafael C\u00f3mez (Universidad de Sevilla) y Francisco Vidargas (ICOMOS Portugal)<\/p>\n<p><a href=\"http:\/\/hdl.handle.net\/10433\/5182\">El salomonismo en la Nueva Espa\u00f1a: soportes, espacio y urbanismo.<\/a><br \/>\nMartha Fern\u00e1ndez (Instituto de Investigaciones Est\u00e9ticas, UNAM, M\u00e9xico)<\/p>\n<p><a href=\"http:\/\/hdl.handle.net\/10433\/5181\">Los templos parroquiales y su simbolismo en la capital novohispana.<\/a><br \/>\nChristian Miguel Ru\u00edz Rodr\u00edguez\u00a0(Instituto Polit\u00e9cnico Nacional, M\u00e9xico)<\/p>\n<p><a href=\"http:\/\/hdl.handle.net\/10433\/5180\">Acervo ef\u00edmero: libros, estampas y arquitecturas entre Espa\u00f1a y M\u00e9xico.<\/a><br \/>\nInmaculada Rodr\u00edguez Moya\u00a0(Universitat Jaume I de Castell\u00f3n, Espa\u00f1a)<\/p>\n<p><a href=\"http:\/\/hdl.handle.net\/10433\/5179\">Donantes y patronos de las misiones jesuitas de la Antigua California (1697-1768). Un estudio de caso: la familia del marqu\u00e9s de Villapuente.<\/a><br \/>\nMar\u00eda del Mar\u00a0Mu\u00f1oz Gonz\u00e1lez (Universidad Pablo de Olavide, Sevilla, Espa\u00f1a)<\/p>\n<p><a href=\"http:\/\/hdl.handle.net\/10433\/5178\">Conservaci\u00f3n arquitect\u00f3nica en el centro hist\u00f3rico de la ciudad de Puebla (M\u00e9xico).<\/a><br \/>\n\u00c1ngel Mar\u00edn-Berral (Universidad de Sevilla, Espa\u00f1a)<\/p>\n<p><a href=\"http:\/\/hdl.handle.net\/10433\/5177\">Conservaci\u00f3n del patrimonio vs turismo cultural: Las ciudades Patrimonio y los Pueblos M\u00e1gicos. El caso del estado de Puebla (M\u00e9xico).<\/a><br \/>\nJosefina\u00a0Manjarrez Rosas (Benem\u00e9rita Universidad Aut\u00f3noma de Puebla, M\u00e9xico)<\/p>\n<p><a href=\"http:\/\/hdl.handle.net\/10433\/5176\">Conservaci\u00f3n del patrimonio hacendario de la regi\u00f3n Laja-Baj\u00edo, en el estado de Guanajuato, M\u00e9xico.<\/a><br \/>\nLibia Pati\u00f1o Ojeda (Municipio de Celaya, Gto., M\u00e9xico)<\/p>\n<p><a href=\"http:\/\/hdl.handle.net\/10433\/5175\">Creatividad: un mecanismo de empoderamiento comunitario para la conservaci\u00f3n del patrimonio.<\/a><br \/>\nMar\u00eda Teresa\u00a0Cordeiro Mej\u00eda (Consultora Internacional en Gesti\u00f3n Cultural)<\/p>\n<p><a href=\"http:\/\/hdl.handle.net\/10433\/5174\">Objetos prehisp\u00e1nicos fuera de M\u00e9xico. Un an\u00e1lisis de la p\u00e9rdida patrimonial a trav\u00e9s de varios casos.<\/a><br \/>\nZara\u00a0Ruiz Romero (Universidad Pablo de Olavide, Sevilla, Espa\u00f1a)<\/p>\n<p><a href=\"http:\/\/hdl.handle.net\/10433\/5173\">La blusa de Tlahuitoltepec Xaam n\u00efxuy es identidad.<\/a><br \/>\nMar\u00eda del Carmen\u00a0Castillo Cisneros (Instituto Nacional de Antropolog\u00eda e Historia, INAH-Oaxaca, M\u00e9xico)<\/p>\n<p><a href=\"http:\/\/hdl.handle.net\/10433\/5170\">Maleta did\u00e1ctica para reconstruir la Historia de M\u00e9xico. Un recurso para la interpretaci\u00f3n del patrimonio.<\/a><br \/>\nPatricia Torres\u00a0Aguilar Ugarte (Colaboradora en Nodo-Cultura, M\u00e9xico y docente en el Instituto Mexicano de Conservaci\u00f3n y Restauraci\u00f3n)<\/p>\n<p><a href=\"http:\/\/hdl.handle.net\/10433\/5169\">La cordillera de El Tentzon, casa del diablo y lugar para pedir la lluvia. Una breve aproximaci\u00f3n a la tradici\u00f3n oral de Atoyatempan (Puebla-M\u00e9xico).<\/a><br \/>\nBerenize\u00a0Galicia Isasmendi (Benem\u00e9rita Universidad Aut\u00f3noma de Puebla, M\u00e9xico)<\/p>\n<p><a href=\"http:\/\/hdl.handle.net\/10433\/5168\">La casa grande del pueblo: Hacienda de San Antonio Matute (Jalisco, M\u00e9xico).<\/a><br \/>\nCarp\u00f3foro\u00a0Rivero Silva (Universidad de Guadalajara, M\u00e9xico)<\/p>\n<p><a href=\"http:\/\/hdl.handle.net\/10433\/5167\">Cosmogon\u00eda de los wixaritari a trav\u00e9s de un nierika.<\/a><br \/>\nBeatriz\u00a0Carrera Maldonado (Instituto Zacatecano de Cultura \u201cRam\u00f3n L\u00f3pez Velarde\u201d, M\u00e9xico)<\/p>\n<p><a href=\"http:\/\/hdl.handle.net\/10433\/5172\">Reflexiones sobre el patrimonio art\u00edstico universitario. Historia de una colecci\u00f3n de arte diseminada.<\/a><br \/>\nErika\u00a0Gonz\u00e1lez Le\u00f3n\u00a0(Universidad Nacional Aut\u00f3noma de M\u00e9xico)<\/p>\n<p><a href=\"http:\/\/hdl.handle.net\/10433\/5171\">Proyecto \u201cEl Cuarente\u00f1o\u201d: Una propuesta de museo comunitario en un ejido cafetalero.<\/a><br \/>\nAnna Ximena\u00a0Salazar Gonz\u00e1lez (Universidad de Huelva, Espa\u00f1a)<\/p>\n<p><a href=\"http:\/\/hdl.handle.net\/10433\/5166\">Etnias del norte de M\u00e9xico: Sonora. Redescubriendo el territorio del desierto mexicano.<\/a><br \/>\nErika Shander Tamaura Torres \u00a0y\u00a0Grace Marlene\u00a0Rojas Borboa\u00a0(Instituto Tecnol\u00f3gico de Sonora, M\u00e9xico)<\/p>\n<p><a href=\"http:\/\/hdl.handle.net\/10433\/5165\">El juguete como patrimonio.<\/a><span class=\"Z3988\" title=\"ctx_ver=Z39.88-2004&amp;rft_val_fmt=info%3Aofi%2Ffmt%3Akev%3Amtx%3Adc&amp;rft_id=En+Galicia+Isasmendi%2C+Erika%3B+Quiles+Garc%C3%ADa%2C+Fernando%3B+Ruiz+Romero%2C+Zara+%28eds.%29.+Acervo+Mexicano.+Legado+de+culturas.+Colecci%C3%B3n+Acer-VOS.+Patrimonio+Cultural+Iberoamericano.+Sevilla%3A+Universidad+Pablo+de+Olavide%3B+Puebla%3A+Benem%C3%A9rita+Universidad+Aut%C3%B3noma+de+Puebla%2C+2017.&amp;rft_id=978-607-525-457-9&amp;rft_id=978-84-697-7608-7&amp;rft_id=http%3A%2F%2Fhdl.handle.net%2F10433%2F5165&amp;rfr_id=info%3Asid%2Fdspace.org%3Arepository&amp;\">\u00a0\u00a0<\/span><br \/>\nEsther Cuatzon Mora (Benem\u00e9rita Universidad Aut\u00f3noma de Puebla, M\u00e9xico)<\/p>\n<p><a href=\"http:\/\/hdl.handle.net\/10433\/5164\">Los otom\u00edes del semidesierto queretano: Arte, historia y ritualidad.<\/a><span class=\"Z3988\" title=\"ctx_ver=Z39.88-2004&amp;rft_val_fmt=info%3Aofi%2Ffmt%3Akev%3Amtx%3Adc&amp;rft_id=En+Galicia+Isasmendi%2C+Erika%3B+Quiles+Garc%C3%ADa%2C+Fernando%3B+Ruiz+Romero%2C+Zara+%28eds.%29.+Acervo+Mexicano.+Legado+de+culturas.+Colecci%C3%B3n+Acer-VOS.+Patrimonio+Cultural+Iberoamericano.+Sevilla%3A+Universidad+Pablo+de+Olavide%3B+Puebla%3A+Benem%C3%A9rita+Universidad+Aut%C3%B3noma+de+Puebla%2C+2017.&amp;rft_id=978-607-525-457-9&amp;rft_id=978-84-697-7608-7&amp;rft_id=http%3A%2F%2Fhdl.handle.net%2F10433%2F5164&amp;rfr_id=info%3Asid%2Fdspace.org%3Arepository&amp;\"><br \/>\n<\/span>Ana Laura Medina Manrique (Universidad Pablo de Olavide, Sevilla, Espa\u00f1a)<\/p>\n<p><a href=\"http:\/\/hdl.handle.net\/10433\/5163\">Artesanos y artesan\u00edas en Puebla, M\u00e9xico. 2000-2016.<\/a><span class=\"Z3988\" title=\"ctx_ver=Z39.88-2004&amp;rft_val_fmt=info%3Aofi%2Ffmt%3Akev%3Amtx%3Adc&amp;rft_id=En+Galicia+Isasmendi%2C+Erika%3B+Quiles+Garc%C3%ADa%2C+Fernando%3B+Ruiz+Romero%2C+Zara+%28eds.%29.+Acervo+Mexicano.+Legado+de+culturas.+Colecci%C3%B3n+Acer-VOS.+Patrimonio+Cultural+Iberoamericano.+Sevilla%3A+Universidad+Pablo+de+Olavide%3B+Puebla%3A+Benem%C3%A9rita+Universidad+Aut%C3%B3noma+de+Puebla%2C+2017.&amp;rft_id=978-607-525-457-9&amp;rft_id=978-84-697-7608-7&amp;rft_id=http%3A%2F%2Fhdl.handle.net%2F10433%2F5163&amp;rfr_id=info%3Asid%2Fdspace.org%3Arepository&amp;\">\u00a0\u00a0<\/span><br \/>\nErika Galicia Isasmendi (Benem\u00e9rita Universidad Aut\u00f3noma de Puebla, M\u00e9xico)<\/p>\n<p><a href=\"http:\/\/hdl.handle.net\/10433\/5159\">Cultura funeraria y cine en M\u00e9xico. Realidad, mito e iron\u00eda.<\/a><span class=\"Z3988\" title=\"ctx_ver=Z39.88-2004&amp;rft_val_fmt=info%3Aofi%2Ffmt%3Akev%3Amtx%3Adc&amp;rft_id=En+Galicia+Isasmendi%2C+Erika%3B+Quiles+Garc%C3%ADa%2C+Fernando%3B+Ruiz+Romero%2C+Zara+%28eds.%29.+Acervo+Mexicano.+Legado+de+culturas.+Colecci%C3%B3n+Acer-VOS.+Patrimonio+Cultural+Iberoamericano.+Sevilla%3A+Universidad+Pablo+de+Olavide%3B+Puebla%3A+Benem%C3%A9rita+Universidad+Aut%C3%B3noma+de+Puebla%2C+2017.&amp;rft_id=978-607-525-457-9&amp;rft_id=978-84-697-7608-7&amp;rft_id=http%3A%2F%2Fhdl.handle.net%2F10433%2F5159&amp;rfr_id=info%3Asid%2Fdspace.org%3Arepository&amp;\">\u00a0\u00a0<\/span><br \/>\nFlora Mora Aymerich (Programa de Doctorado en Historia y Artes, Universidad de Granada, Espa\u00f1a)<\/p>\n<p><a href=\"http:\/\/hdl.handle.net\/10433\/5158\">Hacer voz y cartograf\u00edas literarias en Ciudad Ju\u00e1rez.<\/a><span class=\"Z3988\" title=\"ctx_ver=Z39.88-2004&amp;rft_val_fmt=info%3Aofi%2Ffmt%3Akev%3Amtx%3Adc&amp;rft_id=En+Galicia+Isasmendi%2C+Erika%3B+Quiles+Garc%C3%ADa%2C+Fernando%3B+Ruiz+Romero%2C+Zara+%28eds.%29.+Acervo+Mexicano.+Legado+de+culturas.+Colecci%C3%B3n+Acer-VOS.+Patrimonio+Cultural+Iberoamericano.+Sevilla%3A+Universidad+Pablo+de+Olavide%3B+Puebla%3A+Benem%C3%A9rita+Universidad+Aut%C3%B3noma+de+Puebla%2C+2017.&amp;rft_id=978-607-525-457-9&amp;rft_id=978-84-697-7608-7&amp;rft_id=http%3A%2F%2Fhdl.handle.net%2F10433%2F5158&amp;rfr_id=info%3Asid%2Fdspace.org%3Arepository&amp;\">\u00a0\u00a0<\/span><br \/>\nCarlos Urani Montiel (Universidad Aut\u00f3noma de Ciudad Ju\u00e1rez, M\u00e9xico)<\/p>\n<p><a href=\"http:\/\/hdl.handle.net\/10433\/5157\">Familia, exhibici\u00f3n e identidad en la fotograf\u00eda mexicana actual. Un acercamiento desde la privacidad.<\/a><span class=\"Z3988\" title=\"ctx_ver=Z39.88-2004&amp;rft_val_fmt=info%3Aofi%2Ffmt%3Akev%3Amtx%3Adc&amp;rft_id=En+Galicia+Isasmendi%2C+Erika%3B+Quiles+Garc%C3%ADa%2C+Fernando%3B+Ruiz+Romero%2C+Zara+%28eds.%29.+Acervo+Mexicano.+Legado+de+culturas.+Colecci%C3%B3n+Acer-VOS.+Patrimonio+Cultural+Iberoamericano.+Sevilla%3A+Universidad+Pablo+de+Olavide%3B+Puebla%3A+Benem%C3%A9rita+Universidad+Aut%C3%B3noma+de+Puebla%2C+2017.&amp;rft_id=978-607-525-457-9&amp;rft_id=978-84-697-7608-7&amp;rft_id=http%3A%2F%2Fhdl.handle.net%2F10433%2F5157&amp;rfr_id=info%3Asid%2Fdspace.org%3Arepository&amp;\"><br \/>\n<\/span>Eunice Miranda Tapia (Universidad Pablo de Olavide, Sevilla, Espa\u00f1a)<\/p>\n<p><a href=\"http:\/\/hdl.handle.net\/10433\/5156\">La arquitectura del hierro en M\u00e9xico: el principio de la modernidad.<\/a><span class=\"Z3988\" title=\"ctx_ver=Z39.88-2004&amp;rft_val_fmt=info%3Aofi%2Ffmt%3Akev%3Amtx%3Adc&amp;rft_id=En+Galicia+Isasmendi%2C+Erika%3B+Quiles+Garc%C3%ADa%2C+Fernando%3B+Ruiz+Romero%2C+Zara+%28eds.%29.+Acervo+Mexicano.+Legado+de+culturas.+Colecci%C3%B3n+Acer-VOS.+Patrimonio+Cultural+Iberoamericano.+Sevilla%3A+Universidad+Pablo+de+Olavide%3B+Puebla%3A+Benem%C3%A9rita+Universidad+Aut%C3%B3noma+de+Puebla%2C+2017.&amp;rft_id=978-607-525-457-9&amp;rft_id=978-84-697-7608-7&amp;rft_id=http%3A%2F%2Fhdl.handle.net%2F10433%2F5156&amp;rfr_id=info%3Asid%2Fdspace.org%3Arepository&amp;\">\u00a0\u00a0<\/span><br \/>\nRoberta Vassallo (Universidad Iberoamericana, M\u00e9xico)<\/p>\n<p><a href=\"http:\/\/hdl.handle.net\/10433\/5155\">Historia del pabell\u00f3n mexicano en la Bienal de Venecia.<\/a><span class=\"Z3988\" title=\"ctx_ver=Z39.88-2004&amp;rft_val_fmt=info%3Aofi%2Ffmt%3Akev%3Amtx%3Adc&amp;rft_id=En+Galicia+Isasmendi%2C+Erika%3B+Quiles+Garc%C3%ADa%2C+Fernando%3B+Ruiz+Romero%2C+Zara+%28eds.%29.+Acervo+Mexicano.+Legado+de+culturas.+Colecci%C3%B3n+Acer-VOS.+Patrimonio+Cultural+Iberoamericano.+Sevilla%3A+Universidad+Pablo+de+Olavide%3B+Puebla%3A+Benem%C3%A9rita+Universidad+Aut%C3%B3noma+de+Puebla%2C+2017.&amp;rft_id=978-84-697-4117-7&amp;rft_id=978-607-525-457-9&amp;rft_id=http%3A%2F%2Fhdl.handle.net%2F10433%2F5155&amp;rfr_id=info%3Asid%2Fdspace.org%3Arepository&amp;\">\u00a0\u00a0<\/span><br \/>\nAlejandra Ortiz Casta\u00f1ares\u00a0(Universidad Pablo de Olavide, Sevilla, Espa\u00f1a)<\/p>\n<p><a href=\"http:\/\/hdl.handle.net\/10433\/5154\">El Pabell\u00f3n de M\u00e9xico: un an\u00e1lisis de su propuesta expositiva en la Expo\u201992.<\/a><span class=\"Z3988\" title=\"ctx_ver=Z39.88-2004&amp;rft_val_fmt=info%3Aofi%2Ffmt%3Akev%3Amtx%3Adc&amp;rft_id=En+Galicia+Isasmendi%2C+Erika%3B+Quiles+Garc%C3%ADa%2C+Fernando%3B+Ruiz+Romero%2C+Zara+%28eds.%29.+Acervo+Mexicano.+Legado+de+culturas.+Colecci%C3%B3n+Acer-VOS.+Patrimonio+Cultural+Iberoamericano.+Sevilla%3A+Universidad+Pablo+de+Olavide%3B+Puebla%3A+Benem%C3%A9rita+Universidad+Aut%C3%B3noma+de+Puebla%2C+2017.&amp;rft_id=978-84-697-7608-7&amp;rft_id=978-607-525-457-9&amp;rft_id=http%3A%2F%2Fhdl.handle.net%2F10433%2F5154&amp;rfr_id=info%3Asid%2Fdspace.org%3Arepository&amp;\">\u00a0\u00a0<\/span><br \/>\nSara Velasco Morales (Universidad Pablo de Olavide, Sevilla, Espa\u00f1a)<\/p>\n<p style=\"text-align: right;\"><em>Publicaci\u00f3n<\/em><\/p>\n<p>Galicia Isasmendi, Erika;\u00a0Quiles Garc\u00eda, Fernando;\u00a0Ruiz Romero, Zara (eds.).\u00a0<a href=\"http:\/\/hdl.handle.net\/10433\/5411\"><em>Acervo Mexicano. Legado de culturas.\u00a0<\/em><\/a>Sevilla,\u00a0Acer-VOS. Patrimonio Cultural Iberoamericano, 2017.<\/p>\n","protected":false},"excerpt":{"rendered":"<p>Pr\u00f3logo: Invitaci\u00f3n al lector. Legado de culturas. Francisco Vidargas (Direcci\u00f3n de Patrimonio Mundial, INAH, M\u00e9xico) Al maestro Jorge Alberto Manrique.[&#8230;]<\/p>\n","protected":false},"author":1,"featured_media":0,"parent":46,"menu_order":4,"comment_status":"closed","ping_status":"closed","template":"template-fullwidth.php","meta":{"footnotes":""},"_links":{"self":[{"href":"https:\/\/www.upo.es\/investiga\/enredars\/index.php?rest_route=\/wp\/v2\/pages\/424"}],"collection":[{"href":"https:\/\/www.upo.es\/investiga\/enredars\/index.php?rest_route=\/wp\/v2\/pages"}],"about":[{"href":"https:\/\/www.upo.es\/investiga\/enredars\/index.php?rest_route=\/wp\/v2\/types\/page"}],"author":[{"embeddable":true,"href":"https:\/\/www.upo.es\/investiga\/enredars\/index.php?rest_route=\/wp\/v2\/users\/1"}],"replies":[{"embeddable":true,"href":"https:\/\/www.upo.es\/investiga\/enredars\/index.php?rest_route=%2Fwp%2Fv2%2Fcomments&post=424"}],"version-history":[{"count":16,"href":"https:\/\/www.upo.es\/investiga\/enredars\/index.php?rest_route=\/wp\/v2\/pages\/424\/revisions"}],"predecessor-version":[{"id":2759,"href":"https:\/\/www.upo.es\/investiga\/enredars\/index.php?rest_route=\/wp\/v2\/pages\/424\/revisions\/2759"}],"up":[{"embeddable":true,"href":"https:\/\/www.upo.es\/investiga\/enredars\/index.php?rest_route=\/wp\/v2\/pages\/46"}],"wp:attachment":[{"href":"https:\/\/www.upo.es\/investiga\/enredars\/index.php?rest_route=%2Fwp%2Fv2%2Fmedia&parent=424"}],"curies":[{"name":"wp","href":"https:\/\/api.w.org\/{rel}","templated":true}]}}