{"id":564,"date":"2018-06-11T21:24:04","date_gmt":"2018-06-11T21:24:04","guid":{"rendered":"https:\/\/www.upo.es\/investiga\/enredars\/?page_id=564"},"modified":"2023-12-30T13:11:11","modified_gmt":"2023-12-30T12:11:11","slug":"pintura-mural-en-la-edad-moderna-entre-andalucia-e-iberoamerica","status":"publish","type":"page","link":"https:\/\/www.upo.es\/investiga\/enredars\/?page_id=564","title":{"rendered":"Pintura mural en la Edad Moderna. Entre Andaluc\u00eda e Iberoam\u00e9rica"},"content":{"rendered":"<p><a href=\"http:\/\/hdl.handle.net\/10433\/5640\">Pr\u00f3logo<\/a>\u00a0<span class=\"Z3988\" title=\"ctx_ver=Z39.88-2004&amp;rft_val_fmt=info%3Aofi%2Ffmt%3Akev%3Amtx%3Adc&amp;rft_id=978-84-09-02963-1&amp;rft_id=http%3A%2F%2Fhdl.handle.net%2F10433%2F5640&amp;rfr_id=info%3Asid%2Fdspace.org%3Arepository&amp;\"><br \/>\n<\/span>Jos\u00e9 Manuel Almansa Moreno, Nuria Mart\u00ednez Jim\u00e9nez y Fernando Quiles Garc\u00eda (eds.)<\/p>\n<p><a href=\"http:\/\/hdl.handle.net\/10433\/5639\">La pintura mural: documentaci\u00f3n, t\u00e9cnica y conservaci\u00f3n.<\/a><span class=\"Z3988\" title=\"ctx_ver=Z39.88-2004&amp;rft_val_fmt=info%3Aofi%2Ffmt%3Akev%3Amtx%3Adc&amp;rft_id=978-84-09-02963-1&amp;rft_id=http%3A%2F%2Fhdl.handle.net%2F10433%2F5639&amp;rfr_id=info%3Asid%2Fdspace.org%3Arepository&amp;\">\u00a0\u00a0<\/span><br \/>\nCarmen Moral Ruiz (Universidad de Granada, Espa\u00f1a)<\/p>\n<p><a href=\"http:\/\/hdl.handle.net\/10433\/5638\">Las pinturas renacentistas del Altar Mayor de la Catedral de Valencia o la introducci\u00f3n de la t\u00e9cnica ad affresco en la Corona de Arag\u00f3n; una lectura en clave material y procedimental.<\/a><span class=\"Z3988\" title=\"ctx_ver=Z39.88-2004&amp;rft_val_fmt=info%3Aofi%2Ffmt%3Akev%3Amtx%3Adc&amp;rft_id=978-84-09-02963-1&amp;rft_id=http%3A%2F%2Fhdl.handle.net%2F10433%2F5638&amp;rfr_id=info%3Asid%2Fdspace.org%3Arepository&amp;\">\u00a0 \u00a0<\/span><br \/>\nMiguel \u00c1ngel Herrero-Cortell (Universitat de Lleida, Espa\u00f1a)<\/p>\n<p><a href=\"http:\/\/hdl.handle.net\/10433\/5637\">La escuela de la Alhambra: de Aquiles y Mayner al florecimiento de la pintura mural en Granada.<\/a><span class=\"Z3988\" title=\"ctx_ver=Z39.88-2004&amp;rft_val_fmt=info%3Aofi%2Ffmt%3Akev%3Amtx%3Adc&amp;rft_id=978-84-09-02963-1&amp;rft_id=http%3A%2F%2Fhdl.handle.net%2F10433%2F5637&amp;rfr_id=info%3Asid%2Fdspace.org%3Arepository&amp;\">\u00a0\u00a0<\/span><br \/>\nNuria Mart\u00ednez Jim\u00e9nez (Universidad de Granada, Espa\u00f1a)<\/p>\n<p><a href=\"http:\/\/hdl.handle.net\/10433\/5636\">Pintura mural en el Reino de Ja\u00e9n en el siglo XVI.<\/a><span class=\"Z3988\" title=\"ctx_ver=Z39.88-2004&amp;rft_val_fmt=info%3Aofi%2Ffmt%3Akev%3Amtx%3Adc&amp;rft_id=978-84-09-02963-1&amp;rft_id=http%3A%2F%2Fhdl.handle.net%2F10433%2F5636&amp;rfr_id=info%3Asid%2Fdspace.org%3Arepository&amp;\">\u00a0 Arsenio Moreno Mendoza<\/span><br \/>\nArsenio Moreno Mendoza (Universidad Pablo de Olavide, Sevilla, Espa\u00f1a)<\/p>\n<p><a href=\"http:\/\/hdl.handle.net\/10433\/5635\">Urbs Picta Malacitana: del estudio hist\u00f3rico art\u00edstico a la comunicaci\u00f3n en el sector tur\u00edstico.<\/a><span class=\"Z3988\" title=\"ctx_ver=Z39.88-2004&amp;rft_val_fmt=info%3Aofi%2Ffmt%3Akev%3Amtx%3Adc&amp;rft_id=978-84-09-02963-1&amp;rft_id=http%3A%2F%2Fhdl.handle.net%2F10433%2F5635&amp;rfr_id=info%3Asid%2Fdspace.org%3Arepository&amp;\">\u00a0\u00a0<\/span><br \/>\nEduardo Asenjo Rubio (Universidad de M\u00e1laga, Espa\u00f1a)<\/p>\n<p><a href=\"http:\/\/hdl.handle.net\/10433\/5634\">B\u00f3vedas celestes y de m\u00e1s colores. El patr\u00f3n de Pozzo en la cuadratura sevillana.<\/a><span class=\"Z3988\" title=\"ctx_ver=Z39.88-2004&amp;rft_val_fmt=info%3Aofi%2Ffmt%3Akev%3Amtx%3Adc&amp;rft_id=978-84-09-02963-1&amp;rft_id=http%3A%2F%2Fhdl.handle.net%2F10433%2F5634&amp;rfr_id=info%3Asid%2Fdspace.org%3Arepository&amp;\">\u00a0\u00a0<\/span><br \/>\nFernando Quiles Garc\u00eda\u00a0(Universidad Pablo de Olavide, Sevilla, Espa\u00f1a)<\/p>\n<p><a href=\"http:\/\/hdl.handle.net\/10433\/5633\">Cuadraturistas y bibli\u00f3filos: la escuela de Lucas Vald\u00e9s de Sevilla a C\u00e1diz (1725-1783).<\/a><span class=\"Z3988\" title=\"ctx_ver=Z39.88-2004&amp;rft_val_fmt=info%3Aofi%2Ffmt%3Akev%3Amtx%3Adc&amp;rft_id=978-84-09-02963-1&amp;rft_id=http%3A%2F%2Fhdl.handle.net%2F10433%2F5633&amp;rfr_id=info%3Asid%2Fdspace.org%3Arepository&amp;\">\u00a0\u00a0<\/span><br \/>\nSara Fuentes L\u00e1zaro (Universidad a Distancia de Madrid\/Universidad Complutense de Madrid, Espa\u00f1a)<\/p>\n<p><a href=\"http:\/\/hdl.handle.net\/10433\/5632\">La posici\u00f3n del espectador en la pintura mural. Un ejemplo en la obra de Vald\u00e9s Leal.<\/a><span class=\"Z3988\" title=\"ctx_ver=Z39.88-2004&amp;rft_val_fmt=info%3Aofi%2Ffmt%3Akev%3Amtx%3Adc&amp;rft_id=978-84-09-02963-1&amp;rft_id=http%3A%2F%2Fhdl.handle.net%2F10433%2F5632&amp;rfr_id=info%3Asid%2Fdspace.org%3Arepository&amp;\">\u00a0\u00a0<\/span><br \/>\nMiguel \u00c1ngel Maure-Rubio (Universidad Complutense de Madrid, Espa\u00f1a)<\/p>\n<p><a href=\"http:\/\/hdl.handle.net\/10433\/5631\">La pintura mural en Huelva. La comarca de la Sierra.<\/a><span class=\"Z3988\" title=\"ctx_ver=Z39.88-2004&amp;rft_val_fmt=info%3Aofi%2Ffmt%3Akev%3Amtx%3Adc&amp;rft_id=978-84-09-02963-1&amp;rft_id=http%3A%2F%2Fhdl.handle.net%2F10433%2F5631&amp;rfr_id=info%3Asid%2Fdspace.org%3Arepository&amp;\">\u00a0\u00a0<\/span><br \/>\nAntonio Manuel Cuaresma Maestre (Universidad de Sevilla, Espa\u00f1a)<\/p>\n<p><a href=\"http:\/\/hdl.handle.net\/10433\/5630\">O papel decorativo da pintura a fresco dos s\u00e9culos XV e XVI em Portugal. Rela\u00e7\u00f5es com os tecidos lavrados.<\/a><span class=\"Z3988\" title=\"ctx_ver=Z39.88-2004&amp;rft_val_fmt=info%3Aofi%2Ffmt%3Akev%3Amtx%3Adc&amp;rft_id=978-84-09-02963-1&amp;rft_id=http%3A%2F%2Fhdl.handle.net%2F10433%2F5630&amp;rfr_id=info%3Asid%2Fdspace.org%3Arepository&amp;\">\u00a0\u00a0<\/span><br \/>\nJoaquim In\u00e1cio Caetano (Universidade de Lisboa, Portugal)<\/p>\n<p><a href=\"http:\/\/hdl.handle.net\/10433\/5629\">Pintura mural en una capilla ind\u00edgena mexicana.<\/a><span class=\"Z3988\" title=\"ctx_ver=Z39.88-2004&amp;rft_val_fmt=info%3Aofi%2Ffmt%3Akev%3Amtx%3Adc&amp;rft_id=978-84-09-02963-1&amp;rft_id=http%3A%2F%2Fhdl.handle.net%2F10433%2F5629&amp;rfr_id=info%3Asid%2Fdspace.org%3Arepository&amp;\">\u00a0 <\/span><br \/>\n<span class=\"Z3988\" title=\"ctx_ver=Z39.88-2004&amp;rft_val_fmt=info%3Aofi%2Ffmt%3Akev%3Amtx%3Adc&amp;rft_id=978-84-09-02963-1&amp;rft_id=http%3A%2F%2Fhdl.handle.net%2F10433%2F5629&amp;rfr_id=info%3Asid%2Fdspace.org%3Arepository&amp;\">Ana Laura Medina Manrique\u00a0(Universidad Pablo de Olavide, Sevilla, Espa\u00f1a)<\/span><\/p>\n<p><a href=\"http:\/\/hdl.handle.net\/10433\/5628\">Aprendiendo del pasado. Pintura mural en el Cuzco colonial.<\/a><br \/>\nElizabeth Kuon Arce (Cuzco-Per\u00fa)<\/p>\n<p><a href=\"http:\/\/hdl.handle.net\/10433\/5627\">Aproximaci\u00f3n a la pintura mural en el Nuevo Reino de Granada.<\/a><span class=\"Z3988\" title=\"ctx_ver=Z39.88-2004&amp;rft_val_fmt=info%3Aofi%2Ffmt%3Akev%3Amtx%3Adc&amp;rft_id=978-84-09-02963-1&amp;rft_id=http%3A%2F%2Fhdl.handle.net%2F10433%2F5627&amp;rfr_id=info%3Asid%2Fdspace.org%3Arepository&amp;\">\u00a0\u00a0<\/span><br \/>\nJos\u00e9 Manuel Almansa Moreno (Universidad de Ja\u00e9n, Espa\u00f1a)<\/p>\n<p><a href=\"http:\/\/hdl.handle.net\/10433\/5626\">O simulacro arquitet\u00f4nico no Brasil Colonial &#8211; a decora\u00e7\u00e3o dos tetos entre os s\u00e9culos XVIII e XIX.<\/a><span class=\"Z3988\" title=\"ctx_ver=Z39.88-2004&amp;rft_val_fmt=info%3Aofi%2Ffmt%3Akev%3Amtx%3Adc&amp;rft_id=978-84-09-02963-1&amp;rft_id=http%3A%2F%2Fhdl.handle.net%2F10433%2F5626&amp;rfr_id=info%3Asid%2Fdspace.org%3Arepository&amp;\">\u00a0<\/span><br \/>\nMagno Moraes Mello (Universidade Federal de Minas Gerais, Brasil)<\/p>\n<p><a href=\"http:\/\/hdl.handle.net\/10433\/5625\">Architettura versus pittura. Modi di intendere la quadratura e la pittura murale tra Spagna, Portogallo e Brasile coloniale.<\/a><span class=\"Z3988\" title=\"ctx_ver=Z39.88-2004&amp;rft_val_fmt=info%3Aofi%2Ffmt%3Akev%3Amtx%3Adc&amp;rft_id=978-84-09-02963-1&amp;rft_id=http%3A%2F%2Fhdl.handle.net%2F10433%2F5625&amp;rfr_id=info%3Asid%2Fdspace.org%3Arepository&amp;\">\u00a0\u00a0<\/span><br \/>\nGiuseppina Raggi (Universidade de Coimbra, Portugal)<\/p>\n<p style=\"text-align: right;\"><em>Publicaci\u00f3n<\/em><\/p>\n<p>Almansa Moreno, Jos\u00e9 Manuel; Mart\u00ednez Jim\u00e9nez, Nuria; Garc\u00eda Quiles, Fernando (des).\u00a0<a href=\"http:\/\/hdl.handle.net\/10433\/5641\">Pintura mural en la Edad Moderna. Entre Andaluc\u00eda e Iberoam\u00e9rica<\/a>. Sevilla,\u00a0E.R.A. Arte, Creaci\u00f3n y Patrimonio Iberoamericano en Redes, 2018.<\/p>\n","protected":false},"excerpt":{"rendered":"<p>Pr\u00f3logo\u00a0 Jos\u00e9 Manuel Almansa Moreno, Nuria Mart\u00ednez Jim\u00e9nez y Fernando Quiles Garc\u00eda (eds.) La pintura mural: documentaci\u00f3n, t\u00e9cnica y conservaci\u00f3n.\u00a0\u00a0[&#8230;]<\/p>\n","protected":false},"author":1,"featured_media":0,"parent":41,"menu_order":2,"comment_status":"closed","ping_status":"closed","template":"template-fullwidth.php","meta":{"footnotes":""},"_links":{"self":[{"href":"https:\/\/www.upo.es\/investiga\/enredars\/index.php?rest_route=\/wp\/v2\/pages\/564"}],"collection":[{"href":"https:\/\/www.upo.es\/investiga\/enredars\/index.php?rest_route=\/wp\/v2\/pages"}],"about":[{"href":"https:\/\/www.upo.es\/investiga\/enredars\/index.php?rest_route=\/wp\/v2\/types\/page"}],"author":[{"embeddable":true,"href":"https:\/\/www.upo.es\/investiga\/enredars\/index.php?rest_route=\/wp\/v2\/users\/1"}],"replies":[{"embeddable":true,"href":"https:\/\/www.upo.es\/investiga\/enredars\/index.php?rest_route=%2Fwp%2Fv2%2Fcomments&post=564"}],"version-history":[{"count":5,"href":"https:\/\/www.upo.es\/investiga\/enredars\/index.php?rest_route=\/wp\/v2\/pages\/564\/revisions"}],"predecessor-version":[{"id":2659,"href":"https:\/\/www.upo.es\/investiga\/enredars\/index.php?rest_route=\/wp\/v2\/pages\/564\/revisions\/2659"}],"up":[{"embeddable":true,"href":"https:\/\/www.upo.es\/investiga\/enredars\/index.php?rest_route=\/wp\/v2\/pages\/41"}],"wp:attachment":[{"href":"https:\/\/www.upo.es\/investiga\/enredars\/index.php?rest_route=%2Fwp%2Fv2%2Fmedia&parent=564"}],"curies":[{"name":"wp","href":"https:\/\/api.w.org\/{rel}","templated":true}]}}

Pintura mural en la Edad Moderna. Entre Andalucía e Iberoamérica

<p><a href="http://hdl.handle.net/10433/5640">Prólogo</a> <span class="Z3988" title="ctx_ver=Z39.88-2004&amp;rft_val_fmt=info%3Aofi%2Ffmt%3Akev%3Amtx%3Adc&amp;rft_id=978-84-09-02963-1&amp;rft_id=http%3A%2F%2Fhdl.handle.net%2F10433%2F5640&amp;rfr_id=info%3Asid%2Fdspace.org%3Arepository&amp;"><br />
</span>José Manuel Almansa Moreno, Nuria Martínez Jiménez y Fernando Quiles García (eds.)</p>
<p><a href="http://hdl.handle.net/10433/5639">La pintura mural: documentación, técnica y conservación.</a><span class="Z3988" title="ctx_ver=Z39.88-2004&amp;rft_val_fmt=info%3Aofi%2Ffmt%3Akev%3Amtx%3Adc&amp;rft_id=978-84-09-02963-1&amp;rft_id=http%3A%2F%2Fhdl.handle.net%2F10433%2F5639&amp;rfr_id=info%3Asid%2Fdspace.org%3Arepository&amp;">  </span><br />
Carmen Moral Ruiz (Universidad de Granada, España)</p>
<p><a href="http://hdl.handle.net/10433/5638">Las pinturas renacentistas del Altar Mayor de la Catedral de Valencia o la introducción de la técnica ad affresco en la Corona de Aragón; una lectura en clave material y procedimental.</a><span class="Z3988" title="ctx_ver=Z39.88-2004&amp;rft_val_fmt=info%3Aofi%2Ffmt%3Akev%3Amtx%3Adc&amp;rft_id=978-84-09-02963-1&amp;rft_id=http%3A%2F%2Fhdl.handle.net%2F10433%2F5638&amp;rfr_id=info%3Asid%2Fdspace.org%3Arepository&amp;">   </span><br />
Miguel Ángel Herrero-Cortell (Universitat de Lleida, España)</p>
<p><a href="http://hdl.handle.net/10433/5637">La escuela de la Alhambra: de Aquiles y Mayner al florecimiento de la pintura mural en Granada.</a><span class="Z3988" title="ctx_ver=Z39.88-2004&amp;rft_val_fmt=info%3Aofi%2Ffmt%3Akev%3Amtx%3Adc&amp;rft_id=978-84-09-02963-1&amp;rft_id=http%3A%2F%2Fhdl.handle.net%2F10433%2F5637&amp;rfr_id=info%3Asid%2Fdspace.org%3Arepository&amp;">  </span><br />
Nuria Martínez Jiménez (Universidad de Granada, España)</p>
<p><a href="http://hdl.handle.net/10433/5636">Pintura mural en el Reino de Jaén en el siglo XVI.</a><span class="Z3988" title="ctx_ver=Z39.88-2004&amp;rft_val_fmt=info%3Aofi%2Ffmt%3Akev%3Amtx%3Adc&amp;rft_id=978-84-09-02963-1&amp;rft_id=http%3A%2F%2Fhdl.handle.net%2F10433%2F5636&amp;rfr_id=info%3Asid%2Fdspace.org%3Arepository&amp;">  Arsenio Moreno Mendoza</span><br />
Arsenio Moreno Mendoza (Universidad Pablo de Olavide, Sevilla, España)</p>
<p><a href="http://hdl.handle.net/10433/5635">Urbs Picta Malacitana: del estudio histórico artístico a la comunicación en el sector turístico.</a><span class="Z3988" title="ctx_ver=Z39.88-2004&amp;rft_val_fmt=info%3Aofi%2Ffmt%3Akev%3Amtx%3Adc&amp;rft_id=978-84-09-02963-1&amp;rft_id=http%3A%2F%2Fhdl.handle.net%2F10433%2F5635&amp;rfr_id=info%3Asid%2Fdspace.org%3Arepository&amp;">  </span><br />
Eduardo Asenjo Rubio (Universidad de Málaga, España)</p>
<p><a href="http://hdl.handle.net/10433/5634">Bóvedas celestes y de más colores. El patrón de Pozzo en la cuadratura sevillana.</a><span class="Z3988" title="ctx_ver=Z39.88-2004&amp;rft_val_fmt=info%3Aofi%2Ffmt%3Akev%3Amtx%3Adc&amp;rft_id=978-84-09-02963-1&amp;rft_id=http%3A%2F%2Fhdl.handle.net%2F10433%2F5634&amp;rfr_id=info%3Asid%2Fdspace.org%3Arepository&amp;">  </span><br />
Fernando Quiles García (Universidad Pablo de Olavide, Sevilla, España)</p>
<p><a href="http://hdl.handle.net/10433/5633">Cuadraturistas y bibliófilos: la escuela de Lucas Valdés de Sevilla a Cádiz (1725-1783).</a><span class="Z3988" title="ctx_ver=Z39.88-2004&amp;rft_val_fmt=info%3Aofi%2Ffmt%3Akev%3Amtx%3Adc&amp;rft_id=978-84-09-02963-1&amp;rft_id=http%3A%2F%2Fhdl.handle.net%2F10433%2F5633&amp;rfr_id=info%3Asid%2Fdspace.org%3Arepository&amp;">  </span><br />
Sara Fuentes Lázaro (Universidad a Distancia de Madrid/Universidad Complutense de Madrid, España)</p>
<p><a href="http://hdl.handle.net/10433/5632">La posición del espectador en la pintura mural. Un ejemplo en la obra de Valdés Leal.</a><span class="Z3988" title="ctx_ver=Z39.88-2004&amp;rft_val_fmt=info%3Aofi%2Ffmt%3Akev%3Amtx%3Adc&amp;rft_id=978-84-09-02963-1&amp;rft_id=http%3A%2F%2Fhdl.handle.net%2F10433%2F5632&amp;rfr_id=info%3Asid%2Fdspace.org%3Arepository&amp;">  </span><br />
Miguel Ángel Maure-Rubio (Universidad Complutense de Madrid, España)</p>
<p><a href="http://hdl.handle.net/10433/5631">La pintura mural en Huelva. La comarca de la Sierra.</a><span class="Z3988" title="ctx_ver=Z39.88-2004&amp;rft_val_fmt=info%3Aofi%2Ffmt%3Akev%3Amtx%3Adc&amp;rft_id=978-84-09-02963-1&amp;rft_id=http%3A%2F%2Fhdl.handle.net%2F10433%2F5631&amp;rfr_id=info%3Asid%2Fdspace.org%3Arepository&amp;">  </span><br />
Antonio Manuel Cuaresma Maestre (Universidad de Sevilla, España)</p>
<p><a href="http://hdl.handle.net/10433/5630">O papel decorativo da pintura a fresco dos séculos XV e XVI em Portugal. Relações com os tecidos lavrados.</a><span class="Z3988" title="ctx_ver=Z39.88-2004&amp;rft_val_fmt=info%3Aofi%2Ffmt%3Akev%3Amtx%3Adc&amp;rft_id=978-84-09-02963-1&amp;rft_id=http%3A%2F%2Fhdl.handle.net%2F10433%2F5630&amp;rfr_id=info%3Asid%2Fdspace.org%3Arepository&amp;">  </span><br />
Joaquim Inácio Caetano (Universidade de Lisboa, Portugal)</p>
<p><a href="http://hdl.handle.net/10433/5629">Pintura mural en una capilla indígena mexicana.</a><span class="Z3988" title="ctx_ver=Z39.88-2004&amp;rft_val_fmt=info%3Aofi%2Ffmt%3Akev%3Amtx%3Adc&amp;rft_id=978-84-09-02963-1&amp;rft_id=http%3A%2F%2Fhdl.handle.net%2F10433%2F5629&amp;rfr_id=info%3Asid%2Fdspace.org%3Arepository&amp;">  </span><br />
<span class="Z3988" title="ctx_ver=Z39.88-2004&amp;rft_val_fmt=info%3Aofi%2Ffmt%3Akev%3Amtx%3Adc&amp;rft_id=978-84-09-02963-1&amp;rft_id=http%3A%2F%2Fhdl.handle.net%2F10433%2F5629&amp;rfr_id=info%3Asid%2Fdspace.org%3Arepository&amp;">Ana Laura Medina Manrique (Universidad Pablo de Olavide, Sevilla, España)</span></p>
<p><a href="http://hdl.handle.net/10433/5628">Aprendiendo del pasado. Pintura mural en el Cuzco colonial.</a><br />
Elizabeth Kuon Arce (Cuzco-Perú)</p>
<p><a href="http://hdl.handle.net/10433/5627">Aproximación a la pintura mural en el Nuevo Reino de Granada.</a><span class="Z3988" title="ctx_ver=Z39.88-2004&amp;rft_val_fmt=info%3Aofi%2Ffmt%3Akev%3Amtx%3Adc&amp;rft_id=978-84-09-02963-1&amp;rft_id=http%3A%2F%2Fhdl.handle.net%2F10433%2F5627&amp;rfr_id=info%3Asid%2Fdspace.org%3Arepository&amp;">  </span><br />
José Manuel Almansa Moreno (Universidad de Jaén, España)</p>
<p><a href="http://hdl.handle.net/10433/5626">O simulacro arquitetônico no Brasil Colonial &#8211; a decoração dos tetos entre os séculos XVIII e XIX.</a><span class="Z3988" title="ctx_ver=Z39.88-2004&amp;rft_val_fmt=info%3Aofi%2Ffmt%3Akev%3Amtx%3Adc&amp;rft_id=978-84-09-02963-1&amp;rft_id=http%3A%2F%2Fhdl.handle.net%2F10433%2F5626&amp;rfr_id=info%3Asid%2Fdspace.org%3Arepository&amp;"> </span><br />
Magno Moraes Mello (Universidade Federal de Minas Gerais, Brasil)</p>
<p><a href="http://hdl.handle.net/10433/5625">Architettura versus pittura. Modi di intendere la quadratura e la pittura murale tra Spagna, Portogallo e Brasile coloniale.</a><span class="Z3988" title="ctx_ver=Z39.88-2004&amp;rft_val_fmt=info%3Aofi%2Ffmt%3Akev%3Amtx%3Adc&amp;rft_id=978-84-09-02963-1&amp;rft_id=http%3A%2F%2Fhdl.handle.net%2F10433%2F5625&amp;rfr_id=info%3Asid%2Fdspace.org%3Arepository&amp;">  </span><br />
Giuseppina Raggi (Universidade de Coimbra, Portugal)</p>
<p style="text-align: right;"><em>Publicación</em></p>
<p>Almansa Moreno, José Manuel; Martínez Jiménez, Nuria; García Quiles, Fernando (des). <a href="http://hdl.handle.net/10433/5641">Pintura mural en la Edad Moderna. Entre Andalucía e Iberoamérica</a>. Sevilla, E.R.A. Arte, Creación y Patrimonio Iberoamericano en Redes, 2018.</p>

<p>Prólogo  José Manuel Almansa Moreno, Nuria Martínez Jiménez y Fernando Quiles García (eds.) La pintura mural: documentación, técnica y conservación.  [&#8230;]</p>
