{"id":176,"date":"2018-02-15T10:58:30","date_gmt":"2018-02-15T10:58:30","guid":{"rendered":"https:\/\/www.upo.es\/investiga\/globalhistory\/?page_id=176"},"modified":"2021-06-30T13:16:57","modified_gmt":"2021-06-30T13:16:57","slug":"igor-perez-tostado","status":"publish","type":"page","link":"https:\/\/www.upo.es\/investiga\/globalhistory\/miembros\/igor-perez-tostado\/","title":{"rendered":"Igor P\u00e9rez Tostado"},"content":{"rendered":"<p><img loading=\"lazy\" decoding=\"async\" class=\"alignnone size-medium wp-image-258 aligncenter\" src=\"https:\/\/www.upo.es\/investiga\/globalhistory\/wp-content\/uploads\/2018\/02\/Igor-P\u00e9rez-Tostado.-2-300x270.jpeg\" alt=\"\" width=\"300\" height=\"270\" srcset=\"https:\/\/www.upo.es\/investiga\/globalhistory\/wp-content\/uploads\/2018\/02\/Igor-P\u00e9rez-Tostado.-2-300x270.jpeg 300w, https:\/\/www.upo.es\/investiga\/globalhistory\/wp-content\/uploads\/2018\/02\/Igor-P\u00e9rez-Tostado.-2-768x692.jpeg 768w, https:\/\/www.upo.es\/investiga\/globalhistory\/wp-content\/uploads\/2018\/02\/Igor-P\u00e9rez-Tostado.-2-1024x923.jpeg 1024w, https:\/\/www.upo.es\/investiga\/globalhistory\/wp-content\/uploads\/2018\/02\/Igor-P\u00e9rez-Tostado.-2.jpeg 1358w\" sizes=\"(max-width: 300px) 100vw, 300px\" \/><\/p>\n<p>Su investigaci\u00f3n en Historia Moderna se especializa en historia de las relaciones internacionales informales, en historia atl\u00e1ntica, historia conectada y atl\u00e1ntica e historia de la representaci\u00f3n y de la violencia. Con estas dimensiones intenta entender la posici\u00f3n de la Monarqu\u00eda Hisp\u00e1nica de la Edad Moderna a trav\u00e9s de su entramado de relaciones exteriores que abarca todo el planeta.<\/p>\n<p>Licenciado en Historia por la Universidad de Deusto con calificaci\u00f3n de Matr\u00edcula de Honor (1999) y doctor en Historia y Civilizaci\u00f3n por el Instituto Universitario Europeo (IUE), de Florencia (2004). Su tesis, bajo la direcci\u00f3n de Laurence Fontaine y con Fernando Bouza \u00c1lvarez (Universidad Complutense, Madrid) como supervisor externo. En ella se aplicaba una perspectiva comparada y transnacional, cruzando y analizando fuentes dispersas por nueve pa\u00edses europeos (principalmente Espa\u00f1a, Reino Unido, Irlanda, Francia, Italia y B\u00e9lgica). Redactada en ingl\u00e9s, se public\u00f3 como\u00a0<em>Irish influence at the Court of Spain in the Seventeenth Century<\/em>\u00a0(Dubl\u00edn, Four-Courts, 2008).<\/p>\n<p>Durante su estancia postdoctoral financiado por el MEC (2005) bajo la supervisi\u00f3n del profesor Nicholas Canny en Moore Institute (National University of Ireland, Galway) desarroll\u00f3 la dimensi\u00f3n atl\u00e1ntica de la investigaci\u00f3n, centr\u00e1ndose para ello en el Caribe hispano, donde se asent\u00f3 una importante comunidad irlandesa y brit\u00e1nica de todo tipo, cuyo estudio sirve para entender los funcionamientos de relaci\u00f3n exterior y atracci\u00f3n de la Monarqu\u00eda Hisp\u00e1nica. Ha publicado resultados parciales; el m\u00e1s importante, junto a Enrique Garc\u00eda Hern\u00e1n, Irlanda y el Atl\u00e1ntico Ib\u00e9rico, (Valencia, Albatros, 2010), que ha significado una importante aportaci\u00f3n en el debate en torno a la historia atl\u00e1ntica y global. Est\u00e1 por concluir una monograf\u00eda final que abarca desde el siglo XVII hasta el XIX, retrasada porque la disponibilidad de material ha permitido ampliar el periodo de an\u00e1lisis m\u00e1s all\u00e1 de las barreras convencionales de la \u00e9poca moderna.<\/p>\n<p>Su incorporaci\u00f3n al \u00c1rea de Historia Moderna de la Universidad Pablo de Olavide (UPO) a finales de 2005 le ha permitido participar de manera ininterrumpida y simult\u00e1nea en varios proyectos de investigaci\u00f3n (regionales, nacionales e internacionales), incluida la Red Columnaria, y madurar suficientemente para dirigir un Proyecto Nacional I+D coordinado (2012-14).<\/p>\n<p>Tel\u00e9fono de contacto:\u00a0954349138<\/p>\n<p>Ubicaci\u00f3n:\u00a0Edificio 2, Planta 3, Despacho 15<\/p>\n<p>Correo electr\u00f3nico:\u00a0ipertos@upo.es<\/p>\n<p><a href=\"https:\/\/upo.academia.edu\/IgorP%C3%A9rezTostado\">Perfil Academia.edu<\/a><\/p>\n<p><a href=\"https:\/\/www.upo.es\/personal\/igorpereztostado\/\">P\u00e1gina personal\u00a0<\/a><\/p>\n","protected":false},"excerpt":{"rendered":"<p>Su investigaci\u00f3n en Historia Moderna se especializa en historia de las relaciones internacionales informales, en historia atl\u00e1ntica, historia conectada y atl\u00e1ntica e historia de la representaci\u00f3n y de la violencia. Con estas dimensiones intenta entender la posici\u00f3n de la Monarqu\u00eda Hisp\u00e1nica de la Edad Moderna a trav\u00e9s de su entramado [&hellip;]<\/p>\n","protected":false},"author":1,"featured_media":0,"parent":43,"menu_order":10,"comment_status":"closed","ping_status":"closed","template":"","meta":{"footnotes":""},"_links":{"self":[{"href":"https:\/\/www.upo.es\/investiga\/globalhistory\/wp-json\/wp\/v2\/pages\/176"}],"collection":[{"href":"https:\/\/www.upo.es\/investiga\/globalhistory\/wp-json\/wp\/v2\/pages"}],"about":[{"href":"https:\/\/www.upo.es\/investiga\/globalhistory\/wp-json\/wp\/v2\/types\/page"}],"author":[{"embeddable":true,"href":"https:\/\/www.upo.es\/investiga\/globalhistory\/wp-json\/wp\/v2\/users\/1"}],"replies":[{"embeddable":true,"href":"https:\/\/www.upo.es\/investiga\/globalhistory\/wp-json\/wp\/v2\/comments?post=176"}],"version-history":[{"count":6,"href":"https:\/\/www.upo.es\/investiga\/globalhistory\/wp-json\/wp\/v2\/pages\/176\/revisions"}],"predecessor-version":[{"id":1428,"href":"https:\/\/www.upo.es\/investiga\/globalhistory\/wp-json\/wp\/v2\/pages\/176\/revisions\/1428"}],"up":[{"embeddable":true,"href":"https:\/\/www.upo.es\/investiga\/globalhistory\/wp-json\/wp\/v2\/pages\/43"}],"wp:attachment":[{"href":"https:\/\/www.upo.es\/investiga\/globalhistory\/wp-json\/wp\/v2\/media?parent=176"}],"curies":[{"name":"wp","href":"https:\/\/api.w.org\/{rel}","templated":true}]}}