{"id":116,"date":"2022-11-14T18:50:53","date_gmt":"2022-11-14T18:50:53","guid":{"rendered":"https:\/\/www.upo.es\/investiga\/inclumed\/?page_id=116"},"modified":"2022-11-16T13:30:14","modified_gmt":"2022-11-16T13:30:14","slug":"adrian-fuentes-luque","status":"publish","type":"page","link":"https:\/\/www.upo.es\/investiga\/inclumed\/adrian-fuentes-luque\/","title":{"rendered":"Adri\u00e1n Fuentes Luque"},"content":{"rendered":"<div data-colibri-id=\"116-c1\" class=\"style-501 style-local-116-c1 position-relative\">\n  <!---->\n  <div data-colibri-component=\"section\" data-colibri-id=\"116-c2\" id=\"initial-content\" class=\"h-section h-section-global-spacing d-flex align-items-lg-center align-items-md-center align-items-center style-502 style-local-116-c2 position-relative\">\n    <!---->\n    <!---->\n    <div class=\"h-section-grid-container h-section-boxed-container\">\n      <!---->\n      <div data-colibri-id=\"116-c3\" class=\"h-row-container gutters-row-lg-2 gutters-row-md-2 gutters-row-0 gutters-row-v-lg-2 gutters-row-v-md-2 gutters-row-v-2 style-503 style-local-116-c3 position-relative\">\n        <!---->\n        <div class=\"h-row justify-content-lg-center justify-content-md-center justify-content-center align-items-lg-stretch align-items-md-stretch align-items-stretch gutters-col-lg-2 gutters-col-md-2 gutters-col-0 gutters-col-v-lg-2 gutters-col-v-md-2 gutters-col-v-2\">\n          <!---->\n          <div class=\"h-column h-column-container d-flex h-col-lg-auto h-col-md-auto h-col-auto style-504-outer style-local-116-c4-outer\">\n            <div data-colibri-id=\"116-c4\" class=\"d-flex h-flex-basis h-column__inner h-px-lg-2 h-px-md-2 h-px-2 v-inner-lg-2 v-inner-md-2 v-inner-2 style-504 style-local-116-c4 position-relative\">\n              <!---->\n              <!---->\n              <div class=\"w-100 h-y-container h-column__content h-column__v-align flex-basis-100 align-self-lg-start align-self-md-start align-self-start\">\n                <!---->\n                <div data-colibri-id=\"116-c5\" class=\"style-505 style-local-116-c5 position-relative h-element\">\n                  <!---->\n                  <div>\n                    <div class=\"wp-block-image is-style-rounded\">\n                    <figure class=\"aligncenter size-full is-resized\">\n                      <img loading=\"lazy\" decoding=\"async\" src=\"https:\/\/www.upo.es\/investiga\/inclumed\/wp-content\/uploads\/2022\/11\/AFL2.png\" alt=\"Adri\u00e1n Fuentes Luque\" class=\"wp-image-119\" width=\"300\" height=\"300\" srcset=\"https:\/\/www.upo.es\/investiga\/inclumed\/wp-content\/uploads\/2022\/11\/AFL2.png 232w, https:\/\/www.upo.es\/investiga\/inclumed\/wp-content\/uploads\/2022\/11\/AFL2-150x150.png 150w\" sizes=\"auto, (max-width: 300px) 100vw, 300px\" \/>\n                      <figcaption class=\"wp-element-caption\">Dr. Adri\u00e1n Fuentes Luque.\n                        <br>Catedr\u00e1tico de universidad (UPO)<\/figcaption>\n                    <\/figure>\n                    <\/div>\n\n                    \n                    <p>Soy doctor en Traducci\u00f3n por la Universidad de Granada (Espa\u00f1a) y catedr\u00e1tico de Traducci\u00f3n en la Universidad Pablo de Olavide (Sevilla), donde tambi\u00e9n he sido director del M\u00e1ster en Comunicaci\u00f3n Internacional, Traducci\u00f3n e Interpretaci\u00f3n.\n                      He sido profesor en las universidades de C\u00e1diz y Granada, en la University of Portsmouth (Reino Unido), y profesor visitante en la Universidad de Puerto Rico y Colorado State University (EE.&nbsp;UU.), entre otras.<\/p>\n                    \n\n                    \n                    <p>Mis principales \u00e1reas de trabajo e investigaci\u00f3n son la traducci\u00f3n audiovisual, la historia de la traducci\u00f3n, la traducci\u00f3n de textos tur\u00edsticos y publicitarios, la traducci\u00f3n del humor, y la traducci\u00f3n institucional, campos a los\n                      que he contribuido con numerosas publicaciones.<\/p>\n                    \n\n                    \n                    <p>Como traductor profesional, he sido Traductor-Int\u00e9rprete Jefe en la Embajada de Australia en Espa\u00f1a, y ha trabajado para distintas instituciones y empresas (British Council, Cambridge University Press, SDI-Media, etc.). Soy traductor\n                      externo de la Organizaci\u00f3n Mar\u00edtima Internacional y del Museo Nacional del Prado.<\/p>\n                    \n\n                    \n                    <div class=\"wp-block-columns is-layout-flex wp-container-core-columns-is-layout-9d6595d7 wp-block-columns-is-layout-flex\">\n                      \n                      <div class=\"wp-block-column is-layout-flow wp-block-column-is-layout-flow\">\n                        <div class=\"wp-block-image\">\n                        <figure class=\"aligncenter size-large is-resized\">\n                          <a href=\"https:\/\/orcid.org\/0000-0001-9717-2519\" target=\"_blank\" rel=\"noreferrer noopener\">\n                            <img loading=\"lazy\" decoding=\"async\" src=\"https:\/\/www.upo.es\/investiga\/inclumed\/wp-content\/uploads\/2022\/11\/ORCID_iD.svg_-1024x1024.png\" alt=\"\" class=\"wp-image-593\" width=\"55\" height=\"55\" srcset=\"https:\/\/www.upo.es\/investiga\/inclumed\/wp-content\/uploads\/2022\/11\/ORCID_iD.svg_-1024x1024.png 1024w, https:\/\/www.upo.es\/investiga\/inclumed\/wp-content\/uploads\/2022\/11\/ORCID_iD.svg_-300x300.png 300w, https:\/\/www.upo.es\/investiga\/inclumed\/wp-content\/uploads\/2022\/11\/ORCID_iD.svg_-150x150.png 150w, https:\/\/www.upo.es\/investiga\/inclumed\/wp-content\/uploads\/2022\/11\/ORCID_iD.svg_-768x768.png 768w, https:\/\/www.upo.es\/investiga\/inclumed\/wp-content\/uploads\/2022\/11\/ORCID_iD.svg_-1536x1536.png 1536w, https:\/\/www.upo.es\/investiga\/inclumed\/wp-content\/uploads\/2022\/11\/ORCID_iD.svg_.png 2048w\" sizes=\"auto, (max-width: 55px) 100vw, 55px\" \/>\n                          <\/a>\n                        <\/figure>\n                        <\/div>\n                      <\/div>\n                      \n\n                      \n                      <div class=\"wp-block-column is-layout-flow wp-block-column-is-layout-flow\">\n                        <div class=\"wp-block-image\">\n                        <figure class=\"aligncenter size-full is-resized\">\n                          <a href=\"https:\/\/investiga.upo.es\/investigadores\/159649\/detalle\" target=\"_blank\" rel=\"noreferrer noopener\">\n                            <img loading=\"lazy\" decoding=\"async\" src=\"https:\/\/www.upo.es\/investiga\/inclumed\/wp-content\/uploads\/2022\/11\/UPO-investiga-1.jpg\" alt=\"\" class=\"wp-image-592\" width=\"146\" height=\"60\" srcset=\"https:\/\/www.upo.es\/investiga\/inclumed\/wp-content\/uploads\/2022\/11\/UPO-investiga-1.jpg 324w, https:\/\/www.upo.es\/investiga\/inclumed\/wp-content\/uploads\/2022\/11\/UPO-investiga-1-300x122.jpg 300w\" sizes=\"auto, (max-width: 146px) 100vw, 146px\" \/>\n                          <\/a>\n                        <\/figure>\n                        <\/div>\n                      <\/div>\n                      \n\n                      \n                      <div class=\"wp-block-column is-layout-flow wp-block-column-is-layout-flow\">\n                        <div class=\"wp-block-image\">\n                        <figure class=\"aligncenter size-large is-resized\">\n                          <a href=\"https:\/\/scholar.google.com\/citations?user=G83kHqQAAAAJ\" target=\"_blank\" rel=\"noreferrer noopener\">\n                            <img loading=\"lazy\" decoding=\"async\" src=\"https:\/\/www.upo.es\/investiga\/inclumed\/wp-content\/uploads\/2022\/11\/1024px-Google_Scholar_logo.svg_-1-1024x1024.png\" alt=\"\" class=\"wp-image-602\" width=\"64\" height=\"64\" srcset=\"https:\/\/www.upo.es\/investiga\/inclumed\/wp-content\/uploads\/2022\/11\/1024px-Google_Scholar_logo.svg_-1.png 1024w, https:\/\/www.upo.es\/investiga\/inclumed\/wp-content\/uploads\/2022\/11\/1024px-Google_Scholar_logo.svg_-1-300x300.png 300w, https:\/\/www.upo.es\/investiga\/inclumed\/wp-content\/uploads\/2022\/11\/1024px-Google_Scholar_logo.svg_-1-150x150.png 150w, https:\/\/www.upo.es\/investiga\/inclumed\/wp-content\/uploads\/2022\/11\/1024px-Google_Scholar_logo.svg_-1-768x768.png 768w\" sizes=\"auto, (max-width: 64px) 100vw, 64px\" \/>\n                          <\/a>\n                        <\/figure>\n                        <\/div>\n                      <\/div>\n                      \n                    <\/div>\n                    \n                  <\/div>\n                <\/div>\n              <\/div>\n            <\/div>\n          <\/div>\n        <\/div>\n      <\/div>\n    <\/div>\n  <\/div>\n<\/div>","protected":false},"excerpt":{"rendered":"<p>Soy doctor en Traducci\u00f3n por la Universidad de Granada (Espa\u00f1a) y catedr\u00e1tico de Traducci\u00f3n en la Universidad Pablo de Olavide (Sevilla), donde tambi\u00e9n he sido director del M\u00e1ster en Comunicaci\u00f3n Internacional, Traducci\u00f3n e Interpretaci\u00f3n. He sido profesor en las universidades de C\u00e1diz y Granada, en la University of Portsmouth (Reino Unido), y profesor visitante en [&hellip;]<\/p>\n","protected":false},"author":1,"featured_media":0,"parent":0,"menu_order":0,"comment_status":"closed","ping_status":"closed","template":"page-templates\/full-width-page.php","meta":{"footnotes":""},"class_list":["post-116","page","type-page","status-publish","hentry"],"_links":{"self":[{"href":"https:\/\/www.upo.es\/investiga\/inclumed\/wp-json\/wp\/v2\/pages\/116","targetHints":{"allow":["GET"]}}],"collection":[{"href":"https:\/\/www.upo.es\/investiga\/inclumed\/wp-json\/wp\/v2\/pages"}],"about":[{"href":"https:\/\/www.upo.es\/investiga\/inclumed\/wp-json\/wp\/v2\/types\/page"}],"author":[{"embeddable":true,"href":"https:\/\/www.upo.es\/investiga\/inclumed\/wp-json\/wp\/v2\/users\/1"}],"replies":[{"embeddable":true,"href":"https:\/\/www.upo.es\/investiga\/inclumed\/wp-json\/wp\/v2\/comments?post=116"}],"version-history":[{"count":11,"href":"https:\/\/www.upo.es\/investiga\/inclumed\/wp-json\/wp\/v2\/pages\/116\/revisions"}],"predecessor-version":[{"id":1272,"href":"https:\/\/www.upo.es\/investiga\/inclumed\/wp-json\/wp\/v2\/pages\/116\/revisions\/1272"}],"wp:attachment":[{"href":"https:\/\/www.upo.es\/investiga\/inclumed\/wp-json\/wp\/v2\/media?parent=116"}],"curies":[{"name":"wp","href":"https:\/\/api.w.org\/{rel}","templated":true}]}}