{"id":131,"date":"2022-11-14T19:43:49","date_gmt":"2022-11-14T19:43:49","guid":{"rendered":"https:\/\/www.upo.es\/investiga\/inclumed\/?page_id=131"},"modified":"2025-04-02T11:25:54","modified_gmt":"2025-04-02T11:25:54","slug":"nuria-ponce-marquez","status":"publish","type":"page","link":"https:\/\/www.upo.es\/investiga\/inclumed\/nuria-ponce-marquez\/","title":{"rendered":"Nuria Ponce M\u00e1rquez"},"content":{"rendered":"<div data-colibri-id=\"131-c1\" class=\"style-516 style-local-131-c1 position-relative\">\n  <!----><\/p>\n<div data-colibri-component=\"section\" data-colibri-id=\"131-c2\" id=\"initial-content\" class=\"h-section h-section-global-spacing d-flex align-items-lg-center align-items-md-center align-items-center style-517 style-local-131-c2 position-relative\">\n    <!----><br \/>\n    <!----><\/p>\n<div class=\"h-section-grid-container h-section-boxed-container\">\n      <!----><\/p>\n<div data-colibri-id=\"131-c3\" class=\"h-row-container gutters-row-lg-2 gutters-row-md-2 gutters-row-0 gutters-row-v-lg-2 gutters-row-v-md-2 gutters-row-v-2 style-518 style-local-131-c3 position-relative\">\n        <!----><\/p>\n<div class=\"h-row justify-content-lg-center justify-content-md-center justify-content-center align-items-lg-stretch align-items-md-stretch align-items-stretch gutters-col-lg-2 gutters-col-md-2 gutters-col-0 gutters-col-v-lg-2 gutters-col-v-md-2 gutters-col-v-2\">\n          <!----><\/p>\n<div class=\"h-column h-column-container d-flex h-col-lg-auto h-col-md-auto h-col-auto style-519-outer style-local-131-c4-outer\">\n<div data-colibri-id=\"131-c4\" class=\"d-flex h-flex-basis h-column__inner h-px-lg-2 h-px-md-2 h-px-2 v-inner-lg-2 v-inner-md-2 v-inner-2 style-519 style-local-131-c4 position-relative\">\n              <!----><br \/>\n              <!----><\/p>\n<div class=\"w-100 h-y-container h-column__content h-column__v-align flex-basis-100 align-self-lg-start align-self-md-start align-self-start\">\n                <!----><\/p>\n<div data-colibri-id=\"131-c5\" class=\"style-520 style-local-131-c5 position-relative h-element\">\n                  <!----><\/p>\n<div>\n\n<div class=\"wp-block-image is-style-rounded\">\n<figure class=\"aligncenter size-full is-resized\"><img loading=\"lazy\" decoding=\"async\" width=\"960\" height=\"960\" src=\"https:\/\/www.upo.es\/investiga\/inclumed\/wp-content\/uploads\/2025\/04\/img_1712528111572.jpg\" alt=\"\" class=\"wp-image-2153\" style=\"width:300px;height:300px\" srcset=\"https:\/\/www.upo.es\/investiga\/inclumed\/wp-content\/uploads\/2025\/04\/img_1712528111572.jpg 960w, https:\/\/www.upo.es\/investiga\/inclumed\/wp-content\/uploads\/2025\/04\/img_1712528111572-300x300.jpg 300w, https:\/\/www.upo.es\/investiga\/inclumed\/wp-content\/uploads\/2025\/04\/img_1712528111572-150x150.jpg 150w, https:\/\/www.upo.es\/investiga\/inclumed\/wp-content\/uploads\/2025\/04\/img_1712528111572-768x768.jpg 768w\" sizes=\"auto, (max-width: 960px) 100vw, 960px\" \/><figcaption class=\"wp-element-caption\">Dra. Nuria Ponce M\u00e1rquez\n                        <br>Profesora titular de universidad (UPO)<\/figcaption><\/figure>\n<\/div>\n\n\n<p>Soy profesora titular del Departamento de Filolog\u00eda y Traducci\u00f3n de la Universidad Pablo de Olavide y Licenciada en Filolog\u00eda Inglesa, en Filolog\u00eda Alemana y en Traducci\u00f3n e Interpretaci\u00f3n. Poseo un m\u00e1ster universitario en Traducci\u00f3n\n                      de textos con fines espec\u00edficos, interpretaci\u00f3n y doblaje de las lenguas espa\u00f1ola y alemana (Universidad de Sevilla) y un Experto en Traducci\u00f3n y Localizaci\u00f3n de Videojuegos (ISTRAD). En el a\u00f1o 2009 defend\u00ed mi tesis doctoral, por\n                      la que obtuve el Premio Extraordinario de Doctorado.<\/p>\n\n\n\n<p>En mi labor docente ha impartido clase en la Licenciatura en Traducci\u00f3n e Interpretaci\u00f3n, el Grado en Traducci\u00f3n e Interpretaci\u00f3n y Doble Grado en Humanidades y Traducci\u00f3n e Interpretaci\u00f3n, experiencia reconocida con el M\u00e9rito a la\n                      Excelencia Docente dentro del programa Docentia-A-UPO. Asimismo, ha impartido docencia en varios programas de posgrado en los que ha dirigido m\u00e1s de una veintena de TFM. Ha colaborado en m\u00e1s de una decena de proyectos de innovaci\u00f3n\n                      docente, adem\u00e1s de en varios proyectos competitivos de investigaci\u00f3n.<\/p>\n\n\n\n<p>Actualmente pertenece al grupo de investigaci\u00f3n <em>Acceso y evaluaci\u00f3n de la informaci\u00f3n cient\u00edfica<\/em> (HUM 466) de la UGR bajo la direcci\u00f3n de M\u00aa Dolores Olvera Lobo. Mis principales l\u00edneas de investigaci\u00f3n son la ling\u00fc\u00edstica y\n                      la pragm\u00e1tica aplicadas a la traducci\u00f3n e interpretaci\u00f3n, la traducci\u00f3n de literatura infantil y juvenil, la localizaci\u00f3n de contenido web, aplicaciones m\u00f3viles y videojuegos y la accesibilidad en traducci\u00f3n y localizaci\u00f3n. Asimismo,\n                      dise\u00f1\u00e9 la aplicaci\u00f3n m\u00f3vil CronoTrad en el a\u00f1o 2020, en el marco de un proyecto para mejorar la eficiencia en la labor traductora tanto de los traductores en ciernes como de los traductores profesionales y soy creadora del Laboratorio\n                      TradUPOling para el estudio de las lenguas y sus traducciones en \u00e9poca de pandemias.<\/p>\n\n\n\n<div class=\"wp-block-columns is-layout-flex wp-container-core-columns-is-layout-9d6595d7 wp-block-columns-is-layout-flex\">\n<div class=\"wp-block-column is-layout-flow wp-block-column-is-layout-flow\"><div class=\"wp-block-image\">\n<figure class=\"aligncenter size-large is-resized\"><a href=\"https:\/\/orcid.org\/0000-0002-9292-6972\" target=\"_blank\" rel=\"noreferrer noopener\"><img loading=\"lazy\" decoding=\"async\" width=\"1024\" height=\"1024\" src=\"https:\/\/www.upo.es\/investiga\/inclumed\/wp-content\/uploads\/2022\/11\/ORCID_iD.svg_-1024x1024.png\" alt=\"\" class=\"wp-image-593\" style=\"width:55px;height:55px\" srcset=\"https:\/\/www.upo.es\/investiga\/inclumed\/wp-content\/uploads\/2022\/11\/ORCID_iD.svg_-1024x1024.png 1024w, https:\/\/www.upo.es\/investiga\/inclumed\/wp-content\/uploads\/2022\/11\/ORCID_iD.svg_-300x300.png 300w, https:\/\/www.upo.es\/investiga\/inclumed\/wp-content\/uploads\/2022\/11\/ORCID_iD.svg_-150x150.png 150w, https:\/\/www.upo.es\/investiga\/inclumed\/wp-content\/uploads\/2022\/11\/ORCID_iD.svg_-768x768.png 768w, https:\/\/www.upo.es\/investiga\/inclumed\/wp-content\/uploads\/2022\/11\/ORCID_iD.svg_-1536x1536.png 1536w, https:\/\/www.upo.es\/investiga\/inclumed\/wp-content\/uploads\/2022\/11\/ORCID_iD.svg_.png 2048w\" sizes=\"auto, (max-width: 1024px) 100vw, 1024px\" \/><\/a><\/figure>\n<\/div><\/div>\n\n\n\n<div class=\"wp-block-column is-layout-flow wp-block-column-is-layout-flow\"><div class=\"wp-block-image\">\n<figure class=\"aligncenter size-full is-resized\"><a href=\"https:\/\/investiga.upo.es\/investigadores\/160148\/detalle\" target=\"_blank\" rel=\"noreferrer noopener\"><img loading=\"lazy\" decoding=\"async\" width=\"324\" height=\"132\" src=\"https:\/\/www.upo.es\/investiga\/inclumed\/wp-content\/uploads\/2022\/11\/UPO-investiga-1.jpg\" alt=\"\" class=\"wp-image-592\" style=\"width:134px;height:54px\" srcset=\"https:\/\/www.upo.es\/investiga\/inclumed\/wp-content\/uploads\/2022\/11\/UPO-investiga-1.jpg 324w, https:\/\/www.upo.es\/investiga\/inclumed\/wp-content\/uploads\/2022\/11\/UPO-investiga-1-300x122.jpg 300w\" sizes=\"auto, (max-width: 324px) 100vw, 324px\" \/><\/a><\/figure>\n<\/div><\/div>\n\n\n\n<div class=\"wp-block-column is-layout-flow wp-block-column-is-layout-flow\"><div class=\"wp-block-image\">\n<figure class=\"aligncenter size-large is-resized\"><a href=\"https:\/\/scholar.google.com\/citations?user=57qZ4GkAAAAJ\" target=\"_blank\" rel=\"noreferrer noopener\"><img loading=\"lazy\" decoding=\"async\" width=\"1024\" height=\"1024\" src=\"https:\/\/www.upo.es\/investiga\/inclumed\/wp-content\/uploads\/2022\/11\/1024px-Google_Scholar_logo.svg_-1024x1024.png\" alt=\"\" class=\"wp-image-594\" style=\"width:62px;height:62px\" srcset=\"https:\/\/www.upo.es\/investiga\/inclumed\/wp-content\/uploads\/2022\/11\/1024px-Google_Scholar_logo.svg_.png 1024w, https:\/\/www.upo.es\/investiga\/inclumed\/wp-content\/uploads\/2022\/11\/1024px-Google_Scholar_logo.svg_-300x300.png 300w, https:\/\/www.upo.es\/investiga\/inclumed\/wp-content\/uploads\/2022\/11\/1024px-Google_Scholar_logo.svg_-150x150.png 150w, https:\/\/www.upo.es\/investiga\/inclumed\/wp-content\/uploads\/2022\/11\/1024px-Google_Scholar_logo.svg_-768x768.png 768w\" sizes=\"auto, (max-width: 1024px) 100vw, 1024px\" \/><\/a><\/figure>\n<\/div><\/div>\n<\/div>\n\n\n<\/div><\/div>\n<\/p><\/div>\n<\/p><\/div>\n<\/p><\/div>\n<\/p><\/div>\n<\/p><\/div>\n<\/p><\/div>\n<\/p><\/div>\n<\/div>","protected":false},"excerpt":{"rendered":"<p>Soy profesora titular del Departamento de Filolog\u00eda y Traducci\u00f3n de la Universidad Pablo de Olavide y Licenciada en Filolog\u00eda Inglesa, en Filolog\u00eda Alemana y en Traducci\u00f3n e Interpretaci\u00f3n. Poseo un m\u00e1ster universitario en Traducci\u00f3n de textos con fines espec\u00edficos, interpretaci\u00f3n y doblaje de las lenguas espa\u00f1ola y alemana (Universidad de Sevilla) y un Experto en [&hellip;]<\/p>\n","protected":false},"author":1,"featured_media":0,"parent":0,"menu_order":0,"comment_status":"closed","ping_status":"closed","template":"page-templates\/full-width-page.php","meta":{"footnotes":""},"class_list":["post-131","page","type-page","status-publish","hentry"],"_links":{"self":[{"href":"https:\/\/www.upo.es\/investiga\/inclumed\/wp-json\/wp\/v2\/pages\/131","targetHints":{"allow":["GET"]}}],"collection":[{"href":"https:\/\/www.upo.es\/investiga\/inclumed\/wp-json\/wp\/v2\/pages"}],"about":[{"href":"https:\/\/www.upo.es\/investiga\/inclumed\/wp-json\/wp\/v2\/types\/page"}],"author":[{"embeddable":true,"href":"https:\/\/www.upo.es\/investiga\/inclumed\/wp-json\/wp\/v2\/users\/1"}],"replies":[{"embeddable":true,"href":"https:\/\/www.upo.es\/investiga\/inclumed\/wp-json\/wp\/v2\/comments?post=131"}],"version-history":[{"count":7,"href":"https:\/\/www.upo.es\/investiga\/inclumed\/wp-json\/wp\/v2\/pages\/131\/revisions"}],"predecessor-version":[{"id":2154,"href":"https:\/\/www.upo.es\/investiga\/inclumed\/wp-json\/wp\/v2\/pages\/131\/revisions\/2154"}],"wp:attachment":[{"href":"https:\/\/www.upo.es\/investiga\/inclumed\/wp-json\/wp\/v2\/media?parent=131"}],"curies":[{"name":"wp","href":"https:\/\/api.w.org\/{rel}","templated":true}]}}