{"id":118,"date":"2018-03-01T07:40:35","date_gmt":"2018-03-01T07:40:35","guid":{"rendered":"https:\/\/www.upo.es\/investiga\/limites-violencia\/?page_id=118"},"modified":"2024-02-08T10:11:08","modified_gmt":"2024-02-08T10:11:08","slug":"christophe-giudicelli","status":"publish","type":"page","link":"https:\/\/www.upo.es\/investiga\/limites-violencia\/investigadores\/christophe-giudicelli\/","title":{"rendered":"Christophe Giudicelli"},"content":{"rendered":"<p><img loading=\"lazy\" decoding=\"async\" class=\"size-full wp-image-167 aligncenter\" src=\"https:\/\/www.upo.es\/investiga\/limites-violencia\/wp-content\/uploads\/2018\/03\/s200_christophe.giudicelli.jpg\" alt=\"\" width=\"200\" height=\"200\" srcset=\"https:\/\/www.upo.es\/investiga\/limites-violencia\/wp-content\/uploads\/2018\/03\/s200_christophe.giudicelli.jpg 200w, https:\/\/www.upo.es\/investiga\/limites-violencia\/wp-content\/uploads\/2018\/03\/s200_christophe.giudicelli-150x150.jpg 150w\" sizes=\"auto, (max-width: 200px) 100vw, 200px\" \/><\/p>\n<p>Christophe Giudicelli es profesor de Historia moderna en la Universit\u00e9 de Paris-Sorbonne (Paris IV), investigador en el CNRS (CERHIO UMR 6258) y director editorial de la revista Nuevo Mundo, mundos nuevos. Actualmente es director del Centro Franco Argentino de Altos Estudios en Ciencias Humanas y Sociales de la Universidad de Buenos Aires. Es especialista en cuestiones de fronteras en la Am\u00e9rica colonial (M\u00e9xico y Argentina) y particularmente en guerras ind\u00edgenas. Actualmente trabaja sobre la transformaci\u00f3n cient\u00edfica de las clasificaciones coloniales en la historia y la antropolog\u00eda a partir de la segunda mitad del siglo XIX. Fue alumno de la \u00c9cole Normale Sup\u00e9rieure, becario del CEMCA de M\u00e9xico y miembro de la Casa Vel\u00e1zquez de Madrid. Se desempe\u00f1\u00f3 como profesor en la Universidad Paris 3 &#8211; Sorbonne Nouvelle (2001-2010). Ha sido invitado en varias universidades (Pontificia Universidad Cat\u00f3lica de Chile, Universidad de Tandil, Universidad Pablo Olavide de Sevilla). Entre sus publicaciones encontramos: Geopol\u00edticas de la guerra Tepehuanes (Paris, Universit\u00e9 Paris 3-Sorbonne Nouvelle, 2003) y fue editor de Clasificaciones coloniales y din\u00e1micas sociopol\u00edticas en las fronteras de las Am\u00e9ricas (M\u00e9xico, CEMCA &#8211; El Colegio de Michoac\u00e1n, 2011). Junto a los historiadores Gilles Havard y Salvador Bernab\u00e9u co-edit\u00f3 La Indianizaci\u00f3n. Cautivos, renegados, misioneros y \u00ab hommes libres\u00bb en los confines americanos (Siglos XVI-XVIII), (Madrid, Doce Calles, 2013)<\/p>\n<p>Sus investigaciones, centradas en la frontera norte de M\u00e9xico y en la regi\u00f3n argentina de Tucum\u00e1n, han trabajado sobre las distintas dimensiones culturales, antropol\u00f3gicas y pol\u00edticas de construcci\u00f3n de un espacio fluido de comunicaci\u00f3n. Entre sus responsabilidades de investigaci\u00f3n, destaca para este proyecto su labor como coordinador del nodo de la red columnaria Poder y Din\u00e1micas sociales en los espacios fronterizos, que se centra en los efectos de poder en la informaci\u00f3n y delimitaci\u00f3n de los grupos sociales as\u00ed como en su interacci\u00f3n en situaciones de frontera o de confines, tanto en tiempos de conflictos abiertos como en \u00e9pocas de \u00abpaz\u00bb.<\/p>\n<p><a href=\"http:\/\/univ-rennes2.academia.edu\/ChristopheGiudicelli\">Perfil en Academia.edu<\/a><\/p>\n","protected":false},"excerpt":{"rendered":"<p>Christophe Giudicelli es profesor de Historia moderna en la Universit\u00e9 de Paris-Sorbonne (Paris IV), investigador en el CNRS (CERHIO UMR 6258) y director editorial de la revista Nuevo Mundo, mundos nuevos. Actualmente es director del Centro Franco Argentino de Altos Estudios en Ciencias Humanas y Sociales de la Universidad de Buenos Aires. Es especialista en [&hellip;]<\/p>\n","protected":false},"author":1,"featured_media":0,"parent":65,"menu_order":5,"comment_status":"closed","ping_status":"closed","template":"","meta":{"footnotes":""},"class_list":["post-118","page","type-page","status-publish","hentry","post-preview"],"_links":{"self":[{"href":"https:\/\/www.upo.es\/investiga\/limites-violencia\/wp-json\/wp\/v2\/pages\/118","targetHints":{"allow":["GET"]}}],"collection":[{"href":"https:\/\/www.upo.es\/investiga\/limites-violencia\/wp-json\/wp\/v2\/pages"}],"about":[{"href":"https:\/\/www.upo.es\/investiga\/limites-violencia\/wp-json\/wp\/v2\/types\/page"}],"author":[{"embeddable":true,"href":"https:\/\/www.upo.es\/investiga\/limites-violencia\/wp-json\/wp\/v2\/users\/1"}],"replies":[{"embeddable":true,"href":"https:\/\/www.upo.es\/investiga\/limites-violencia\/wp-json\/wp\/v2\/comments?post=118"}],"version-history":[{"count":4,"href":"https:\/\/www.upo.es\/investiga\/limites-violencia\/wp-json\/wp\/v2\/pages\/118\/revisions"}],"predecessor-version":[{"id":398,"href":"https:\/\/www.upo.es\/investiga\/limites-violencia\/wp-json\/wp\/v2\/pages\/118\/revisions\/398"}],"up":[{"embeddable":true,"href":"https:\/\/www.upo.es\/investiga\/limites-violencia\/wp-json\/wp\/v2\/pages\/65"}],"wp:attachment":[{"href":"https:\/\/www.upo.es\/investiga\/limites-violencia\/wp-json\/wp\/v2\/media?parent=118"}],"curies":[{"name":"wp","href":"https:\/\/api.w.org\/{rel}","templated":true}]}}