{"id":319,"date":"2019-03-04T10:28:49","date_gmt":"2019-03-04T10:28:49","guid":{"rendered":"https:\/\/www.upo.es\/investiga\/limites-violencia\/?page_id=319"},"modified":"2020-03-12T23:05:19","modified_gmt":"2020-03-12T23:05:19","slug":"jorge-diaz-ceballos","status":"publish","type":"page","link":"https:\/\/www.upo.es\/investiga\/limites-violencia\/investigadores\/jorge-diaz-ceballos\/","title":{"rendered":"Jorge D\u00edaz Ceballos"},"content":{"rendered":"<p><img loading=\"lazy\" decoding=\"async\" class=\"size-medium wp-image-322 aligncenter\" src=\"https:\/\/www.upo.es\/investiga\/limites-violencia\/wp-content\/uploads\/2019\/03\/Jorge-D\u00edaz-Ceballos-2-300x291-300x291.jpg\" alt=\"\" width=\"300\" height=\"291\" \/><\/p>\n<p>Jorge D\u00edaz Ceballos es Licenciado en Historia por la Universidad de Cantabria (2007), MA in Latin American History por la New York University (2010) y Doctor en Historia y Estudios Human\u00edsticos por la UPO (2017) bajo la supervisi\u00f3n de Bethany Aram (UPO) y Tom\u00e1s A. Mantec\u00f3n (UC). Su tesis, de pr\u00f3xima publicaci\u00f3n en Marcial Pons con el t\u00edtulo \u201cPoder compartido. Rep\u00fablicas urbanas, Monarqu\u00eda y conversaci\u00f3n en Castilla del Oro, 1508-1573\u201d, es un estudio \u201cdesde abajo\u201d sobre las relaciones de poder entre las ciudades fundadas en el istmo de Panam\u00e1 y la Monarqu\u00eda Hisp\u00e1nica a lo largo del siglo XVI con el problema de la relaci\u00f3n con los ind\u00edgenas y la negociaci\u00f3n de la jurisdicci\u00f3n en el centro del conflicto. Es miembro desde 2016 del proyecto ERC \u201cArtEmpire: conquest, commerce, crisis, culture, adn the Panamanian Junction, 1513-1671\u201d, dirigido por Bethany Aram en la UPO. Ha publicado art\u00edculos en revistas de impacto como Colonial Latin American Review y Nuevo Mundo, Mundos Nuevos y en diversos libros colectivos. En la actualidad trabaja en un an\u00e1lisis de la violencia interpersonal e inter\u00e9tnica en el contexto urbano de Panam\u00e1 en la \u00e9poca colonial con fuentes archiv\u00edsticas y arqueol\u00f3gicas. Desde septiembre de 2019 es Max Weber posdoctoral fellow en el European University Insitute de Florencia como\u00a0 con un proyecto sobre los usos de la justicia en el contexto transatl\u00e1ntico.<\/p>\n<p><a href=\"http:\/\/upo.academia.edu\/JorgeDiazCeballos\">Perfil en Academia.edu<\/a><\/p>\n","protected":false},"excerpt":{"rendered":"<p>Jorge D\u00edaz Ceballos es Licenciado en Historia por la Universidad de Cantabria (2007), MA in Latin American History por la New York University (2010) y Doctor en Historia y Estudios Human\u00edsticos por la UPO (2017) bajo la supervisi\u00f3n de Bethany Aram (UPO) y Tom\u00e1s A. Mantec\u00f3n (UC). Su tesis, de pr\u00f3xima publicaci\u00f3n en Marcial Pons [&hellip;]<\/p>\n","protected":false},"author":1,"featured_media":0,"parent":65,"menu_order":3,"comment_status":"closed","ping_status":"closed","template":"","meta":{"footnotes":""},"class_list":["post-319","page","type-page","status-publish","hentry","post-preview"],"_links":{"self":[{"href":"https:\/\/www.upo.es\/investiga\/limites-violencia\/wp-json\/wp\/v2\/pages\/319","targetHints":{"allow":["GET"]}}],"collection":[{"href":"https:\/\/www.upo.es\/investiga\/limites-violencia\/wp-json\/wp\/v2\/pages"}],"about":[{"href":"https:\/\/www.upo.es\/investiga\/limites-violencia\/wp-json\/wp\/v2\/types\/page"}],"author":[{"embeddable":true,"href":"https:\/\/www.upo.es\/investiga\/limites-violencia\/wp-json\/wp\/v2\/users\/1"}],"replies":[{"embeddable":true,"href":"https:\/\/www.upo.es\/investiga\/limites-violencia\/wp-json\/wp\/v2\/comments?post=319"}],"version-history":[{"count":4,"href":"https:\/\/www.upo.es\/investiga\/limites-violencia\/wp-json\/wp\/v2\/pages\/319\/revisions"}],"predecessor-version":[{"id":394,"href":"https:\/\/www.upo.es\/investiga\/limites-violencia\/wp-json\/wp\/v2\/pages\/319\/revisions\/394"}],"up":[{"embeddable":true,"href":"https:\/\/www.upo.es\/investiga\/limites-violencia\/wp-json\/wp\/v2\/pages\/65"}],"wp:attachment":[{"href":"https:\/\/www.upo.es\/investiga\/limites-violencia\/wp-json\/wp\/v2\/media?parent=319"}],"curies":[{"name":"wp","href":"https:\/\/api.w.org\/{rel}","templated":true}]}}

Jorge Díaz Ceballos

<p><img loading="lazy" decoding="async" class="size-medium wp-image-322 aligncenter" src="https://www.upo.es/investiga/limites-violencia/wp-content/uploads/2019/03/Jorge-Díaz-Ceballos-2-300x291-300x291.jpg" alt="" width="300" height="291" /></p>
<p>Jorge Díaz Ceballos es Licenciado en Historia por la Universidad de Cantabria (2007), MA in Latin American History por la New York University (2010) y Doctor en Historia y Estudios Humanísticos por la UPO (2017) bajo la supervisión de Bethany Aram (UPO) y Tomás A. Mantecón (UC). Su tesis, de próxima publicación en Marcial Pons con el título “Poder compartido. Repúblicas urbanas, Monarquía y conversación en Castilla del Oro, 1508-1573”, es un estudio “desde abajo” sobre las relaciones de poder entre las ciudades fundadas en el istmo de Panamá y la Monarquía Hispánica a lo largo del siglo XVI con el problema de la relación con los indígenas y la negociación de la jurisdicción en el centro del conflicto. Es miembro desde 2016 del proyecto ERC “ArtEmpire: conquest, commerce, crisis, culture, adn the Panamanian Junction, 1513-1671”, dirigido por Bethany Aram en la UPO. Ha publicado artículos en revistas de impacto como Colonial Latin American Review y Nuevo Mundo, Mundos Nuevos y en diversos libros colectivos. En la actualidad trabaja en un análisis de la violencia interpersonal e interétnica en el contexto urbano de Panamá en la época colonial con fuentes archivísticas y arqueológicas. Desde septiembre de 2019 es Max Weber posdoctoral fellow en el European University Insitute de Florencia como  con un proyecto sobre los usos de la justicia en el contexto transatlántico.</p>
<p><a href="http://upo.academia.edu/JorgeDiazCeballos">Perfil en Academia.edu</a></p>

<p>Jorge Díaz Ceballos es Licenciado en Historia por la Universidad de Cantabria (2007), MA in Latin American History por la New York University (2010) y Doctor en Historia y Estudios Humanísticos por la UPO (2017) bajo la supervisión de Bethany Aram (UPO) y Tomás A. Mantecón (UC). Su tesis, de próxima publicación en Marcial Pons [&hellip;]</p>
