{"id":353,"date":"2019-03-04T11:26:42","date_gmt":"2019-03-04T11:26:42","guid":{"rendered":"https:\/\/www.upo.es\/investiga\/limites-violencia\/?page_id=353"},"modified":"2020-07-20T09:44:59","modified_gmt":"2020-07-20T09:44:59","slug":"antonio-real-botija","status":"publish","type":"page","link":"https:\/\/www.upo.es\/investiga\/limites-violencia\/investigadores\/antonio-real-botija\/","title":{"rendered":"Antonio Real Botija"},"content":{"rendered":"\n<figure class=\"wp-block-image size-large\"><img loading=\"lazy\" decoding=\"async\" width=\"768\" height=\"1024\" src=\"https:\/\/www.upo.es\/investiga\/limites-violencia\/wp-content\/uploads\/2020\/07\/Fotografi\u0301a-2-768x1024.jpg\" alt=\"\" class=\"wp-image-410\" srcset=\"https:\/\/www.upo.es\/investiga\/limites-violencia\/wp-content\/uploads\/2020\/07\/Fotografi\u0301a-2-768x1024.jpg 768w, https:\/\/www.upo.es\/investiga\/limites-violencia\/wp-content\/uploads\/2020\/07\/Fotografi\u0301a-2-225x300.jpg 225w, https:\/\/www.upo.es\/investiga\/limites-violencia\/wp-content\/uploads\/2020\/07\/Fotografi\u0301a-2-676x901.jpg 676w, https:\/\/www.upo.es\/investiga\/limites-violencia\/wp-content\/uploads\/2020\/07\/Fotografi\u0301a-2.jpg 960w\" sizes=\"auto, (max-width: 768px) 100vw, 768px\" \/><\/figure>\n\n\n<p>Antonio Real Botija es doctor en Historia Moderna en la Universidad Pablo de Olavide en cotutela con la Ludwig-Maximilians-Universit\u00e4t (2018). Su tesis vers\u00f3 sobre la relaci\u00f3n entre la Corona y los primeros escribanos de las islas Filipinas en el siglo XVI durante el reinado de Felipe II en el marco de la confluencia de dos procesos: la necesidad de hombres que dominaran la escritura en un enclave insular y alejado de otras posiciones de la Monarqu\u00eda Hisp\u00e1nica y, por otro lado, la intervenci\u00f3n de la Corona en la venta de oficios, especialmente de pluma, en la segunda mitad del siglo XVI. Ha realizado casi una decena de ponencias en congresos nacionales e internacionales y ha sido autor de rese\u00f1as sobre el periodo hisp\u00e1nico de las islas Filipinas y art\u00edculos sobre la Monarqu\u00eda Hisp\u00e1nica, la escritura y los escribanos. Acaba de publicar el libro derivado de su tesis en la editorial <a href=\"https:\/\/www.albatrosediciones.com\/coleccion.php?recordID=2&amp;nom=coleccion-historia-de-espana\">albatros<\/a>.<\/p>\n<p>Desde agosto de 2019 es \u00abassegnista di ricerca\u00bb del proyecto Prestiti forzosi e crisi del debito sovrano in Europa, proyecto liderado por el profesor Diego Sardone. El proyecto tiene como objeto investigar los pr\u00e9stamos forzosos en Espa\u00f1a e Italia durante la Edad Moderna y Contempor\u00e1nea. El caso castellano de la Edad Moderna se concentra en estudiar las requisas de los metales preciosos de las flotas de Indias que tuvieron lugar en Sevilla durante los siglos XVI y XVII.<\/p>","protected":false},"excerpt":{"rendered":"<p>Antonio Real Botija es doctor en Historia Moderna en la Universidad Pablo de Olavide en cotutela con la Ludwig-Maximilians-Universit\u00e4t (2018). Su tesis vers\u00f3 sobre la relaci\u00f3n entre la Corona y los primeros escribanos de las islas Filipinas en el siglo XVI durante el reinado de Felipe II en el marco de la confluencia de dos [&hellip;]<\/p>\n","protected":false},"author":1,"featured_media":0,"parent":65,"menu_order":13,"comment_status":"closed","ping_status":"closed","template":"","meta":{"footnotes":""},"class_list":["post-353","page","type-page","status-publish","hentry","post-preview"],"_links":{"self":[{"href":"https:\/\/www.upo.es\/investiga\/limites-violencia\/wp-json\/wp\/v2\/pages\/353","targetHints":{"allow":["GET"]}}],"collection":[{"href":"https:\/\/www.upo.es\/investiga\/limites-violencia\/wp-json\/wp\/v2\/pages"}],"about":[{"href":"https:\/\/www.upo.es\/investiga\/limites-violencia\/wp-json\/wp\/v2\/types\/page"}],"author":[{"embeddable":true,"href":"https:\/\/www.upo.es\/investiga\/limites-violencia\/wp-json\/wp\/v2\/users\/1"}],"replies":[{"embeddable":true,"href":"https:\/\/www.upo.es\/investiga\/limites-violencia\/wp-json\/wp\/v2\/comments?post=353"}],"version-history":[{"count":2,"href":"https:\/\/www.upo.es\/investiga\/limites-violencia\/wp-json\/wp\/v2\/pages\/353\/revisions"}],"predecessor-version":[{"id":411,"href":"https:\/\/www.upo.es\/investiga\/limites-violencia\/wp-json\/wp\/v2\/pages\/353\/revisions\/411"}],"up":[{"embeddable":true,"href":"https:\/\/www.upo.es\/investiga\/limites-violencia\/wp-json\/wp\/v2\/pages\/65"}],"wp:attachment":[{"href":"https:\/\/www.upo.es\/investiga\/limites-violencia\/wp-json\/wp\/v2\/media?parent=353"}],"curies":[{"name":"wp","href":"https:\/\/api.w.org\/{rel}","templated":true}]}}