{"id":1403,"date":"2025-01-25T14:17:08","date_gmt":"2025-01-25T13:17:08","guid":{"rendered":"https:\/\/www.upo.es\/investiga\/proyectofactibles\/?page_id=1403"},"modified":"2026-04-20T11:09:13","modified_gmt":"2026-04-20T09:09:13","slug":"documentos-de-trabajos","status":"publish","type":"page","link":"https:\/\/www.upo.es\/investiga\/proyectofactibles\/documentos-de-trabajos\/","title":{"rendered":"DOCUMENTOS DE TRABAJOS"},"content":{"rendered":"\n<style>\n.hpt21 { max-width: 1100px; margin: 0 auto; font-family: -apple-system, BlinkMacSystemFont, 'Segoe UI', sans-serif; }\n.hpt21 h2 { font-size: 22px; font-weight: 300; letter-spacing: 5px; text-transform: uppercase; color: #3a3a3a; margin-bottom: 12px; text-align: center; }\n.hpt21 .hex-line { width: 60px; height: 3px; background: #F2B530; margin: 0 auto 2.5rem; border-radius: 2px; }\n.hpt21 h3 { font-size: 16px; font-weight: 600; color: #3a3a3a; margin: 2rem 0 12px; text-align: left; }\n.hpt21 ul { list-style: disc; padding-left: 1.5rem; margin: 0 0 1.5rem; }\n.hpt21 ul li { font-size: 15px; font-weight: 400; color: #555; line-height: 1.7; margin-bottom: 14px; text-align: left; }\n.hpt21 ul li em { font-style: italic; }\n.hpt21 ul li a { color: #378ADD; text-decoration: none; }\n.hpt21 ul li a:hover { text-decoration: underline; }\n@media (max-width: 600px) { .hpt21 h2 { font-size: 14px; letter-spacing: 3px; } .hpt21 h3 { font-size: 14px; } .hpt21 ul li { font-size: 13px; } .hpt21 { padding: 2rem 1rem 0; } }\n<\/style>\n<div class=\"hpt21\">\n    <h2>Documentos de Trabajo y Transferencia<\/h2>\n    <div class=\"hex-line\"><\/div>\n\n    <h3>Bases de aprendizaje<\/h3>\n    <ul>\n        <li>Garc\u00eda-Garc\u00eda, A., Andreu-Lara, C., Fern\u00e1ndez Salinas, V., Vah\u00ed-Serrano, A., Ll\u00e1cer Panti\u00f3n, R., Arregui-Pradas, R., Lara-Barranco, P., Melo-Montero, A., Torres-Guti\u00e9rrez, F. J., Prieto-Peinado, M., Garc\u00eda-Perera, J. M., Callej\u00f3n-Chinchilla, M. D., Donadei, M., Ortega Estepa, M., de Castro-Maqueda, R., L\u00f3pez-Casado, D. y Tirado-Garc\u00eda, I. (2024). Matriz de categor\u00edas y registros para la trazabilidad de una pr\u00e1ctica art\u00edstica participativa orientada al espacio p\u00fablico. Zenodo. <a href=\"https:\/\/doi.org\/10.5281\/zenodo.12546927\" target=\"_blank\">https:\/\/doi.org\/10.5281\/zenodo.12546927<\/a><\/li>\n        <li>Garc\u00eda-Garc\u00eda, A., Andreu-Lara, C., Fern\u00e1ndez Salinas, V., Vah\u00ed-Serrano, A., Ll\u00e1cer Panti\u00f3n, R., Arregui-Pradas, R., Lara-Barranco, P., Melo-Montero, A., Torres-Guti\u00e9rrez, F. J., Prieto-Peinado, M., Garc\u00eda-Perera, J. M., Callej\u00f3n-Chinchilla, M. D., Donadei, M., Ortega Estepa, M., de Castro-Maqueda, R., L\u00f3pez-Casado, D. y Tirado-Garc\u00eda, I. (2024). Glosario para la categorizaci\u00f3n de las pr\u00e1cticas art\u00edsticas participativas orientadas al espacio p\u00fablico. Zenodo. <a href=\"https:\/\/doi.org\/10.5281\/zenodo.11202679\" target=\"_blank\">https:\/\/doi.org\/10.5281\/zenodo.11202679<\/a><\/li>\n    <\/ul>\n\n    <h3>Seminario Arte, participaci\u00f3n y espacio p\u00fablico:<\/h3>\n    <ul>\n        <li>Almagro, J. M. (2024). Cinema Usera, A.V. Zof\u00edo. <em>Seminario Arte, Participaci\u00f3n y Espacio p\u00fablico<\/em>, Sevilla, 22-23 febrero. <a href=\"https:\/\/doi.org\/10.5281\/zenodo.12666201\" target=\"_blank\">https:\/\/doi.org\/10.5281\/zenodo.12666201<\/a><\/li>\n        <li>Donadei, M. y Fern\u00e1ndez Salinas, V. (2024). Estrategias y procesos participativos. <em>Seminario Arte, Participaci\u00f3n y Espacio p\u00fablico<\/em>, Sevilla, 22-23 febrero. Rese\u00f1a. <a href=\"https:\/\/doi.org\/10.5281\/zenodo.12547913\" target=\"_blank\">https:\/\/doi.org\/10.5281\/zenodo.12547913<\/a><\/li>\n        <li>Fern\u00e1ndez-Salinas, V. y Lara-Barranco, P. (2024). Mesa 4: Experiencias en el \u00e1mbito local. Aprendizajes. <em>Seminario Arte, Participaci\u00f3n y Espacio p\u00fablico<\/em>, Sevilla, 22-23 febrero. Rese\u00f1a. <a href=\"https:\/\/doi.org\/10.5281\/zenodo.12548049\" target=\"_blank\">https:\/\/doi.org\/10.5281\/zenodo.12548049<\/a><\/li>\n        <li>Fern\u00e1ndez-Salinas, V. (2024). Mesa 3: Escenarios de evaluaci\u00f3n y aprendizaje. <em>Seminario Arte, Participaci\u00f3n y Espacio p\u00fablico<\/em>, Sevilla, 22-23 febrero. Rese\u00f1a. <a href=\"https:\/\/doi.org\/10.5281\/zenodo.12547985\" target=\"_blank\">https:\/\/doi.org\/10.5281\/zenodo.12547985<\/a><\/li>\n        <li>Fern\u00e1ndez-Salinas, V. y Ll\u00e1cer-Panti\u00f3n, R. (2024). Mesa 1: Acci\u00f3n, comunidad y lugar. <em>Seminario Arte, Participaci\u00f3n y Espacio p\u00fablico<\/em>, Sevilla, 22-23 febrero. Rese\u00f1a. <a href=\"https:\/\/doi.org\/10.5281\/zenodo.12547748\" target=\"_blank\">https:\/\/doi.org\/10.5281\/zenodo.12547748<\/a><\/li>\n        <li>Olivares, B. (2024). Paredes y persianas con alma, Barcelona. <em>Seminario Arte, Participaci\u00f3n y Espacio p\u00fablico<\/em>, Sevilla, 22-23 febrero. <a href=\"https:\/\/doi.org\/10.5281\/zenodo.12666274\" target=\"_blank\">https:\/\/doi.org\/10.5281\/zenodo.12666274<\/a><\/li>\n        <li>Ortega-Estepa, M. (2024). Pol\u00edgono Sur. <em>Seminario Arte, Participaci\u00f3n y Espacio p\u00fablico<\/em>, Sevilla, 22-23 febrero. <a href=\"https:\/\/doi.org\/10.5281\/zenodo.13135956\" target=\"_blank\">https:\/\/doi.org\/10.5281\/zenodo.13135956<\/a><\/li>\n        <li>Roman\u00ed Fern\u00e1ndez, L. (2024). KALDARTE. <em>Seminario Arte, Participaci\u00f3n y Espacio p\u00fablico<\/em>, Sevilla, 22-23 febrero. <a href=\"https:\/\/doi.org\/10.5281\/zenodo.12666068\" target=\"_blank\">https:\/\/doi.org\/10.5281\/zenodo.12666068<\/a><\/li>\n    <\/ul>\n\n    <h3>Proyecto de intervenci\u00f3n APLICA<\/h3>\n    <ul>\n        <li>Andreu-Lara, C., Arregui-Pradas, R., Callej\u00f3n-Chinchilla, D., Prieto-Peinado, M., Tirado Garc\u00eda, I. y Torres-Guti\u00e9rrez, F. J. (2024). Pensar la plaza. Proyecto Plaza Doctor Pedro Vallina: por un espacio p\u00fablico de calidad. Zenodo. <a href=\"https:\/\/doi.org\/10.5281\/zenodo.11400341\" target=\"_blank\">https:\/\/doi.org\/10.5281\/zenodo.11400341<\/a><\/li>\n        <li>Andreu-Lara, C., Arregui-Pradas, R., Callej\u00f3n Chinchilla, D., Donadei, M., Garc\u00eda-Garc\u00eda, A., Lara-Barranco, P., Ll\u00e1cer Panti\u00f3n, R., Prieto-Peinado, M. y Tirado Garc\u00eda, I. (2024). APLICA: Fases y acciones. Zenodo, <a href=\"https:\/\/doi.org\/10.5281\/zenodo.12785585\" target=\"_blank\">https:\/\/doi.org\/10.5281\/zenodo.12785585<\/a><\/li>\n        <li>Andreu-Lara, C., Arregui-Pradas, R., Garc\u00eda-Garc\u00eda, A., Ll\u00e1cer Panti\u00f3n, R., Prieto Peinado, M., Tirado Garc\u00eda, I. y Torres Guti\u00e9rrez, F. J. (2024). S\u00ed es una plaza. Intervenci\u00f3n art\u00edstica y participativa en la plaza Dr. Pedro Vallina de Sevilla. Memoria de propuesta. <a href=\"https:\/\/doi.org\/10.5281\/zenodo.14065701\" target=\"_blank\">https:\/\/doi.org\/10.5281\/zenodo.14065701<\/a><\/li>\n    <\/ul>\n\n    <h3>Fichas de caracterizaci\u00f3n de caso<\/h3>\n    <ul>\n        <li>Andreu Lara, C., Fern\u00e1ndez Salinas, V., &amp; Garc\u00eda-Garc\u00eda, A. (2026). MAUS M\u00e1laga: Ficha de caracterizaci\u00f3n del caso de estudio en el contexto del Proyecto de Investigaci\u00f3n FACTIBLES. Zenodo. <a href=\"https:\/\/doi.org\/10.5281\/zenodo.19455477\" target=\"_blank\">https:\/\/doi.org\/10.5281\/zenodo.19455477<\/a><\/li>\n        <li>Andreu Lara, C., &amp; Castro Maqueda, R. de . (2026). As Pontes en Pezas: Ficha de caracterizaci\u00f3n del caso de estudio en el contexto del Proyecto de Investigaci\u00f3n FACTIBLES. Zenodo. <a href=\"https:\/\/doi.org\/10.5281\/zenodo.19455297\" target=\"_blank\">https:\/\/doi.org\/10.5281\/zenodo.19455297<\/a><\/li>\n        <li>Andreu Lara, C., &amp; Garc\u00eda-Garc\u00eda, A. (2026). Jardines en el Aire: Ficha de caracterizaci\u00f3n. Zenodo. <a href=\"https:\/\/doi.org\/10.5281\/zenodo.19455195\" target=\"_blank\">https:\/\/doi.org\/10.5281\/zenodo.19455195<\/a><\/li>\n        <li>Andreu Lara, C., &amp; Torres Guti\u00e9rrez, F. J. (2026). MODUL: Ficha de caracterizaci\u00f3n del caso de estudio en el contexto del Proyecto de Investigaci\u00f3n FACTIBLES. Zenodo. <a href=\"https:\/\/doi.org\/10.5281\/zenodo.19454894\" target=\"_blank\">https:\/\/doi.org\/10.5281\/zenodo.19454894<\/a><\/li>\n        <li>Arregui-Pradas, R., &amp; Ll\u00e1cer Panti\u00f3n, R. (2026). Monumento C\u00e1rcel de Mujeres de les Corts: Ficha de caracterizaci\u00f3n del caso de estudio en el contexto del Proyecto de Investigaci\u00f3n FACTIBLES. Zenodo. <a href=\"https:\/\/doi.org\/10.5281\/zenodo.19454791\" target=\"_blank\">https:\/\/doi.org\/10.5281\/zenodo.19454791<\/a><\/li>\n        <li>Fern\u00e1ndez Salinas, V., &amp; Ll\u00e1cer Panti\u00f3n, R. (2026). Acupuntura de un espacio: Ficha de caracterizaci\u00f3n del caso de estudio en el contexto del Proyecto de Investigaci\u00f3n FACTIBLES. Zenodo. <a href=\"https:\/\/doi.org\/10.5281\/zenodo.19454644\" target=\"_blank\">https:\/\/doi.org\/10.5281\/zenodo.19454644<\/a><\/li>\n        <li>Ll\u00e1cer Panti\u00f3n, R., &amp; Vah\u00ed-Serrano, A. (2026). Huerta de Tetu\u00e1n: Ficha de caracterizaci\u00f3n del caso de estudio en el contexto del Proyecto de Investigaci\u00f3n FACTIBLES. Zenodo. <a href=\"https:\/\/doi.org\/10.5281\/zenodo.19454077\" target=\"_blank\">https:\/\/doi.org\/10.5281\/zenodo.19454077<\/a><\/li>\n        <li>Lara-Barranco, P., &amp; Vah\u00ed-Serrano, A. (2026). Esta es una Plaza: Ficha de caracterizaci\u00f3n del caso de estudio en el contexto del Proyecto de Investigaci\u00f3n FACTIBLES. Zenodo. <a href=\"https:\/\/doi.org\/10.5281\/zenodo.19443515\" target=\"_blank\">https:\/\/doi.org\/10.5281\/zenodo.19443515<\/a><\/li>\n        <li>Garc\u00eda-Garc\u00eda, A., &amp; Lara-Barranco, P. (2026). Cinema Usera: Ficha de caracterizaci\u00f3n del caso de estudio en el contexto del Proyecto de Investigaci\u00f3n FACTIBLES. Zenodo. <a href=\"https:\/\/doi.org\/10.5281\/zenodo.18814012\" target=\"_blank\">https:\/\/doi.org\/10.5281\/zenodo.18814012<\/a><\/li>\n    <\/ul>\n<\/div>\n","protected":false},"excerpt":{"rendered":"<p>Documentos de Trabajo y Transferencia Bases de aprendizaje Garc\u00eda-Garc\u00eda, A., Andreu-Lara, C., Fern\u00e1ndez Salinas, V., Vah\u00ed-Serrano, A., Ll\u00e1cer Panti\u00f3n, R., Arregui-Pradas, R., Lara-Barranco, P., Melo-Montero, A., Torres-Guti\u00e9rrez, F. J., Prieto-Peinado, M., Garc\u00eda-Perera, J. M., Callej\u00f3n-Chinchilla, M. D., Donadei, M., Ortega Estepa, M., de Castro-Maqueda, R., L\u00f3pez-Casado, D. y Tirado-Garc\u00eda, I. (2024). Matriz de categor\u00edas y [&hellip;]<\/p>\n","protected":false},"author":1,"featured_media":0,"parent":0,"menu_order":0,"comment_status":"closed","ping_status":"closed","template":"","meta":{"footnotes":""},"class_list":["post-1403","page","type-page","status-publish","hentry"],"blocksy_meta":[],"_links":{"self":[{"href":"https:\/\/www.upo.es\/investiga\/proyectofactibles\/wp-json\/wp\/v2\/pages\/1403","targetHints":{"allow":["GET"]}}],"collection":[{"href":"https:\/\/www.upo.es\/investiga\/proyectofactibles\/wp-json\/wp\/v2\/pages"}],"about":[{"href":"https:\/\/www.upo.es\/investiga\/proyectofactibles\/wp-json\/wp\/v2\/types\/page"}],"author":[{"embeddable":true,"href":"https:\/\/www.upo.es\/investiga\/proyectofactibles\/wp-json\/wp\/v2\/users\/1"}],"replies":[{"embeddable":true,"href":"https:\/\/www.upo.es\/investiga\/proyectofactibles\/wp-json\/wp\/v2\/comments?post=1403"}],"version-history":[{"count":6,"href":"https:\/\/www.upo.es\/investiga\/proyectofactibles\/wp-json\/wp\/v2\/pages\/1403\/revisions"}],"predecessor-version":[{"id":1628,"href":"https:\/\/www.upo.es\/investiga\/proyectofactibles\/wp-json\/wp\/v2\/pages\/1403\/revisions\/1628"}],"wp:attachment":[{"href":"https:\/\/www.upo.es\/investiga\/proyectofactibles\/wp-json\/wp\/v2\/media?parent=1403"}],"curies":[{"name":"wp","href":"https:\/\/api.w.org\/{rel}","templated":true}]}}