{"id":130,"date":"2021-01-20T16:27:05","date_gmt":"2021-01-20T16:27:05","guid":{"rendered":"https:\/\/www.upo.es\/metropoliand\/?page_id=130"},"modified":"2021-03-08T16:22:21","modified_gmt":"2021-03-08T16:22:21","slug":"resumen-y-tabla-metodologica-del-proyecto-de-investigacion","status":"publish","type":"page","link":"https:\/\/www.upo.es\/metropoliand\/resumen-y-tabla-metodologica-del-proyecto-de-investigacion\/","title":{"rendered":"Resumen y tabla metodol\u00f3gica del proyecto"},"content":{"rendered":"\n<p>MetropoliAnd_ es un proyecto de investigaci\u00f3n que tiene como objetivo analizar las posibilidades de impulsar el modelo estrat\u00e9gico de gobernanza en las \u00c1reas Metropolitanas de Andaluc\u00eda a partir de los planes estrat\u00e9gicos de ciudad.<\/p>\n\n\n\n<p>Los procesos de desarrollo de las ciudades contempor\u00e1neas pasan por la conformaci\u00f3n de din\u00e1micas metropolitanas que tiene como consecuencia que los principales restos del desarrollo urbano en t\u00e9rminos econ\u00f3micos, sociales y medioambientales se tengan que resolver a escala metropolitana.<\/p>\n\n\n\n<p>Esto provoca una distancia entre la ciudad real y la ciudad administrativa, puesto que se requiere la propuesta de pol\u00edticas p\u00fablicas que superen las demarcaciones municipales. Son muchas y variadas las f\u00f3rmulas de cooperaci\u00f3n interinstitucional para dar respuesta a esta nueva dimensi\u00f3n metropolitana de los problemas urbanos, y una de ellas es la denominada como gobernanza a partir de planes estrat\u00e9gicos urbanos.<\/p>\n\n\n\n<p>En Andaluc\u00eda, m\u00e1s del 70% de la poblaci\u00f3n reside en \u00e1reas metropolitanas y son 10 las existentes en la regi\u00f3n. Por ello, se hace necesario un conocimiento adecuado de los distintos sistemas de articulaci\u00f3n de pol\u00edticas p\u00fablicas existentes a escala metropolitana y c\u00f3mo es posible desarrollar la gobernanza estrat\u00e9gica metropolitana como un instrumento de respuesta a los nuevos retos que plantea el desarrollo urbano sostenible e integrado.<\/p>\n\n\n\n<p>El Proyecto MetropoliAnd_ tiene como finalidad determinar las condiciones para impulsar los mecanismos a partir de los cuales plantear el modelo estrat\u00e9gico de gobernanza en las \u00e1reas metropolitanas de Andaluc\u00eda a partir de:<\/p>\n\n\n\n<ul class=\"wp-block-list\"><li>El an\u00e1lisis de la orientaci\u00f3n metropolitana de los planes estrat\u00e9gicos urbanos existentes en las ciudades andaluzas<\/li><li>La caracterizaci\u00f3n de las \u00e1reas metropolitanas de Andaluc\u00eda y de los modelos de gobernanza que se est\u00e1n aplicando en los mismos.<\/li><li>Y la valoraci\u00f3n de los gobiernos locales de las \u00e1reas metropolitanas y de la visi\u00f3n de otros actores p\u00fablicos y privados de las mismas.<\/li><\/ul>\n","protected":false},"excerpt":{"rendered":"<p>MetropoliAnd_ es un proyecto de investigaci\u00f3n que tiene como objetivo analizar las posibilidades de impulsar el modelo estrat\u00e9gico de gobernanza en las \u00c1reas Metropolitanas de Andaluc\u00eda a partir de los &#8230;<\/p>\n","protected":false},"author":1,"featured_media":93,"parent":0,"menu_order":0,"comment_status":"closed","ping_status":"closed","template":"","meta":{"_EventAllDay":false,"_EventTimezone":"","_EventStartDate":"","_EventEndDate":"","_EventStartDateUTC":"","_EventEndDateUTC":"","_EventShowMap":false,"_EventShowMapLink":false,"_EventURL":"","_EventCost":"","_EventCostDescription":"","_EventCurrencySymbol":"","_EventCurrencyCode":"","_EventCurrencyPosition":"","_EventDateTimeSeparator":"","_EventTimeRangeSeparator":"","_EventOrganizerID":[],"_EventVenueID":0,"_OrganizerEmail":"","_OrganizerPhone":"","_OrganizerWebsite":"","_VenueAddress":"","_VenueCity":"","_VenueCountry":"","_VenueProvince":"","_VenueZip":"","_VenuePhone":"","_VenueURL":"","_VenueStateProvince":"","_VenueLat":"","_VenueLng":"","footnotes":""},"class_list":["post-130","page","type-page","status-publish","has-post-thumbnail","hentry"],"_links":{"self":[{"href":"https:\/\/www.upo.es\/metropoliand\/wp-json\/wp\/v2\/pages\/130","targetHints":{"allow":["GET"]}}],"collection":[{"href":"https:\/\/www.upo.es\/metropoliand\/wp-json\/wp\/v2\/pages"}],"about":[{"href":"https:\/\/www.upo.es\/metropoliand\/wp-json\/wp\/v2\/types\/page"}],"author":[{"embeddable":true,"href":"https:\/\/www.upo.es\/metropoliand\/wp-json\/wp\/v2\/users\/1"}],"replies":[{"embeddable":true,"href":"https:\/\/www.upo.es\/metropoliand\/wp-json\/wp\/v2\/comments?post=130"}],"version-history":[{"count":2,"href":"https:\/\/www.upo.es\/metropoliand\/wp-json\/wp\/v2\/pages\/130\/revisions"}],"predecessor-version":[{"id":268,"href":"https:\/\/www.upo.es\/metropoliand\/wp-json\/wp\/v2\/pages\/130\/revisions\/268"}],"wp:featuredmedia":[{"embeddable":true,"href":"https:\/\/www.upo.es\/metropoliand\/wp-json\/wp\/v2\/media\/93"}],"wp:attachment":[{"href":"https:\/\/www.upo.es\/metropoliand\/wp-json\/wp\/v2\/media?parent=130"}],"curies":[{"name":"wp","href":"https:\/\/api.w.org\/{rel}","templated":true}]}}