{"id":134,"date":"2021-01-20T16:31:18","date_gmt":"2021-01-20T16:31:18","guid":{"rendered":"https:\/\/www.upo.es\/metropoliand\/?page_id=134"},"modified":"2021-03-08T16:23:32","modified_gmt":"2021-03-08T16:23:32","slug":"bloque-2-planificacion-estrategica-urbana-y-gobernanza-metropolitana","status":"publish","type":"page","link":"https:\/\/www.upo.es\/metropoliand\/bloque-2-planificacion-estrategica-urbana-y-gobernanza-metropolitana\/","title":{"rendered":"Planificaci\u00f3n estrat\u00e9gica urbana y gobernanza metropolitana"},"content":{"rendered":"\n<p>Para impulsar el modelo estrat\u00e9gico de gobernanza en las \u00c1reas Metropolitanas de Andaluc\u00eda, es necesario conocer el contexto actual de los planes estrat\u00e9gicos de los municipios de la comunidad aut\u00f3noma. Actualmente existen planes estrat\u00e9gicos de algunas ciudades que componen las \u00e1reas metropolitanas sobre las que vamos a investigar, al igual que algunos planes estrat\u00e9gicos a nivel mancomunidad y provincia que tambi\u00e9n aglutinan estos municipios. Desde MetropoliAnd_, planteamos una b\u00fasqueda rigurosa de los planes estrat\u00e9gicos vigentes y una clasificaci\u00f3n de los mismos atendiendo al tratamiento con el que se refieren al hecho metropolitano.<\/p>\n\n\n\n<p>Se plantea una clasificaci\u00f3n de los planes estrat\u00e9gicos de las ciudades a partir del tratamiento u orientaci\u00f3n que tienen hacia el hecho metropolitano en funci\u00f3n de c\u00f3mo se responde a esta realidad territorial en el marco de dichos planes estrat\u00e9gicos. Esta clasificaci\u00f3n se plantea en modo de continuo desde el punto de vista de la \u201cintensidad\u201d que el plan estrat\u00e9gico responde al hecho metropolitano:<\/p>\n\n\n\n<ol class=\"wp-block-list\"><li>No hay plan estrat\u00e9gico<\/li><li>El plan estrat\u00e9gico no contempla de ninguna forma el hecho o realidad metropolitana<\/li><li>El plan estrat\u00e9gico contempla la realidad metropolitana como un elemento externo, propio del contexto que incide en el propio plan estrat\u00e9gico de la ciudad.<\/li><li>El plan estrat\u00e9gico contempla la realidad metropolitana como un elemento interno que incide directamente en el desarrollo de la ciudad.<\/li><li>El plan estrat\u00e9gico de la ciudad integra en s\u00ed mismo la necesidad de impulsar un plan estrat\u00e9gico del \u00e1rea metropolitana, y por lo tanto se entienden como convivientes y articulados.<\/li><li>El plan estrat\u00e9gico de la ciudad plantea la necesidad de transformarse en un plan estrat\u00e9gico de escala metropolitana para promover el desarrollo de la ciudad.<\/li><li>El plan estrat\u00e9gico de la ciudad se plantea como un plan estrat\u00e9gico propio para toda el \u00e1rea metropolitana y por lo tanto es en s\u00ed mismo una respuesta completa al desarrollo metropolitano.<\/li><\/ol>\n","protected":false},"excerpt":{"rendered":"<p>Para impulsar el modelo estrat\u00e9gico de gobernanza en las \u00c1reas Metropolitanas de Andaluc\u00eda, es necesario conocer el contexto actual de los planes estrat\u00e9gicos de los municipios de la comunidad aut\u00f3noma. &#8230;<\/p>\n","protected":false},"author":1,"featured_media":96,"parent":0,"menu_order":0,"comment_status":"closed","ping_status":"closed","template":"","meta":{"_EventAllDay":false,"_EventTimezone":"","_EventStartDate":"","_EventEndDate":"","_EventStartDateUTC":"","_EventEndDateUTC":"","_EventShowMap":false,"_EventShowMapLink":false,"_EventURL":"","_EventCost":"","_EventCostDescription":"","_EventCurrencySymbol":"","_EventCurrencyCode":"","_EventCurrencyPosition":"","_EventDateTimeSeparator":"","_EventTimeRangeSeparator":"","_EventOrganizerID":[],"_EventVenueID":0,"_OrganizerEmail":"","_OrganizerPhone":"","_OrganizerWebsite":"","_VenueAddress":"","_VenueCity":"","_VenueCountry":"","_VenueProvince":"","_VenueZip":"","_VenuePhone":"","_VenueURL":"","_VenueStateProvince":"","_VenueLat":"","_VenueLng":"","footnotes":""},"class_list":["post-134","page","type-page","status-publish","has-post-thumbnail","hentry"],"_links":{"self":[{"href":"https:\/\/www.upo.es\/metropoliand\/wp-json\/wp\/v2\/pages\/134","targetHints":{"allow":["GET"]}}],"collection":[{"href":"https:\/\/www.upo.es\/metropoliand\/wp-json\/wp\/v2\/pages"}],"about":[{"href":"https:\/\/www.upo.es\/metropoliand\/wp-json\/wp\/v2\/types\/page"}],"author":[{"embeddable":true,"href":"https:\/\/www.upo.es\/metropoliand\/wp-json\/wp\/v2\/users\/1"}],"replies":[{"embeddable":true,"href":"https:\/\/www.upo.es\/metropoliand\/wp-json\/wp\/v2\/comments?post=134"}],"version-history":[{"count":3,"href":"https:\/\/www.upo.es\/metropoliand\/wp-json\/wp\/v2\/pages\/134\/revisions"}],"predecessor-version":[{"id":682,"href":"https:\/\/www.upo.es\/metropoliand\/wp-json\/wp\/v2\/pages\/134\/revisions\/682"}],"wp:featuredmedia":[{"embeddable":true,"href":"https:\/\/www.upo.es\/metropoliand\/wp-json\/wp\/v2\/media\/96"}],"wp:attachment":[{"href":"https:\/\/www.upo.es\/metropoliand\/wp-json\/wp\/v2\/media?parent=134"}],"curies":[{"name":"wp","href":"https:\/\/api.w.org\/{rel}","templated":true}]}}