{"id":536,"date":"2021-02-23T17:15:45","date_gmt":"2021-02-23T17:15:45","guid":{"rendered":"https:\/\/www.upo.es\/metropoliand\/?page_id=536"},"modified":"2021-02-25T10:22:49","modified_gmt":"2021-02-25T10:22:49","slug":"maria-angeles-huete-garcia-2","status":"publish","type":"page","link":"https:\/\/www.upo.es\/metropoliand\/maria-angeles-huete-garcia-2\/","title":{"rendered":"Mar\u00eda \u00c1ngeles Huete Garc\u00eda"},"content":{"rendered":"\t\t<div data-elementor-type=\"wp-page\" data-elementor-id=\"536\" class=\"elementor elementor-536\">\n\t\t\t\t\t\t\t\t\t<section class=\"elementor-section elementor-top-section elementor-element elementor-element-c017554 elementor-section-boxed elementor-section-height-default elementor-section-height-default\" data-id=\"c017554\" data-element_type=\"section\">\n\t\t\t\t\t\t<div class=\"elementor-container elementor-column-gap-default\">\n\t\t\t\t\t<div class=\"elementor-column elementor-col-100 elementor-top-column elementor-element elementor-element-8169b6e\" data-id=\"8169b6e\" data-element_type=\"column\">\n\t\t\t<div class=\"elementor-widget-wrap elementor-element-populated\">\n\t\t\t\t\t\t\t\t<section class=\"elementor-section elementor-inner-section elementor-element elementor-element-82418aa elementor-section-boxed elementor-section-height-default elementor-section-height-default\" data-id=\"82418aa\" data-element_type=\"section\">\n\t\t\t\t\t\t<div class=\"elementor-container elementor-column-gap-default\">\n\t\t\t\t\t<div class=\"elementor-column elementor-col-50 elementor-inner-column elementor-element elementor-element-f94aa04\" data-id=\"f94aa04\" data-element_type=\"column\">\n\t\t\t<div class=\"elementor-widget-wrap elementor-element-populated\">\n\t\t\t\t\t\t\t\t<div class=\"elementor-element elementor-element-1fb2529 elementor-widget elementor-widget-text-editor\" data-id=\"1fb2529\" data-element_type=\"widget\" data-widget_type=\"text-editor.default\">\n\t\t\t\t<div class=\"elementor-widget-container\">\n\t\t\t\t\t\t\t<p><b>Investigadora de MetropoliAnd_<\/b><\/p><p>Soci\u00f3loga especializada en pol\u00edticas p\u00fablicas urbanas, tema sobre los que ha publicado varios libros y art\u00edculos cient\u00edficos.<\/p><p>Formada en las Universidades de Salamanca y Pablo de Olavide \u00a0(Doctora en Sociolog\u00eda, con menci\u00f3n Europea), ha dirigido el Grupo de Investigaci\u00f3n en Gobernanza Urbana y Metropolitana (GUM-Z) de la Universidad Pablo de Olavide.<\/p><p>Es investigadora colaboradora del Instituto de Iberoam\u00e9rica de la Universidad de Salamanca y directora de la revista Am\u00e9rica Latina Hoy. Actualmente es secretaria del Comit\u00e9 de Sociolog\u00eda Urbana de la Federaci\u00f3n Espa\u00f1ola de Sociolog\u00eda. Entre 2015 y 2018 fue Vicedecana de Ordenaci\u00f3n Acad\u00e9mica de la Facultad de Ciencias Sociales de la Universidad Pablo de Olavide.<\/p><p>Actualmente es profesora de la Universidad Pablo de Olavide, en cuyo Departamento de Sociolog\u00eda imparte ense\u00f1anzas de grado, postgrado y doctorado.<\/p><p>Entre sus publicaciones recientes pueden destacarse:<\/p><p>\u00a0<\/p><ul><li>Variegated Europeanization and urban policy: Dynamics of policy transfer in France, Italy, Spain and the UK. Carpenter, J., Gonz\u00e1lez Medina, M., Huete Garc\u00eda, M. \u00c1., &amp; De Gregorio Hurtado, S. (2020). European Urban and Regional Studies, 27(3), 227\u2013245.\u00a0<a href=\"https:\/\/doi.org\/10.1177\/0969776419898508\">https:\/\/doi.org\/10.1177\/0969776419898508<\/a><\/li><li>Urban regeneration policy from the Model of Integrated Urban Development in the European Union: an analytical approach based on the study of Spanish cities. Huete Garc\u00eda, M.A.; Merinero Rodr\u00edguez, R. y Mu\u00f1oz, R. (2016). Local Government Studies N\u00ba 42, Vol. 2 pp: 267-286.<\/li><li>Los Sistemas Locales de Bienestar. Un an\u00e1lisis desde las pol\u00edticas de regeneraci\u00f3n urbana. Huete Garc\u00eda, M.A.; Merinero Rodr\u00edguez, R. y Mu\u00f1oz, R. (2015). Revista de Estudios Pol\u00edticos n\u00ba 169 (julio-septiembre de 2015), pp. 201-234.<\/li><li>The Role of Subnational Governments in the Cities of Tomorrow. The Urban Agenda for Andalusia. Merinero-Rodr\u00edguez, R. and Huete-Garc\u00eda, M.A. (2019): ,\u00a0pp. 231-263. En Armondi, S. and De Gregorio Hurtado, S. Foregrounding Urban Agendas. The New Urban Issue in European Experiences of Policy-Making. Springer, Cham.<\/li><\/ul>\t\t\t\t\t\t<\/div>\n\t\t\t\t<\/div>\n\t\t\t\t\t<\/div>\n\t\t<\/div>\n\t\t\t\t<div class=\"elementor-column elementor-col-50 elementor-inner-column elementor-element elementor-element-2fe8bb6\" data-id=\"2fe8bb6\" data-element_type=\"column\">\n\t\t\t<div class=\"elementor-widget-wrap elementor-element-populated\">\n\t\t\t\t\t\t\t\t<div class=\"elementor-element elementor-element-c716fa6 elementor-widget elementor-widget-image\" data-id=\"c716fa6\" data-element_type=\"widget\" data-widget_type=\"image.default\">\n\t\t\t\t<div class=\"elementor-widget-container\">\n\t\t\t\t\t\t\t\t\t\t\t\t\t\t\t<img loading=\"lazy\" decoding=\"async\" width=\"528\" height=\"542\" src=\"https:\/\/www.upo.es\/metropoliand\/wp-content\/uploads\/2021\/02\/Huete-web.png\" class=\"attachment-large size-large wp-image-286\" alt=\"\" srcset=\"https:\/\/www.upo.es\/metropoliand\/wp-content\/uploads\/2021\/02\/Huete-web.png 528w, https:\/\/www.upo.es\/metropoliand\/wp-content\/uploads\/2021\/02\/Huete-web-292x300.png 292w\" sizes=\"auto, (max-width: 528px) 100vw, 528px\" \/>\t\t\t\t\t\t\t\t\t\t\t\t\t\t\t<\/div>\n\t\t\t\t<\/div>\n\t\t\t\t<div class=\"elementor-element elementor-element-b850010 elementor-shape-rounded elementor-grid-0 e-grid-align-center elementor-widget elementor-widget-social-icons\" data-id=\"b850010\" data-element_type=\"widget\" data-widget_type=\"social-icons.default\">\n\t\t\t\t<div class=\"elementor-widget-container\">\n\t\t\t\t\t<div class=\"elementor-social-icons-wrapper elementor-grid\">\n\t\t\t\t\t\t\t<span class=\"elementor-grid-item\">\n\t\t\t\t\t<a class=\"elementor-icon elementor-social-icon elementor-social-icon-google elementor-repeater-item-57d1064\" href=\"https:\/\/scholar.google.es\/citations?user=7kpHRB0AAAAJ&#038;hl=es\" target=\"_blank\">\n\t\t\t\t\t\t<span class=\"elementor-screen-only\">Google<\/span>\n\t\t\t\t\t\t<i class=\"fab fa-google\"><\/i>\t\t\t\t\t<\/a>\n\t\t\t\t<\/span>\n\t\t\t\t\t\t\t<span class=\"elementor-grid-item\">\n\t\t\t\t\t<a class=\"elementor-icon elementor-social-icon elementor-social-icon-twitter elementor-repeater-item-1fd2d55\" href=\"https:\/\/twitter.com\/mahuegar\" target=\"_blank\">\n\t\t\t\t\t\t<span class=\"elementor-screen-only\">Twitter<\/span>\n\t\t\t\t\t\t<i class=\"fab fa-twitter\"><\/i>\t\t\t\t\t<\/a>\n\t\t\t\t<\/span>\n\t\t\t\t\t<\/div>\n\t\t\t\t<\/div>\n\t\t\t\t<\/div>\n\t\t\t\t\t<\/div>\n\t\t<\/div>\n\t\t\t\t\t\t\t<\/div>\n\t\t<\/section>\n\t\t\t\t\t<\/div>\n\t\t<\/div>\n\t\t\t\t\t\t\t<\/div>\n\t\t<\/section>\n\t\t\t\t\t\t\t<\/div>\n\t\t","protected":false},"excerpt":{"rendered":"<p>Investigadora de MetropoliAnd_ Soci\u00f3loga especializada en pol\u00edticas p\u00fablicas urbanas, tema sobre los que ha publicado varios libros y art\u00edculos cient\u00edficos. Formada en las Universidades de Salamanca y Pablo de Olavide &#8230;<\/p>\n","protected":false},"author":1,"featured_media":0,"parent":0,"menu_order":0,"comment_status":"closed","ping_status":"closed","template":"","meta":{"_EventAllDay":false,"_EventTimezone":"","_EventStartDate":"","_EventEndDate":"","_EventStartDateUTC":"","_EventEndDateUTC":"","_EventShowMap":false,"_EventShowMapLink":false,"_EventURL":"","_EventCost":"","_EventCostDescription":"","_EventCurrencySymbol":"","_EventCurrencyCode":"","_EventCurrencyPosition":"","_EventDateTimeSeparator":"","_EventTimeRangeSeparator":"","_EventOrganizerID":[],"_EventVenueID":0,"_OrganizerEmail":"","_OrganizerPhone":"","_OrganizerWebsite":"","_VenueAddress":"","_VenueCity":"","_VenueCountry":"","_VenueProvince":"","_VenueZip":"","_VenuePhone":"","_VenueURL":"","_VenueStateProvince":"","_VenueLat":"","_VenueLng":"","footnotes":""},"class_list":["post-536","page","type-page","status-publish","hentry"],"_links":{"self":[{"href":"https:\/\/www.upo.es\/metropoliand\/wp-json\/wp\/v2\/pages\/536","targetHints":{"allow":["GET"]}}],"collection":[{"href":"https:\/\/www.upo.es\/metropoliand\/wp-json\/wp\/v2\/pages"}],"about":[{"href":"https:\/\/www.upo.es\/metropoliand\/wp-json\/wp\/v2\/types\/page"}],"author":[{"embeddable":true,"href":"https:\/\/www.upo.es\/metropoliand\/wp-json\/wp\/v2\/users\/1"}],"replies":[{"embeddable":true,"href":"https:\/\/www.upo.es\/metropoliand\/wp-json\/wp\/v2\/comments?post=536"}],"version-history":[{"count":16,"href":"https:\/\/www.upo.es\/metropoliand\/wp-json\/wp\/v2\/pages\/536\/revisions"}],"predecessor-version":[{"id":560,"href":"https:\/\/www.upo.es\/metropoliand\/wp-json\/wp\/v2\/pages\/536\/revisions\/560"}],"wp:attachment":[{"href":"https:\/\/www.upo.es\/metropoliand\/wp-json\/wp\/v2\/media?parent=536"}],"curies":[{"name":"wp","href":"https:\/\/api.w.org\/{rel}","templated":true}]}}