{"id":561,"date":"2021-02-25T10:27:05","date_gmt":"2021-02-25T10:27:05","guid":{"rendered":"https:\/\/www.upo.es\/metropoliand\/?page_id=561"},"modified":"2021-03-04T12:24:52","modified_gmt":"2021-03-04T12:24:52","slug":"mariona-tomas-fornes","status":"publish","type":"page","link":"https:\/\/www.upo.es\/metropoliand\/mariona-tomas-fornes\/","title":{"rendered":"Mariona Tom\u00e0s Forn\u00e9s"},"content":{"rendered":"\t\t<div data-elementor-type=\"wp-page\" data-elementor-id=\"561\" class=\"elementor elementor-561\">\n\t\t\t\t\t\t\t\t\t<section class=\"elementor-section elementor-top-section elementor-element elementor-element-1e0f05b elementor-section-boxed elementor-section-height-default elementor-section-height-default\" data-id=\"1e0f05b\" data-element_type=\"section\">\n\t\t\t\t\t\t<div class=\"elementor-container elementor-column-gap-default\">\n\t\t\t\t\t<div class=\"elementor-column elementor-col-100 elementor-top-column elementor-element elementor-element-a011f67\" data-id=\"a011f67\" data-element_type=\"column\">\n\t\t\t<div class=\"elementor-widget-wrap elementor-element-populated\">\n\t\t\t\t\t\t\t\t<section class=\"elementor-section elementor-inner-section elementor-element elementor-element-e64de32 elementor-section-boxed elementor-section-height-default elementor-section-height-default\" data-id=\"e64de32\" data-element_type=\"section\">\n\t\t\t\t\t\t<div class=\"elementor-container elementor-column-gap-default\">\n\t\t\t\t\t<div class=\"elementor-column elementor-col-50 elementor-inner-column elementor-element elementor-element-7e5641e\" data-id=\"7e5641e\" data-element_type=\"column\">\n\t\t\t<div class=\"elementor-widget-wrap elementor-element-populated\">\n\t\t\t\t\t\t\t\t<div class=\"elementor-element elementor-element-76633a1 elementor-widget elementor-widget-text-editor\" data-id=\"76633a1\" data-element_type=\"widget\" data-widget_type=\"text-editor.default\">\n\t\t\t\t<div class=\"elementor-widget-container\">\n\t\t\t\t\t\t\t<p><span lang=\"ES\">Profesora Agregada Serra H\u00fanter de Ciencia Pol\u00edtica en la Universidad de Barcelona (UB) y miembro del Grup de Recerca en Estudis Locals (GREL), su investigaci\u00f3n se centra en la gobernanza metropolitana, las pol\u00edticas urbanas y el gobierno local. <br \/><\/span><\/p><p><span lang=\"ES\">Ha publicado varios cap\u00edtulos de libro, estudios comparados y art\u00edculos en revistas como International Journal of Urban and Regional Research, Urban Studies o Journal of Urban Affairs. Ha sido investigadora en el Instituto Nacional de Investigaci\u00f3n Cient\u00edfica de Quebec (INRS) y post doctoranda en la Universidad de Montreal. <br \/><\/span><\/p><p><span lang=\"ES\">Recibi\u00f3 la Medalla Acad\u00e9mica de Oro de la Gobernadora General de Canad\u00e1 y el premio del INRS por su doctorado en Estudios urbanos (2007). El a\u00f1o 2013 gan\u00f3 el primer premio del libro pol\u00edtico del Parlamento de Quebec por su libro sobre las reformas metropolitanas en Montreal (\u00abPenser m\u00e9tropolitain? La bataille politique du Grand Montr\u00e9al)\u00bb. En 2017 public\u00f3 un libro sobre el pensamiento metropolitano de Pasqual Maragall (\u00abGovernar la Barcelona real. <\/span>Pasqual Maragall i el dret de la ciutat metropolitana\u00bb).<span lang=\"ES-TRAD\"> <br \/><\/span><\/p><p><span lang=\"ES-TRAD\">En la actualidad, dirige un proyecto de investigaci\u00f3n sobre la participaci\u00f3n ciudadana en el \u00c1rea Metropolitana de Barcelona y un proyecto comparativo sobre la gobernanza metropolitana en Espa\u00f1a.<\/span><\/p>\t\t\t\t\t\t<\/div>\n\t\t\t\t<\/div>\n\t\t\t\t\t<\/div>\n\t\t<\/div>\n\t\t\t\t<div class=\"elementor-column elementor-col-50 elementor-inner-column elementor-element elementor-element-02800bc\" data-id=\"02800bc\" data-element_type=\"column\">\n\t\t\t<div class=\"elementor-widget-wrap elementor-element-populated\">\n\t\t\t\t\t\t\t\t<div class=\"elementor-element elementor-element-8eed3f2 elementor-widget elementor-widget-image\" data-id=\"8eed3f2\" data-element_type=\"widget\" data-widget_type=\"image.default\">\n\t\t\t\t<div class=\"elementor-widget-container\">\n\t\t\t\t\t\t\t\t\t\t\t\t\t\t\t<img loading=\"lazy\" decoding=\"async\" width=\"800\" height=\"800\" src=\"https:\/\/www.upo.es\/metropoliand\/wp-content\/uploads\/2021\/03\/Mariona-1024x1024.png\" class=\"attachment-large size-large wp-image-635\" alt=\"\" srcset=\"https:\/\/www.upo.es\/metropoliand\/wp-content\/uploads\/2021\/03\/Mariona-1024x1024.png 1024w, https:\/\/www.upo.es\/metropoliand\/wp-content\/uploads\/2021\/03\/Mariona-300x300.png 300w, https:\/\/www.upo.es\/metropoliand\/wp-content\/uploads\/2021\/03\/Mariona-150x150.png 150w, https:\/\/www.upo.es\/metropoliand\/wp-content\/uploads\/2021\/03\/Mariona-768x768.png 768w, https:\/\/www.upo.es\/metropoliand\/wp-content\/uploads\/2021\/03\/Mariona.png 1230w\" sizes=\"auto, (max-width: 800px) 100vw, 800px\" \/>\t\t\t\t\t\t\t\t\t\t\t\t\t\t\t<\/div>\n\t\t\t\t<\/div>\n\t\t\t\t<div class=\"elementor-element elementor-element-0dc7594 elementor-shape-rounded elementor-grid-0 e-grid-align-center elementor-widget elementor-widget-social-icons\" data-id=\"0dc7594\" data-element_type=\"widget\" data-widget_type=\"social-icons.default\">\n\t\t\t\t<div class=\"elementor-widget-container\">\n\t\t\t\t\t<div class=\"elementor-social-icons-wrapper elementor-grid\">\n\t\t\t\t\t\t\t<span class=\"elementor-grid-item\">\n\t\t\t\t\t<a class=\"elementor-icon elementor-social-icon elementor-social-icon-researchgate elementor-repeater-item-0bfcaf6\" href=\"https:\/\/www.researchgate.net\/profile\/Mariona-Tomas\" target=\"_blank\">\n\t\t\t\t\t\t<span class=\"elementor-screen-only\">Researchgate<\/span>\n\t\t\t\t\t\t<i class=\"fab fa-researchgate\"><\/i>\t\t\t\t\t<\/a>\n\t\t\t\t<\/span>\n\t\t\t\t\t\t\t<span class=\"elementor-grid-item\">\n\t\t\t\t\t<a class=\"elementor-icon elementor-social-icon elementor-social-icon-twitter elementor-repeater-item-5f6bb24\" href=\"https:\/\/twitter.com\/mariona_tomas\" target=\"_blank\">\n\t\t\t\t\t\t<span class=\"elementor-screen-only\">Twitter<\/span>\n\t\t\t\t\t\t<i class=\"fab fa-twitter\"><\/i>\t\t\t\t\t<\/a>\n\t\t\t\t<\/span>\n\t\t\t\t\t<\/div>\n\t\t\t\t<\/div>\n\t\t\t\t<\/div>\n\t\t\t\t\t<\/div>\n\t\t<\/div>\n\t\t\t\t\t\t\t<\/div>\n\t\t<\/section>\n\t\t\t\t\t<\/div>\n\t\t<\/div>\n\t\t\t\t\t\t\t<\/div>\n\t\t<\/section>\n\t\t\t\t\t\t\t<\/div>\n\t\t","protected":false},"excerpt":{"rendered":"<p>Profesora Agregada Serra H\u00fanter de Ciencia Pol\u00edtica en la Universidad de Barcelona (UB) y miembro del Grup de Recerca en Estudis Locals (GREL), su investigaci\u00f3n se centra en la gobernanza &#8230;<\/p>\n","protected":false},"author":1,"featured_media":0,"parent":0,"menu_order":0,"comment_status":"closed","ping_status":"closed","template":"","meta":{"_EventAllDay":false,"_EventTimezone":"","_EventStartDate":"","_EventEndDate":"","_EventStartDateUTC":"","_EventEndDateUTC":"","_EventShowMap":false,"_EventShowMapLink":false,"_EventURL":"","_EventCost":"","_EventCostDescription":"","_EventCurrencySymbol":"","_EventCurrencyCode":"","_EventCurrencyPosition":"","_EventDateTimeSeparator":"","_EventTimeRangeSeparator":"","_EventOrganizerID":[],"_EventVenueID":0,"_OrganizerEmail":"","_OrganizerPhone":"","_OrganizerWebsite":"","_VenueAddress":"","_VenueCity":"","_VenueCountry":"","_VenueProvince":"","_VenueZip":"","_VenuePhone":"","_VenueURL":"","_VenueStateProvince":"","_VenueLat":"","_VenueLng":"","footnotes":""},"class_list":["post-561","page","type-page","status-publish","hentry"],"_links":{"self":[{"href":"https:\/\/www.upo.es\/metropoliand\/wp-json\/wp\/v2\/pages\/561","targetHints":{"allow":["GET"]}}],"collection":[{"href":"https:\/\/www.upo.es\/metropoliand\/wp-json\/wp\/v2\/pages"}],"about":[{"href":"https:\/\/www.upo.es\/metropoliand\/wp-json\/wp\/v2\/types\/page"}],"author":[{"embeddable":true,"href":"https:\/\/www.upo.es\/metropoliand\/wp-json\/wp\/v2\/users\/1"}],"replies":[{"embeddable":true,"href":"https:\/\/www.upo.es\/metropoliand\/wp-json\/wp\/v2\/comments?post=561"}],"version-history":[{"count":13,"href":"https:\/\/www.upo.es\/metropoliand\/wp-json\/wp\/v2\/pages\/561\/revisions"}],"predecessor-version":[{"id":642,"href":"https:\/\/www.upo.es\/metropoliand\/wp-json\/wp\/v2\/pages\/561\/revisions\/642"}],"wp:attachment":[{"href":"https:\/\/www.upo.es\/metropoliand\/wp-json\/wp\/v2\/media?parent=561"}],"curies":[{"name":"wp","href":"https:\/\/api.w.org\/{rel}","templated":true}]}}