{"id":10731,"date":"2026-01-25T14:19:47","date_gmt":"2026-01-25T14:19:47","guid":{"rendered":"https:\/\/www.upo.es\/patio-colorado\/?page_id=10731"},"modified":"2026-02-28T20:01:03","modified_gmt":"2026-02-28T20:01:03","slug":"call-for-papers-2026","status":"publish","type":"page","link":"https:\/\/www.upo.es\/patio-colorado\/nuestra-revista\/envios\/call-for-papers-2026\/","title":{"rendered":"Call For Papers &#8211; N\u00fam. 03 (2026)"},"content":{"rendered":"<p><a href=\"https:\/\/www.upo.es\/patio-colorado\/nuestra-revista\/envios\/call-for-papers-2026\/call-for-papers-2026-2\/\" target=\"_blank\" rel=\"attachment noopener wp-att-10844\"><img loading=\"lazy\" decoding=\"async\" class=\"wp-image-10844 alignright\" src=\"https:\/\/www.upo.es\/patio-colorado\/wp-content\/uploads\/2026\/02\/CALL-FOR-PAPERS-2026-240x300.png\" alt=\"\" width=\"574\" height=\"718\" \/><\/a><\/p>\n<p>Con motivo del<strong><span style=\"color: #007a33;\"> D\u00eda de Andaluc\u00eda<\/span><\/strong>, nuestra revista\u00a0abre la\u00a0<strong>convocatoria de recepci\u00f3n de propuestas<\/strong>\u00a0para su\u00a0<span style=\"color: #b44320;\"><strong>N\u00fam. 03<\/strong><\/span>, cuyo\u00a0<strong>tema central\u00a0<\/strong>estar\u00e1 dedicado a\u00a0<strong>Sierra Morena<\/strong>.<\/p>\n<p><span data-olk-copy-source=\"MessageBody\">La convocatoria est\u00e1 dirigida tanto a integrantes de la Universidad Pablo de Olavide como a cualquier persona interesada en participar.<\/span><\/p>\n<p>\u00bfCon qu\u00e9 se puede contribuir?<\/p>\n<ul>\n<li>Art\u00edculos de investigaci\u00f3n\n<ul>\n<li>TFG o TFM (con calificaci\u00f3n m\u00ednima de notable), adaptados a formato de art\u00edculo<\/li>\n<\/ul>\n<\/li>\n<li>Recensiones<\/li>\n<li>Entrevistas y reportajes<\/li>\n<li>Creaciones literarias<\/li>\n<\/ul>\n<h1><strong>1| <\/strong>Env\u00edo de la propuesta \u2192<span style=\"color: #b44320;\">\u00a030\/03\/2026<\/span><\/h1>\n<p>Las personas interesadas en publicar, deber\u00e1n enviar su <strong>propuesta <\/strong>(posible t\u00edtulo y resumen de 100\u2013200 palabras) a los correos:<\/p>\n<ul>\n<li>\ud83d\udce9 <a id=\"menurn8\" class=\"fui-Link ___1q1shib f2hkw1w f3rmtva f1ewtqcl fyind8e f1k6fduh f1w7gpdv fk6fouc fjoy568 figsok6 f1s184ao f1mk8lai fnbmjn9 f1o700av f13mvf36 f1cmlufx f9n3di6 f1ids18y f1tx3yz7 f1deo86v f1eh06m1 f1iescvh fhgqx19 f1olyrje f1p93eir f1nev41a f1h8hb77 f1lqvz6u f10aw75t fsle3fq f17ae5zn\" title=\"mailto:elpatiocolorao@upo.es\" href=\"mailto:elpatiocolorao@upo.es\" target=\"_blank\" rel=\"noreferrer noopener\" aria-label=\"V\u00ednculo elpatiocolorao@upo.es\">elpatiocolorao@upo.es<\/a><\/li>\n<li>\ud83d\udce9 <a id=\"menurna\" class=\"fui-Link ___1q1shib f2hkw1w f3rmtva f1ewtqcl fyind8e f1k6fduh f1w7gpdv fk6fouc fjoy568 figsok6 f1s184ao f1mk8lai fnbmjn9 f1o700av f13mvf36 f1cmlufx f9n3di6 f1ids18y f1tx3yz7 f1deo86v f1eh06m1 f1iescvh fhgqx19 f1olyrje f1p93eir f1nev41a f1h8hb77 f1lqvz6u f10aw75t fsle3fq f17ae5zn\" title=\"mailto:revistaelpatiocolorao@gmail.com\" href=\"mailto:revistaelpatiocolorao@gmail.com\" target=\"_blank\" rel=\"noreferrer noopener\" aria-label=\"V\u00ednculo revistaelpatiocolorao@gmail.com\">revistaelpatiocolorao@gmail.com<\/a><\/li>\n<\/ul>\n<p>\u21d2 El <strong>plazo l\u00edmite<\/strong> de env\u00edo finaliza el <span style=\"color: #b44320;\"><strong>30 de MARZO de 2026 a las 23:59<\/strong><\/span>.<\/p>\n<hr \/>\n<h1><strong>2| <\/strong><b>Lista de comprobaci\u00f3n para la preparaci\u00f3n de env\u00edos<\/b><\/h1>\n<p>Una vez aceptada la propuesta, y como parte del proceso de env\u00edo, las personas autoras deben asegurarse de que su <strong>trabajo cumpla con todos los requisitos<\/strong> que se detallan a continuaci\u00f3n:<\/p>\n<ul>\n<li style=\"font-weight: 400;\" aria-level=\"1\">La contribuci\u00f3n <strong>no ha sido publicada previamente<\/strong> ni se encuentra en proceso de evaluaci\u00f3n por ninguna otra revista.<\/li>\n<li style=\"font-weight: 400;\" aria-level=\"1\">El TFG\/TFM <strong>no supera los dos a\u00f1os de antig\u00fcedad<\/strong> desde su presentaci\u00f3n.<\/li>\n<li style=\"font-weight: 400;\" aria-level=\"1\">La contribuci\u00f3n <strong>sigue las indicaciones y normas de estilo establecidas<\/strong> en [<a href=\"https:\/\/www.upo.es\/patio-colorado\/nuestra-revista\/envios\/directrices-para-personas-autoras\/\">Directrices para personas autoras<\/a>].<\/li>\n<li style=\"font-weight: 400;\" aria-level=\"1\">La persona autora asume la <strong>responsabilidad de respetar las convenciones ortotipogr\u00e1ficas<\/strong>. Solo se corregir\u00e1n las m\u00ednimas faltas y erratas necesarias.<\/li>\n<\/ul>\n<p>El<strong> incumplimiento<\/strong> de estos requisitos <strong>impedir\u00e1 la aceptaci\u00f3n<\/strong> de la contribuci\u00f3n.<\/p>\n<p><span data-olk-copy-source=\"MessageBody\">Para cualquier consulta adicional, puede contactarse con el equipo editorial a trav\u00e9s de las direcciones indicadas.<\/span><\/p>\n<hr \/>\n<h1 style=\"text-align: left;\"><span style=\"color: #b44320;\"><strong>3|<\/strong> Entrega de la contribuci\u00f3n <\/span>\u2192<span style=\"color: #b44320;\">\u00a001\/09\/2026<\/span><\/h1>\n<h4><span style=\"color: #000000;\">Antes de enviar su contribuci\u00f3n, se solicita a la persona autora que revise la <span style=\"color: #b44320;\"><strong>Lista de comprobaci\u00f3n para la preparaci\u00f3n de env\u00edos<\/strong><\/span> y las <span style=\"color: #b44320;\"><a style=\"color: #b44320;\" href=\"https:\/\/www.upo.es\/patio-colorado\/nuestra-revista\/envios\/directrices-para-personas-autoras\/\"><strong>Directrices para personas autoras<\/strong><\/a><\/span>.<\/span><\/h4>\n<h4><span style=\"color: #000000;\">La contribuci\u00f3n deber\u00e1 enviarse a trav\u00e9s del siguiente <span style=\"color: #b44320;\">formulario<\/span> y, una vez enviada, comunicarlo al correo de la revista: <span style=\"color: #b44320;\"><a style=\"color: #b44320;\" href=\"mailto:revistaelpatiocolorao@gmail.com\">revistaelpatiocolorao@gmail.com<\/a><\/span>, con fecha l\u00edmite de entrega el <span style=\"color: #b44320;\"><strong>1 de SEPTIEMBRE de 2026 a las 23:59<\/strong><\/span>.<\/span><\/h4>\n<div class=\"forminator-ui forminator-custom-form forminator-custom-form-9497 forminator-design--default  forminator_ajax\" data-forminator-render=\"0\" data-form=\"forminator-module-9497\" data-uid=\"69fab0e5c31ef\"><br\/><\/div><form\n\t\t\t\tid=\"forminator-module-9497\"\n\t\t\t\tclass=\"forminator-ui forminator-custom-form forminator-custom-form-9497 forminator-design--default  forminator_ajax\"\n\t\t\t\tmethod=\"post\"\n\t\t\t\tdata-forminator-render=\"0\"\n\t\t\t\tdata-form-id=\"9497\"\n\t\t\t\tenctype=\"multipart\/form-data\" data-color-option=\"theme\" data-design=\"default\" data-grid=\"open\" style=\"display: none;\"\n\t\t\t\tdata-uid=\"69fab0e5c31ef\"\n\t\t\t><div role=\"alert\" aria-live=\"polite\" class=\"forminator-response-message forminator-error\" aria-hidden=\"true\"><\/div><div class=\"forminator-row\"><div id=\"name-1\" class=\"forminator-field-name forminator-col forminator-col-12 \"><div class=\"forminator-field\"><label for=\"forminator-field-name-1_69fab0e5c31ef\" id=\"forminator-field-name-1_69fab0e5c31ef-label\" class=\"forminator-label\">Nombre<\/label><input type=\"text\" name=\"name-1\" value=\"\" placeholder=\"Ejemplo: Juan P\u00e9rez\" id=\"forminator-field-name-1_69fab0e5c31ef\" class=\"forminator-input forminator-name--field\" aria-required=\"false\" autocomplete=\"name\" \/><\/div><\/div><\/div><div class=\"forminator-row\"><div id=\"email-1\" class=\"forminator-field-email forminator-col forminator-col-12 \"><div class=\"forminator-field\"><label for=\"forminator-field-email-1_69fab0e5c31ef\" id=\"forminator-field-email-1_69fab0e5c31ef-label\" class=\"forminator-label\">Direcci\u00f3n de correo electr\u00f3nico<\/label><input type=\"email\" name=\"email-1\" value=\"\" placeholder=\"Ej . : john@doe.com\" id=\"forminator-field-email-1_69fab0e5c31ef\" class=\"forminator-input forminator-email--field\" data-required=\"\" aria-required=\"false\" autocomplete=\"email\" \/><\/div><\/div><\/div><div class=\"forminator-row\"><div id=\"upload-1\" class=\"forminator-field-upload forminator-col forminator-col-12 \"><div class=\"forminator-field\"><label for=\"forminator-field-upload-1_69fab0e5c31ef\" id=\"forminator-field-upload-1_69fab0e5c31ef-label\" class=\"forminator-label\">Subir un archivo<\/label><div class=\"forminator-file-upload \" data-element=\"upload-1_69fab0e5c31ef\"><input type=\"file\" name=\"upload-1\" id=\"forminator-field-upload-1_69fab0e5c31ef\" class=\"forminator-input-file\" accept=\".avif,.heif,.heics,.heifs,.xls,.docx,.doc,.pdf,.odt,.xlsx\" tabindex=\"-1\"><button id=\"forminator-field-upload-1_69fab0e5c31ef_button\" class=\"forminator-button forminator-button-upload\" data-id=\"forminator-field-upload-1_69fab0e5c31ef\">Elegir archivo<\/button><span data-empty-text=\"Ning\u00fan archivo seleccionado\">Ning\u00fan archivo seleccionado<\/span><button class=\"forminator-button-delete\" style=\"display: none;\"><i class=\"forminator-icon-close\" aria-hidden=\"true\"><\/i><span class=\"forminator-screen-reader-only\">Eliminar el archivo subido<\/span><\/button><\/div><\/div><\/div><\/div><input type=\"hidden\" name=\"referer_url\" value=\"\" \/><div class=\"forminator-row forminator-row-last\"><div class=\"forminator-col\"><div class=\"forminator-field\"><button class=\"forminator-button forminator-button-submit\">Enviar mensaje<\/button><\/div><\/div><\/div><input type=\"hidden\" id=\"forminator_nonce\" name=\"forminator_nonce\" value=\"e915aec56e\" \/><input type=\"hidden\" name=\"_wp_http_referer\" value=\"\/patio-colorado\/wp-json\/wp\/v2\/pages\/10731\" \/><input type=\"hidden\" name=\"form_id\" value=\"9497\"><input type=\"hidden\" name=\"page_id\" value=\"10731\"><input type=\"hidden\" name=\"form_type\" value=\"default\"><input type=\"hidden\" name=\"current_url\" value=\"https:\/\/www.upo.es\/patio-colorado\/nuestra-revista\/envios\/call-for-papers-2026\/\"><input type=\"hidden\" name=\"render_id\" value=\"0\"><input type=\"hidden\" name=\"action\" value=\"forminator_submit_form_custom-forms\"><\/form>\n","protected":false},"excerpt":{"rendered":"<p>El Patio Colorao. Revista de arte y patrimonio andaluz<\/p>\n","protected":false},"author":1,"featured_media":0,"parent":9125,"menu_order":0,"comment_status":"closed","ping_status":"closed","template":"","meta":{"_acf_changed":false,"_monsterinsights_skip_tracking":false,"_monsterinsights_sitenote_active":false,"_monsterinsights_sitenote_note":"","_monsterinsights_sitenote_category":0,"footnotes":""},"class_list":["post-10731","page","type-page","status-publish","hentry"],"blocksy_meta":[],"acf":[],"_links":{"self":[{"href":"https:\/\/www.upo.es\/patio-colorado\/wp-json\/wp\/v2\/pages\/10731","targetHints":{"allow":["GET"]}}],"collection":[{"href":"https:\/\/www.upo.es\/patio-colorado\/wp-json\/wp\/v2\/pages"}],"about":[{"href":"https:\/\/www.upo.es\/patio-colorado\/wp-json\/wp\/v2\/types\/page"}],"author":[{"embeddable":true,"href":"https:\/\/www.upo.es\/patio-colorado\/wp-json\/wp\/v2\/users\/1"}],"replies":[{"embeddable":true,"href":"https:\/\/www.upo.es\/patio-colorado\/wp-json\/wp\/v2\/comments?post=10731"}],"version-history":[{"count":14,"href":"https:\/\/www.upo.es\/patio-colorado\/wp-json\/wp\/v2\/pages\/10731\/revisions"}],"predecessor-version":[{"id":10853,"href":"https:\/\/www.upo.es\/patio-colorado\/wp-json\/wp\/v2\/pages\/10731\/revisions\/10853"}],"up":[{"embeddable":true,"href":"https:\/\/www.upo.es\/patio-colorado\/wp-json\/wp\/v2\/pages\/9125"}],"wp:attachment":[{"href":"https:\/\/www.upo.es\/patio-colorado\/wp-json\/wp\/v2\/media?parent=10731"}],"curies":[{"name":"wp","href":"https:\/\/api.w.org\/{rel}","templated":true}]}}