{"id":11703,"date":"2026-08-20T16:24:34","date_gmt":"2026-08-20T16:24:34","guid":{"rendered":"https:\/\/www.upo.es\/patio-colorado\/?page_id=11703"},"modified":"2026-08-20T23:12:11","modified_gmt":"2026-08-20T23:12:11","slug":"num-03-2026","status":"publish","type":"page","link":"https:\/\/www.upo.es\/patio-colorado\/nuestra-revista\/numeros\/num-03-2026\/","title":{"rendered":"N\u00fam. 03 (2026)"},"content":{"rendered":"<h1><span style=\"color: #b44320;\">Sierra Morena<\/span><\/h1>\n<h2><span style=\"color: #b44320;\">\u00bfT\u00fa tambi\u00e9n tienes tantas ganas como nosotros del tercer n\u00famero? Ya queda menos&#8230; muy pronto&#8230;\u00a0 disponible en noviembre.<\/span><\/h2>\n","protected":false},"excerpt":{"rendered":"<p>Sierra Morena \u00bfT\u00fa tambi\u00e9n tienes tantas ganas como nosotros del tercer n\u00famero? Ya queda menos&#8230; muy pronto&#8230;\u00a0 disponible en noviembre.<\/p>\n","protected":false},"author":1,"featured_media":0,"parent":5789,"menu_order":0,"comment_status":"closed","ping_status":"closed","template":"","meta":{"_acf_changed":false,"_monsterinsights_skip_tracking":false,"footnotes":""},"class_list":["post-11703","page","type-page","status-publish","hentry"],"blocksy_meta":{"styles_descriptor":{"styles":{"desktop":"","tablet":"","mobile":""},"google_fonts":[],"version":8}},"acf":[],"_links":{"self":[{"href":"https:\/\/www.upo.es\/patio-colorado\/wp-json\/wp\/v2\/pages\/11703","targetHints":{"allow":["GET"]}}],"collection":[{"href":"https:\/\/www.upo.es\/patio-colorado\/wp-json\/wp\/v2\/pages"}],"about":[{"href":"https:\/\/www.upo.es\/patio-colorado\/wp-json\/wp\/v2\/types\/page"}],"author":[{"embeddable":true,"href":"https:\/\/www.upo.es\/patio-colorado\/wp-json\/wp\/v2\/users\/1"}],"replies":[{"embeddable":true,"href":"https:\/\/www.upo.es\/patio-colorado\/wp-json\/wp\/v2\/comments?post=11703"}],"version-history":[{"count":2,"href":"https:\/\/www.upo.es\/patio-colorado\/wp-json\/wp\/v2\/pages\/11703\/revisions"}],"predecessor-version":[{"id":11705,"href":"https:\/\/www.upo.es\/patio-colorado\/wp-json\/wp\/v2\/pages\/11703\/revisions\/11705"}],"up":[{"embeddable":true,"href":"https:\/\/www.upo.es\/patio-colorado\/wp-json\/wp\/v2\/pages\/5789"}],"wp:attachment":[{"href":"https:\/\/www.upo.es\/patio-colorado\/wp-json\/wp\/v2\/media?parent=11703"}],"curies":[{"name":"wp","href":"https:\/\/api.w.org\/{rel}","templated":true}]}}

Núm. 03 (2026)

<h1><span style="color: #b44320;">Sierra Morena</span></h1>
<h2><span style="color: #b44320;">¿Tú también tienes tantas ganas como nosotros del tercer número? Ya queda menos&#8230; muy pronto&#8230;  disponible en noviembre.</span></h2>

<p>Sierra Morena ¿Tú también tienes tantas ganas como nosotros del tercer número? Ya queda menos&#8230; muy pronto&#8230;  disponible en noviembre.</p>
