{"id":5777,"date":"2022-07-02T18:22:12","date_gmt":"2022-07-02T18:22:12","guid":{"rendered":"https:\/\/www.upo.es\/patio-colorado\/?page_id=5777"},"modified":"2026-01-26T12:43:52","modified_gmt":"2026-01-26T12:43:52","slug":"nuestra-revista","status":"publish","type":"page","link":"https:\/\/www.upo.es\/patio-colorado\/nuestra-revista\/","title":{"rendered":"Nuestra Revista"},"content":{"rendered":"<h1><strong>| <\/strong>Sobre la revista<\/h1>\n<p><strong><i>El Patio Colorao. Revista de arte y patrimonio andaluz<\/i><\/strong>, con e-ISSN: 3045-5421, es una publicaci\u00f3n acad\u00e9mica anual y Open Access, vinculada a la asignatura \u00abArte y Patrimonio\u00bb, a Enredars Publicaciones y al \u00c1rea de Historia del Arte de la Facultad de Humanidades de la Universidad Pablo de Olavide.<\/p>\n<p>La revista se publica en formato digital y est\u00e1 abierta a la participaci\u00f3n del estudiantado y de toda la comunidad universitaria.<\/p>\n<p data-start=\"664\" data-end=\"994\" data-is-last-node=\"\" data-is-only-node=\"\">La portada del N\u00fam. 02 \u2014y de los que vendr\u00e1n\u2014 incorpora un marco estrellado de tradici\u00f3n mud\u00e9jar, s\u00edmbolo de la huella hispanomusulmana en Andaluc\u00eda. Con ello, <em data-start=\"828\" data-end=\"846\">El Patio Colorao<\/em> refleja la confluencia cultural que nos define y nuestra vocaci\u00f3n de preservar y difundir un patrimonio vivo, testigo de creatividad y convivencia.<\/p>\n<p>Nuestra revista acepta contribuciones de las siguientes modalidades sobre arte y patrimonio andaluz:<\/p>\n<ul>\n<li>Art\u00edculos de investigaci\u00f3n \/ TFG y TFM (calificaci\u00f3n \u2265 notable) adaptados a formato art\u00edculo<\/li>\n<li>Recensiones<\/li>\n<li>Entrevistas y reportajes<\/li>\n<li>Creaciones literarias<\/li>\n<\/ul>\n<h2><span style=\"color: #b44320;\"><strong>\ud83d\udfd0 <\/strong>Acerca de<\/span><\/h2>\n<ul>\n<li><a style=\"color: #b44320;\" href=\"https:\/\/www.upo.es\/patio-colorado\/nuestra-revista\/congreso\/\">Congreso<\/a><\/li>\n<li><a style=\"color: #b44320;\" href=\"https:\/\/www.upo.es\/patio-colorado\/nuestra-revista\/numeros\/\" target=\"_blank\" rel=\"noopener\">N\u00fameros<\/a><\/li>\n<li><a style=\"color: #b44320;\" href=\"https:\/\/www.upo.es\/patio-colorado\/nuestra-revista\/envios\/\" target=\"_blank\" rel=\"noopener\">Env\u00edos<\/a><\/li>\n<\/ul>\n<ul>\n<li><a style=\"color: #b44320;\" href=\"https:\/\/www.upo.es\/patio-colorado\/nuestra-revista\/politica-editorial\/\" target=\"_blank\" rel=\"noopener\">Pol\u00edtica Editorial<\/a><\/li>\n<li><a style=\"outline: 0px; color: #b44320;\" href=\"https:\/\/www.upo.es\/patio-colorado\/nuestra-revista\/equipo-editorial\/\" target=\"_blank\" rel=\"noopener\">Equipo Editorial<\/a><\/li>\n<\/ul>\n<hr \/>\n<h1><strong>| <\/strong>Actual: N\u00fam. 02 (2025)<\/h1>\n<p style=\"text-align: center;\">Publicado el 30 de noviembre de 2025<\/p>\n<p><a href=\"https:\/\/www.upo.es\/patio-colorado\/nuestra-revista\/numeros\/num-02-2025\/\"><img loading=\"lazy\" decoding=\"async\" class=\"aligncenter\" src=\"https:\/\/www.upo.es\/patio-colorado\/wp-content\/uploads\/2025\/11\/Cover-Page-715x1024.png\" alt=\"\" width=\"466\" height=\"667\" \/><\/a><\/p>\n<h6><\/h6>\n","protected":false},"excerpt":{"rendered":"<p>El Patio Colorao. Revista de arte y patrimonio andaluz<\/p>\n","protected":false},"author":1,"featured_media":0,"parent":0,"menu_order":0,"comment_status":"closed","ping_status":"closed","template":"","meta":{"_acf_changed":false,"_monsterinsights_skip_tracking":false,"_monsterinsights_sitenote_active":false,"_monsterinsights_sitenote_note":"","_monsterinsights_sitenote_category":0,"footnotes":""},"class_list":["post-5777","page","type-page","status-publish","hentry"],"blocksy_meta":[],"acf":[],"_links":{"self":[{"href":"https:\/\/www.upo.es\/patio-colorado\/wp-json\/wp\/v2\/pages\/5777","targetHints":{"allow":["GET"]}}],"collection":[{"href":"https:\/\/www.upo.es\/patio-colorado\/wp-json\/wp\/v2\/pages"}],"about":[{"href":"https:\/\/www.upo.es\/patio-colorado\/wp-json\/wp\/v2\/types\/page"}],"author":[{"embeddable":true,"href":"https:\/\/www.upo.es\/patio-colorado\/wp-json\/wp\/v2\/users\/1"}],"replies":[{"embeddable":true,"href":"https:\/\/www.upo.es\/patio-colorado\/wp-json\/wp\/v2\/comments?post=5777"}],"version-history":[{"count":154,"href":"https:\/\/www.upo.es\/patio-colorado\/wp-json\/wp\/v2\/pages\/5777\/revisions"}],"predecessor-version":[{"id":10779,"href":"https:\/\/www.upo.es\/patio-colorado\/wp-json\/wp\/v2\/pages\/5777\/revisions\/10779"}],"wp:attachment":[{"href":"https:\/\/www.upo.es\/patio-colorado\/wp-json\/wp\/v2\/media?parent=5777"}],"curies":[{"name":"wp","href":"https:\/\/api.w.org\/{rel}","templated":true}]}}

<h1><strong>| </strong>Sobre la revista</h1>
<p><strong><i>El Patio Colorao. Revista de arte y patrimonio andaluz</i></strong>, con e-ISSN: 3045-5421, es una publicación académica anual y Open Access, vinculada a la asignatura «Arte y Patrimonio», a Enredars Publicaciones y al Área de Historia del Arte de la Facultad de Humanidades de la Universidad Pablo de Olavide.</p>
<p>La revista se publica en formato digital y está abierta a la participación del estudiantado y de toda la comunidad universitaria.</p>
<p data-start="664" data-end="994" data-is-last-node="" data-is-only-node="">La portada del Núm. 02 —y de los que vendrán— incorpora un marco estrellado de tradición mudéjar, símbolo de la huella hispanomusulmana en Andalucía. Con ello, <em data-start="828" data-end="846">El Patio Colorao</em> refleja la confluencia cultural que nos define y nuestra vocación de preservar y difundir un patrimonio vivo, testigo de creatividad y convivencia.</p>
<p>Nuestra revista acepta contribuciones de las siguientes modalidades sobre arte y patrimonio andaluz:</p>
<ul>
<li>Artículos de investigación / TFG y TFM (calificación ≥ notable) adaptados a formato artículo</li>
<li>Recensiones</li>
<li>Entrevistas y reportajes</li>
<li>Creaciones literarias</li>
</ul>
<h2><span style="color: #b44320;"><strong>🟐 </strong>Acerca de</span></h2>
<ul>
<li><a style="color: #b44320;" href="https://www.upo.es/patio-colorado/nuestra-revista/congreso/">Congreso</a></li>
<li><a style="color: #b44320;" href="https://www.upo.es/patio-colorado/nuestra-revista/numeros/" target="_blank" rel="noopener">Números</a></li>
<li><a style="color: #b44320;" href="https://www.upo.es/patio-colorado/nuestra-revista/envios/" target="_blank" rel="noopener">Envíos</a></li>
</ul>
<ul>
<li><a style="color: #b44320;" href="https://www.upo.es/patio-colorado/nuestra-revista/politica-editorial/" target="_blank" rel="noopener">Política Editorial</a></li>
<li><a style="outline: 0px; color: #b44320;" href="https://www.upo.es/patio-colorado/nuestra-revista/equipo-editorial/" target="_blank" rel="noopener">Equipo Editorial</a></li>
</ul>
<hr />
<h1><strong>| </strong>Actual: Núm. 02 (2025)</h1>
<p style="text-align: center;">Publicado el 30 de noviembre de 2025</p>
<p><a href="https://www.upo.es/patio-colorado/nuestra-revista/numeros/num-02-2025/"><img loading="lazy" decoding="async" class="aligncenter" src="https://www.upo.es/patio-colorado/wp-content/uploads/2025/11/Cover-Page-715x1024.png" alt="" width="466" height="667" /></a></p>
<h6></h6>
