{"id":60,"date":"2016-05-19T06:42:29","date_gmt":"2016-05-19T06:42:29","guid":{"rendered":"https:\/\/www.upo.es\/sociologia\/?page_id=60"},"modified":"2018-03-09T08:24:24","modified_gmt":"2018-03-09T07:24:24","slug":"postgrado","status":"publish","type":"page","link":"https:\/\/www.upo.es\/sociologia\/docencia\/postgrado\/","title":{"rendered":"Postgrado"},"content":{"rendered":"<h3>Docencia del Departamento en Postgrado<\/h3>\n<p>&nbsp;<\/p>\n<table class=\"completo\">\n<thead>\n<tr>\n<td style=\"text-align: center;\"><b>T\u00cdTULO MASTER<\/b><\/td>\n<td><b>C\u00f3digo Asignaturas<\/b><\/td>\n<td><b>Nombre Asignatura<\/b><\/td>\n<\/tr>\n<\/thead>\n<tbody>\n<tr>\n<td rowspan=\"6\"><b>MASTER UNIVERSITARIO EN G\u00c9NERO E IGUALDAD (R.D. 1993\/07)<\/b><\/td>\n<td><span style=\"font-weight: 400;\">2100432<\/span><\/td>\n<td><span style=\"font-weight: 400;\">Familias<\/span><\/td>\n<\/tr>\n<tr>\n<td><span style=\"font-weight: 400;\">2100434<\/span><\/td>\n<td><span style=\"font-weight: 400;\">Otras Desigualdades<\/span><\/td>\n<\/tr>\n<tr>\n<td><span style=\"font-weight: 400;\">2100442<\/span><\/td>\n<td><span style=\"font-weight: 400;\">Pr\u00e1cticas Externas Profesionalizantes<\/span><\/td>\n<\/tr>\n<tr>\n<td><span style=\"font-weight: 400;\">2100443<\/span><\/td>\n<td><span style=\"font-weight: 400;\">Trabajo Fin de Master Itinerario Profesionalizante<\/span><\/td>\n<\/tr>\n<tr>\n<td><span style=\"font-weight: 400;\">2100445<\/span><\/td>\n<td><span style=\"font-weight: 400;\">El dise\u00f1o de una investigaci\u00f3n con perspectiva de g\u00e9nero<\/span><\/td>\n<\/tr>\n<tr>\n<td><span style=\"font-weight: 400;\">2100448<\/span><\/td>\n<td><span style=\"font-weight: 400;\">T\u00e9cnicas de Investigaci\u00f3n Social<\/span><\/td>\n<\/tr>\n<tr>\n<td rowspan=\"1\"><b>M\u00c1STER UNIV. EN GERONTOLOG\u00cdA Y DIRECCI\u00d3N Y GEST. DE CENTROS GERONTOL\u00d3GICOS (R.D. 1393\/07)<\/b><\/td>\n<td><span style=\"font-weight: 400;\">2100818<\/span><\/td>\n<td><span style=\"font-weight: 400;\">Metodolog\u00eda de Investigaci\u00f3n en Gerontolog\u00eda<\/span><\/td>\n<\/tr>\n<tr>\n<td><b>M\u00c1STER EN PROFESORADO DE E.S.O. Y BACHILLERATO, F.P. Y ENSE\u00d1ANZA DE IDIOMAS (R.D. 1393\/07)<\/b><\/td>\n<td><span style=\"font-weight: 400;\">2101302<\/span><\/td>\n<td><span style=\"font-weight: 400;\">Sociedad, Familia y Educaci\u00f3n<\/span><\/td>\n<\/tr>\n<tr>\n<td><b>M\u00c1STER UNIVERSITARIO EN CIENCIAS SOCIALES E INTERVENCI\u00d3N SOCIAL (R.D. 1393\/07)<\/b><\/td>\n<td><span style=\"font-weight: 400;\">2103412<\/span><\/td>\n<td><span style=\"font-weight: 400;\">Trabajo Fin de Master<\/span><\/td>\n<\/tr>\n<tr>\n<td><b>M\u00c1STER U. EN INVESTIGACI\u00d3N SOCIAL APLICADA AL MEDIO AMBIENTE (R.D. 1393\/07)<\/b><\/td>\n<td><span style=\"font-weight: 400;\">2107009<\/span><\/td>\n<td><span style=\"font-weight: 400;\">Introducci\u00f3n a las T\u00e9cnicas Cuantitativas de Investigaci\u00f3n<\/span><\/td>\n<\/tr>\n<tr>\n<td><b>M\u00c1STER UNIV. EN EDUCACI\u00d3N PARA EL DESARROLLO, SENSIB. Y CULTURA DE PAZ (R.D.1393\/07)<\/b><\/td>\n<td><span style=\"font-weight: 400;\">2105302<\/span><\/td>\n<td><span style=\"font-weight: 400;\">Aproximaci\u00f3n a modelos socioecon\u00f3micos y lucha contra la pobreza<\/span><\/td>\n<\/tr>\n<tr>\n<td rowspan=\"9\"><b>M\u00c1STER UNIVERSITARIO EN SOCIEDAD, ADMINISTRACI\u00d3N Y POL\u00cdTICA (R.D. 1393\/07)<\/b><\/td>\n<td><span style=\"font-weight: 400;\">2105525<\/span><\/td>\n<td><span style=\"font-weight: 400;\">Trabajo de Fin de Master (Plan 2013)<\/span><\/td>\n<\/tr>\n<tr>\n<td><span style=\"font-weight: 400;\">2106140<\/span><\/td>\n<td><span style=\"font-weight: 400;\">Trabajo Fin de Master<\/span><\/td>\n<\/tr>\n<tr>\n<td><span style=\"font-weight: 400;\">9106191<\/span><\/td>\n<td><span style=\"font-weight: 400;\">Trabajo Fin de Master<\/span><\/td>\n<\/tr>\n<tr>\n<td><span style=\"font-weight: 400;\">2106163<\/span><\/td>\n<td><span style=\"font-weight: 400;\">An\u00e1lisis y Evaluaci\u00f3n de Pol\u00edticas P\u00fablicas<\/span><\/td>\n<\/tr>\n<tr>\n<td><span style=\"font-weight: 400;\">2106160<\/span><\/td>\n<td><span style=\"font-weight: 400;\">Movimientos Sociales, Participaci\u00f3n y Democracia<\/span><\/td>\n<\/tr>\n<tr>\n<td><span style=\"font-weight: 400;\">2106176<\/span><\/td>\n<td><span style=\"font-weight: 400;\">Problemas Sociales<\/span><\/td>\n<\/tr>\n<tr>\n<td><span style=\"font-weight: 400;\">2106189<\/span><\/td>\n<td><span style=\"font-weight: 400;\">Redacci\u00f3n de un buen trabajo Fin de Master<\/span><\/td>\n<\/tr>\n<tr>\n<td><span style=\"font-weight: 400;\">2106159<\/span><\/td>\n<td><span style=\"font-weight: 400;\">\u00c9lites Pol\u00edticas y Democracia<\/span><\/td>\n<\/tr>\n<tr>\n<td><span style=\"font-weight: 400;\">2106181<\/span><\/td>\n<td><span style=\"font-weight: 400;\">La l\u00f3gica de la investigaci\u00f3n social<\/span><\/td>\n<\/tr>\n<tr>\n<td rowspan=\"5\"><b>M\u00c1STER UNIVERSITARIO EN INTERVENCI\u00d3N SOCIAL, CULTURA Y DIVERSIDAD<\/b><\/td>\n<td><span style=\"font-weight: 400;\">2106853<\/span><\/td>\n<td><span style=\"font-weight: 400;\">Metodolog\u00edas Cuantitativas para la Investigaci\u00f3n Social<\/span><\/td>\n<\/tr>\n<tr>\n<td><span style=\"font-weight: 400;\">2106859<\/span><\/td>\n<td><span style=\"font-weight: 400;\">Herramientas de Pol\u00edticas P\u00fablicas para la Intervenci\u00f3n Social<\/span><\/td>\n<\/tr>\n<tr>\n<td><span style=\"font-weight: 400;\">2106865<\/span><\/td>\n<td><span style=\"font-weight: 400;\">Innovaci\u00f3n social y Experiencias Metodol\u00f3gicas<\/span><\/td>\n<\/tr>\n<tr>\n<td><span style=\"font-weight: 400;\">2106872<\/span><\/td>\n<td><span style=\"font-weight: 400;\">Pr\u00e1cticas Externas en Intervenci\u00f3n Social-Procesos Participativos<\/span><\/td>\n<\/tr>\n<tr>\n<td><span style=\"font-weight: 400;\">2106873<\/span><\/td>\n<td><span style=\"font-weight: 400;\">Trabajo Fin de Master<\/span><\/td>\n<\/tr>\n<\/tbody>\n<\/table>\n<p>&nbsp;<\/p>\n","protected":false},"excerpt":{"rendered":"<p>Docencia del Departamento en Postgrado<\/p>\n<p>&nbsp;<\/p>\n<p>T\u00cdTULO MASTER<br \/>\nC\u00f3digo Asignaturas<br \/>\nNombre Asignatura<\/p>\n<p>MASTER UNIVERSITARIO EN G\u00c9NERO E IGUALDAD (R.D. 1993\/07)<br \/>\n2100432<br \/>\nFamilias<\/p>\n<p>2100434<br \/>\nOtras Desigualdades<\/p>\n<p>2100442<br \/>\nPr\u00e1cticas Externas Profesionalizantes<\/p>\n<p>2100443<br \/>\nTrabajo Fin de Master Itinerario Profesionalizante<\/p>\n<p>2100445<br \/>\nEl dise\u00f1o de una investigaci\u00f3n con perspectiva de g\u00e9nero<\/p>\n<p>2100448<br \/>\nT\u00e9cnicas de Investigaci\u00f3n Social<\/p>\n<p>M\u00c1STER UNIV. EN GERONTOLOG\u00cdA Y DIRECCI\u00d3N Y GEST. DE CENTROS GERONTOL\u00d3GICOS (R.D. 1393\/07)<br \/>\n2100818<br \/>\nMetodolog\u00eda de Investigaci\u00f3n en Gerontolog\u00eda<\/p>\n<p>M\u00c1STER EN PROFESORADO DE E.S.O.  [&#8230;]<\/p>\n","protected":false},"author":1,"featured_media":0,"parent":66,"menu_order":0,"comment_status":"closed","ping_status":"closed","template":"","meta":[],"_links":{"self":[{"href":"https:\/\/www.upo.es\/sociologia\/wp-json\/wp\/v2\/pages\/60"}],"collection":[{"href":"https:\/\/www.upo.es\/sociologia\/wp-json\/wp\/v2\/pages"}],"about":[{"href":"https:\/\/www.upo.es\/sociologia\/wp-json\/wp\/v2\/types\/page"}],"author":[{"embeddable":true,"href":"https:\/\/www.upo.es\/sociologia\/wp-json\/wp\/v2\/users\/1"}],"replies":[{"embeddable":true,"href":"https:\/\/www.upo.es\/sociologia\/wp-json\/wp\/v2\/comments?post=60"}],"version-history":[{"count":5,"href":"https:\/\/www.upo.es\/sociologia\/wp-json\/wp\/v2\/pages\/60\/revisions"}],"predecessor-version":[{"id":447,"href":"https:\/\/www.upo.es\/sociologia\/wp-json\/wp\/v2\/pages\/60\/revisions\/447"}],"up":[{"embeddable":true,"href":"https:\/\/www.upo.es\/sociologia\/wp-json\/wp\/v2\/pages\/66"}],"wp:attachment":[{"href":"https:\/\/www.upo.es\/sociologia\/wp-json\/wp\/v2\/media?parent=60"}],"curies":[{"name":"wp","href":"https:\/\/api.w.org\/{rel}","templated":true}]}}

<h3>Docencia del Departamento en Postgrado</h3>
<p>&nbsp;</p>
<table class="completo">
<thead>
<tr>
<td style="text-align: center;"><b>TÍTULO MASTER</b></td>
<td><b>Código Asignaturas</b></td>
<td><b>Nombre Asignatura</b></td>
</tr>
</thead>
<tbody>
<tr>
<td rowspan="6"><b>MASTER UNIVERSITARIO EN GÉNERO E IGUALDAD (R.D. 1993/07)</b></td>
<td><span style="font-weight: 400;">2100432</span></td>
<td><span style="font-weight: 400;">Familias</span></td>
</tr>
<tr>
<td><span style="font-weight: 400;">2100434</span></td>
<td><span style="font-weight: 400;">Otras Desigualdades</span></td>
</tr>
<tr>
<td><span style="font-weight: 400;">2100442</span></td>
<td><span style="font-weight: 400;">Prácticas Externas Profesionalizantes</span></td>
</tr>
<tr>
<td><span style="font-weight: 400;">2100443</span></td>
<td><span style="font-weight: 400;">Trabajo Fin de Master Itinerario Profesionalizante</span></td>
</tr>
<tr>
<td><span style="font-weight: 400;">2100445</span></td>
<td><span style="font-weight: 400;">El diseño de una investigación con perspectiva de género</span></td>
</tr>
<tr>
<td><span style="font-weight: 400;">2100448</span></td>
<td><span style="font-weight: 400;">Técnicas de Investigación Social</span></td>
</tr>
<tr>
<td rowspan="1"><b>MÁSTER UNIV. EN GERONTOLOGÍA Y DIRECCIÓN Y GEST. DE CENTROS GERONTOLÓGICOS (R.D. 1393/07)</b></td>
<td><span style="font-weight: 400;">2100818</span></td>
<td><span style="font-weight: 400;">Metodología de Investigación en Gerontología</span></td>
</tr>
<tr>
<td><b>MÁSTER EN PROFESORADO DE E.S.O. Y BACHILLERATO, F.P. Y ENSEÑANZA DE IDIOMAS (R.D. 1393/07)</b></td>
<td><span style="font-weight: 400;">2101302</span></td>
<td><span style="font-weight: 400;">Sociedad, Familia y Educación</span></td>
</tr>
<tr>
<td><b>MÁSTER UNIVERSITARIO EN CIENCIAS SOCIALES E INTERVENCIÓN SOCIAL (R.D. 1393/07)</b></td>
<td><span style="font-weight: 400;">2103412</span></td>
<td><span style="font-weight: 400;">Trabajo Fin de Master</span></td>
</tr>
<tr>
<td><b>MÁSTER U. EN INVESTIGACIÓN SOCIAL APLICADA AL MEDIO AMBIENTE (R.D. 1393/07)</b></td>
<td><span style="font-weight: 400;">2107009</span></td>
<td><span style="font-weight: 400;">Introducción a las Técnicas Cuantitativas de Investigación</span></td>
</tr>
<tr>
<td><b>MÁSTER UNIV. EN EDUCACIÓN PARA EL DESARROLLO, SENSIB. Y CULTURA DE PAZ (R.D.1393/07)</b></td>
<td><span style="font-weight: 400;">2105302</span></td>
<td><span style="font-weight: 400;">Aproximación a modelos socioeconómicos y lucha contra la pobreza</span></td>
</tr>
<tr>
<td rowspan="9"><b>MÁSTER UNIVERSITARIO EN SOCIEDAD, ADMINISTRACIÓN Y POLÍTICA (R.D. 1393/07)</b></td>
<td><span style="font-weight: 400;">2105525</span></td>
<td><span style="font-weight: 400;">Trabajo de Fin de Master (Plan 2013)</span></td>
</tr>
<tr>
<td><span style="font-weight: 400;">2106140</span></td>
<td><span style="font-weight: 400;">Trabajo Fin de Master</span></td>
</tr>
<tr>
<td><span style="font-weight: 400;">9106191</span></td>
<td><span style="font-weight: 400;">Trabajo Fin de Master</span></td>
</tr>
<tr>
<td><span style="font-weight: 400;">2106163</span></td>
<td><span style="font-weight: 400;">Análisis y Evaluación de Políticas Públicas</span></td>
</tr>
<tr>
<td><span style="font-weight: 400;">2106160</span></td>
<td><span style="font-weight: 400;">Movimientos Sociales, Participación y Democracia</span></td>
</tr>
<tr>
<td><span style="font-weight: 400;">2106176</span></td>
<td><span style="font-weight: 400;">Problemas Sociales</span></td>
</tr>
<tr>
<td><span style="font-weight: 400;">2106189</span></td>
<td><span style="font-weight: 400;">Redacción de un buen trabajo Fin de Master</span></td>
</tr>
<tr>
<td><span style="font-weight: 400;">2106159</span></td>
<td><span style="font-weight: 400;">Élites Políticas y Democracia</span></td>
</tr>
<tr>
<td><span style="font-weight: 400;">2106181</span></td>
<td><span style="font-weight: 400;">La lógica de la investigación social</span></td>
</tr>
<tr>
<td rowspan="5"><b>MÁSTER UNIVERSITARIO EN INTERVENCIÓN SOCIAL, CULTURA Y DIVERSIDAD</b></td>
<td><span style="font-weight: 400;">2106853</span></td>
<td><span style="font-weight: 400;">Metodologías Cuantitativas para la Investigación Social</span></td>
</tr>
<tr>
<td><span style="font-weight: 400;">2106859</span></td>
<td><span style="font-weight: 400;">Herramientas de Políticas Públicas para la Intervención Social</span></td>
</tr>
<tr>
<td><span style="font-weight: 400;">2106865</span></td>
<td><span style="font-weight: 400;">Innovación social y Experiencias Metodológicas</span></td>
</tr>
<tr>
<td><span style="font-weight: 400;">2106872</span></td>
<td><span style="font-weight: 400;">Prácticas Externas en Intervención Social-Procesos Participativos</span></td>
</tr>
<tr>
<td><span style="font-weight: 400;">2106873</span></td>
<td><span style="font-weight: 400;">Trabajo Fin de Master</span></td>
</tr>
</tbody>
</table>
<p>&nbsp;</p>

<p>Docencia del Departamento en Postgrado</p>
<p>&nbsp;</p>
<p>TÍTULO MASTER<br />
Código Asignaturas<br />
Nombre Asignatura</p>
<p>MASTER UNIVERSITARIO EN GÉNERO E IGUALDAD (R.D. 1993/07)<br />
2100432<br />
Familias</p>
<p>2100434<br />
Otras Desigualdades</p>
<p>2100442<br />
Prácticas Externas Profesionalizantes</p>
<p>2100443<br />
Trabajo Fin de Master Itinerario Profesionalizante</p>
<p>2100445<br />
El diseño de una investigación con perspectiva de género</p>
<p>2100448<br />
Técnicas de Investigación Social</p>
<p>MÁSTER UNIV. EN GERONTOLOGÍA Y DIRECCIÓN Y GEST. DE CENTROS GERONTOLÓGICOS (R.D. 1393/07)<br />
2100818<br />
Metodología de Investigación en Gerontología</p>
<p>MÁSTER EN PROFESORADO DE E.S.O.  [&#8230;]</p>
