{"id":62,"date":"2016-05-19T06:43:08","date_gmt":"2016-05-19T06:43:08","guid":{"rendered":"https:\/\/www.upo.es\/sociologia\/?page_id=62"},"modified":"2025-09-19T10:13:09","modified_gmt":"2025-09-19T08:13:09","slug":"grupos-de-investigacion","status":"publish","type":"page","link":"https:\/\/www.upo.es\/sociologia\/investigacion\/grupos-de-investigacion\/","title":{"rendered":"Grupos de investigaci\u00f3n"},"content":{"rendered":"<h2 class=\"titulo_seccion\">Son siete los grupos actualmente vinculados al Departamento<\/h2>\n<h3><\/h3>\n<hr \/>\n<h3>GRUPO DE AN\u00c1LISIS SOCIOL\u00d3GICO SOBRE TENDENCIAS SOCIALES (SEJ-474)<\/h3>\n<p><strong>L\u00edneas de trabajo:<\/strong><\/p>\n<ul>\n<li><strong>Contextos de Cambio Social<\/strong>: Deporte, Educaci\u00f3n, Familia, Infancia, Salud.<\/li>\n<\/ul>\n<ul>\n<li><strong>Cambio de Valores y Sociolog\u00eda Cultural.<\/strong><\/li>\n<\/ul>\n<ul>\n<li><strong>Pol\u00edticas P\u00fablicas y Protecci\u00f3n Social.<\/strong><\/li>\n<\/ul>\n<p><strong>Miembros que pertenecen al Departamento:<\/strong><\/p>\n<ul>\n<li>Camarero Rioja, Mercedes (responsable)<\/li>\n<li>G\u00f3mez Espino, Juan Miguel<\/li>\n<li>L\u00f3pez Mench\u00f3n, Alejandro<\/li>\n<li>Mu\u00f1oz S\u00e1nchez, V\u00edctor Manuel<\/li>\n<li>Ram\u00edrez P\u00e9rez, Mar\u00eda Antonia<\/li>\n<li>Guti\u00e9rrez Barbarrusa, Virginia<\/li>\n<\/ul>\n<p>Puede encontrar m\u00e1s informaci\u00f3n sobre el grupo en los siguientes enlaces:<br \/>\n<a title=\"Memoria 2014 SEJ 474\" href=\"https:\/\/www1.upo.es\/cms1\/export\/sites\/upo\/sociologia\/documentos\/MemoriaGrupoEnero2015.pdf\" target=\"_blank\" rel=\"noopener\">Memoria del Grupo SEJ-474, a\u00f1o 2014<br \/>\n<\/a><a title=\"Info grupo\" href=\"http:\/\/www.sociologiaandaluza.com\/02_investigacion2.php?seccion=sociologia&amp;grupo=15\" target=\"_blank\" rel=\"noopener\">http:\/\/www.sociologiaandaluza.com\/02_investigacion2.php?seccion=sociologia&amp;grupo=15<\/a><\/p>\n<hr \/>\n<h3>GRUPO: POL\u00cdTICA, TERRITORIO Y PARTICIPACI\u00d3N (SEJ-499)<\/h3>\n<p><strong>L\u00edneas de trabajo:<\/strong><\/p>\n<ul>\n<li>Elites pol\u00edticas, ciudadan\u00eda y democracia<\/li>\n<li>Pol\u00edtica regional y an\u00e1lisis de pol\u00edticas<\/li>\n<li>Participaci\u00f3n pol\u00edtica, movimientos sociales y protesta<\/li>\n<li>Socializaci\u00f3n pol\u00edtica y calidad democr\u00e1tica<\/li>\n<li>Pol\u00edtica urbana y metropolitana<\/li>\n<li>Din\u00e1micas socioterritoriales como instrumento para la formulaci\u00f3n de pol\u00edticas p\u00fablicas en entornos urbanos y metropolitanos<\/li>\n<li>Refer\u00e9ndum de independencia y toma de decisi\u00f3n<\/li>\n<\/ul>\n<p><strong>Miembros que pertenecen al Departamento:<\/strong><\/p>\n<ul>\n<li>Dom\u00ednguez Benavente, Pablo<\/li>\n<li>Huete Garc\u00eda, M\u00aa \u00c1ngeles<\/li>\n<li>Jim\u00e9nez S\u00e1nchez, Manuel (responsable)<\/li>\n<li>L\u00f3pez Izquierdo, Mar\u00eda Amelia<\/li>\n<li>Merinero Rodr\u00edguez, Rafael<\/li>\n<\/ul>\n<p>Para m\u00e1s informaci\u00f3n puede consultar el siguiente enlace:<\/p>\n<p><a href=\"https:\/\/www.upo.es\/investiga\/ptyp\/es\/inicio\/\">https:\/\/www.upo.es\/investiga\/ptyp\/es\/inicio\/<\/a><\/p>\n<p>e-mail: <a href=\"mailto:mjimsan@upo.es\">mjimsan@upo.es<\/a><\/p>\n<hr \/>\n<h3>GRUPO DEMOSPAIN. DEMOCRACIA, TERRITORIOS E IDENTIDADES (SEJ-598)<\/h3>\n<p><strong>L\u00edneas de trabajo:<\/strong><\/p>\n<ul>\n<li>Identidad Nacional y Nacionalismo<\/li>\n<li>Sociedad y Territorio. Sociolog\u00eda Rural<\/li>\n<li>Conciencia Medioambiental y Medioambientalismo<\/li>\n<li>Salud P\u00fablica, Epidemiolog\u00eda Social, Mortalidad y Longevidad<\/li>\n<li>Difusi\u00f3n Social del Conocimiento Sociol\u00f3gico<\/li>\n<\/ul>\n<p><strong>Miembros que pertenecen al Departamento:<\/strong><\/p>\n<ul>\n<li>Ruiz Jim\u00e9nez, Antonia Mar\u00eda (responsable)<\/li>\n<li>Gonz\u00e1lez Fern\u00e1ndez, Manuel Tom\u00e1s<\/li>\n<li>Echavarren Fernandez, Jos\u00e9 Manuel<\/li>\n<li>Navarro Ardoy, Luis<\/li>\n<li>Montero Logro\u00f1o, Inmaculada<\/li>\n<li>Ortiz Barquero, Pablo<\/li>\n<li>\u00c1guila D\u00edaz, Javier<\/li>\n<li>Valdivia Alonso, Daniel<\/li>\n<li>Guevara Perea, Mar\u00eda<\/li>\n<li>Hern\u00e1ndez-Palomo Pe\u00f1a, Marta<\/li>\n<li>Romero Portillo, Daniel<\/li>\n<\/ul>\n<p>Puede encontrar m\u00e1s informaci\u00f3n sobre el grupo en los siguientes enlaces:<br \/>\nEmail: <a href=\"mailto:demospain@upo.es\">demospain@upo.es<\/a><\/p>\n<p>Web del grupo: <a href=\"https:\/\/www.upo.es\/investiga\/demospain\/\">https:\/\/www.upo.es\/investiga\/demospain\/<\/a><\/p>\n<hr \/>\n<h3>GRUPO SOCIOLOG\u00cdA POL\u00cdTICA Y POL\u00cdTICAS LOCALES (SEJ-345)<\/h3>\n<p><strong>L\u00edneas de trabajo:<\/strong><\/p>\n<ul>\n<li>Sociolog\u00eda Pol\u00edtica<\/li>\n<li>Sociolog\u00eda urbana<\/li>\n<li>Gobernanza y pol\u00edticas urbanas<\/li>\n<li>Desigualdades, problemas sociales y pol\u00edtica social<\/li>\n<li>Cultura pol\u00edtica y participaci\u00f3n ciudadana<\/li>\n<li>An\u00e1lisis y evaluaci\u00f3n de pol\u00edticas p\u00fablicas<\/li>\n<li>Procesos de intervenci\u00f3n social<\/li>\n<\/ul>\n<p><strong>Miembros que pertenecen al Departamento:<\/strong><\/p>\n<ul>\n<li>Dorado Rub\u00edn, Mar\u00eda Jos\u00e9<\/li>\n<li>Guerrero Mayo, Mar\u00eda Jos\u00e9<\/li>\n<li>Navarro Y\u00e1\u00f1ez, Clemente (responsable)<\/li>\n<li>Mateos Mora, Cristina<\/li>\n<li>Rodr\u00edguez Garc\u00eda, Mar\u00eda Jes\u00fas<\/li>\n<li>LLopis Orrego, Mar\u00eda del Mar<\/li>\n<\/ul>\n<p>Puede encontrar m\u00e1s informaci\u00f3n en los siguientes enlaces:<br \/>\nweb: <a title=\"Enlace Grupo Sociolog\u00eda Pol\u00edtica y Pol\u00edticas Locales\" href=\"http:\/\/www.upo.es\/cspl\" target=\"_blank\" rel=\"noopener\">www.upo.es\/cspl<\/a><br \/>\ne-mail: <a href=\"mailto:cspl@upo.es\">cspl@upo.es<\/a><\/p>\n<hr \/>\n<h3>GRUPO DESIGUALDAD SOCIAL Y DOMINACI\u00d3N EN ANDALUC\u00cdA (SEJ-339)<\/h3>\n<p><strong>L\u00edneas de trabajo:<\/strong><\/p>\n<ul>\n<li>Sociolog\u00eda de la educaci\u00f3n<\/li>\n<li>Metodolog\u00eda<\/li>\n<li>Sociolog\u00eda del Trabajo<\/li>\n<li>Urbanismo y desigualdad social<\/li>\n<li>Sociolog\u00eda de la desviaci\u00f3n social<\/li>\n<li>Relaciones inter\u00e9tnicas<\/li>\n<li>Sociolog\u00eda de la familia<\/li>\n<li>Sociolog\u00eda de la salud<\/li>\n<li>Desigualdades de clase, g\u00e9nero y etnia<\/li>\n<\/ul>\n<p><strong>Miembros que pertenecen al Departamento:<\/strong><\/p>\n<ul>\n<li>Mart\u00edn Criado, Enrique (Coordinador)<\/li>\n<li>Bot\u00eda Morillas, Carmen<\/li>\n<li>Cerrillo Vidal, Jos\u00e9 Antonio<\/li>\n<\/ul>\n<p>Puede encontrar m\u00e1s informaci\u00f3n en el siguiente enlace:<\/p>\n<p>web: <a href=\"http:\/\/www.entramadossociales.org\" target=\"_blank\" rel=\"noopener\">www.entramadossociales.org\u00a0<\/a><\/p>\n<hr \/>\n<h3><strong>GRUPO DEMOGRAF\u00cdA E INVESTIGACI\u00d3N SOCIAL EN SALUD (SEJ-654)<\/strong><\/h3>\n<p><strong>L\u00edneas de trabajo:<\/strong><\/p>\n<ul>\n<li>Reto y cambio demogr\u00e1fico<\/li>\n<li>Calidad de vida, salud, g\u00e9nero y desigualdades sociales<\/li>\n<li>Envejecimiento, bienestar y soledades<\/li>\n<li>Migraciones, familias y fecundidad<\/li>\n<li>Personas centenarias<\/li>\n<\/ul>\n<p><strong>Miembros que pertenecen al Departamento:<\/strong><\/p>\n<ul>\n<li>Mart\u00ednez Garc\u00eda, Rosal\u00eda<\/li>\n<li>Zambrano \u00c1lvarez, Inmaculada<\/li>\n<li>Garc\u00eda Gonz\u00e1lez, Juan Manuel (responsable)<\/li>\n<li>Arag\u00f3n Morales, Alba Mar\u00eda<\/li>\n<li>Romero Hernes, Luc\u00eda<\/li>\n<li>Lara Merch\u00e1n. Ana<\/li>\n<\/ul>\n<p>Puede encontrar m\u00e1s informaci\u00f3n en el siguiente enlace:<\/p>\n<p><a href=\"https:\/\/www.upo.es\/investiga\/demografia-salud\/\">https:\/\/www.upo.es\/investiga\/demografia-salud\/<\/a><\/p>\n<hr \/>\n<h3><strong>GRUPO DINAMOS. Din\u00e1micas de Desigualdad Social y Sociolog\u00eda Comparada. (SEJ-692)<\/strong><\/h3>\n<p><strong>L\u00edneas de trabajo: <\/strong><strong>Desigualdad social y Sociolog\u00eda comparada<\/strong><\/p>\n<p>1.- Estratificaci\u00f3n social:<\/p>\n<ul>\n<li>An\u00e1lisis de las clases sociales<\/li>\n<li>Movilidad social intergeneracional<\/li>\n<li>Interrelaci\u00f3n entre movilidad intrageneracional e intergeneracional<\/li>\n<li>Movilidad social y salud<\/li>\n<li>An\u00e1lisis territorial<\/li>\n<\/ul>\n<p>2.- Mercado de Trabajo<\/p>\n<ul>\n<li>Segmentaci\u00f3n laboral<\/li>\n<li>Segregaci\u00f3n por g\u00e9nero<\/li>\n<li>Movilidad social intrageneracional<\/li>\n<li>Salud y trabajo<\/li>\n<li>Migraciones<\/li>\n<\/ul>\n<p>3.- Educaci\u00f3n:<\/p>\n<ul>\n<li>Desigualdad de oportunidades educativas<\/li>\n<li>Movilidad educativa<\/li>\n<li>Educaci\u00f3n superior<\/li>\n<li>Relaci\u00f3n educaci\u00f3n-trabajo<\/li>\n<\/ul>\n<p><strong>Miembros que pertenecen al Departamento:<\/strong><\/p>\n<ul>\n<li>Fachelli, Sandra (Coordinadora)<\/li>\n<li>Cascales Mira, Mar\u00eda<\/li>\n<li>Cruz Z\u00fa\u00f1iga, Pilar Guadalupe<\/li>\n<li>Rodr\u00edguez Rojo, Jes\u00fas<\/li>\n<\/ul>\n<p>Puede encontrar m\u00e1s informaci\u00f3n en los siguientes enlaces:<\/p>\n<p><a href=\"https:\/\/investiga.upo.es\/investigadores\/158663\/detalle\">https:\/\/investiga.upo.es\/investigadores\/158663\/detalle<\/a><\/p>\n<p><a href=\"https:\/\/investiga.upo.es\/grupos\/197636\/detalle\">https:\/\/investiga.upo.es\/grupos\/197636\/detalle<\/a><\/p>\n<hr \/>\n<p>&nbsp;<\/p>\n","protected":false},"excerpt":{"rendered":"<p>Son siete los grupos actualmente vinculados al Departamento<\/p>\n<p>GRUPO DE AN\u00c1LISIS SOCIOL\u00d3GICO SOBRE TENDENCIAS SOCIALES (SEJ-474)<\/p>\n<p>L\u00edneas de trabajo:<\/p>\n<ul>\n<li>Contextos de Cambio Social: Deporte, Educaci\u00f3n, Familia, Infancia, Salud.<\/li>\n<\/ul>\n<ul>\n<li>Cambio de Valores y Sociolog\u00eda Cultural.<\/li>\n<\/ul>\n<ul>\n<li>Pol\u00edticas P\u00fablicas y Protecci\u00f3n Social.<\/li>\n<\/ul>\n<p>Miembros que pertenecen al Departamento:<\/p>\n<ul>\n<li>Camarero Rioja, Mercedes (responsable)<\/li>\n<li>G\u00f3mez Espino, Juan Miguel<\/li>\n<li>L\u00f3pez Mench\u00f3n,<\/li>\n<\/ul>\n<p>  [&#8230;]<\/p>\n","protected":false},"author":1,"featured_media":0,"parent":31,"menu_order":0,"comment_status":"closed","ping_status":"closed","template":"","meta":[],"_links":{"self":[{"href":"https:\/\/www.upo.es\/sociologia\/wp-json\/wp\/v2\/pages\/62"}],"collection":[{"href":"https:\/\/www.upo.es\/sociologia\/wp-json\/wp\/v2\/pages"}],"about":[{"href":"https:\/\/www.upo.es\/sociologia\/wp-json\/wp\/v2\/types\/page"}],"author":[{"embeddable":true,"href":"https:\/\/www.upo.es\/sociologia\/wp-json\/wp\/v2\/users\/1"}],"replies":[{"embeddable":true,"href":"https:\/\/www.upo.es\/sociologia\/wp-json\/wp\/v2\/comments?post=62"}],"version-history":[{"count":43,"href":"https:\/\/www.upo.es\/sociologia\/wp-json\/wp\/v2\/pages\/62\/revisions"}],"predecessor-version":[{"id":3728,"href":"https:\/\/www.upo.es\/sociologia\/wp-json\/wp\/v2\/pages\/62\/revisions\/3728"}],"up":[{"embeddable":true,"href":"https:\/\/www.upo.es\/sociologia\/wp-json\/wp\/v2\/pages\/31"}],"wp:attachment":[{"href":"https:\/\/www.upo.es\/sociologia\/wp-json\/wp\/v2\/media?parent=62"}],"curies":[{"name":"wp","href":"https:\/\/api.w.org\/{rel}","templated":true}]}}